000
CDUS41 KALY 092054
CLIGFL


CLIMATE REPORT
NATIONAL WEATHER SERVICE ALBANY NY
453 PM EDT SUN APR 9 2017


...................................

...THE GLENS FALLS NY CLIMATE SUMMARY FOR APRIL 9 2017...
VALID TODAY AS OF 0400 PM LOCAL TIME.

CLIMATE NORMAL PERIOD 1981 TO 2010
CLIMATE RECORD PERIOD 1949 TO 2017


WEATHER ITEM   OBSERVED TIME   RECORD YEAR NORMAL DEPARTURE LAST
                VALUE   (LST)  VALUE       VALUE  FROM      YEAR
                                                  NORMAL
..................................................................
TEMPERATURE (F)
 TODAY
  MAXIMUM         68    340 PM  75    1991  54     14       45
  MINIMUM         25    521 AM  17    1997  30     -5       26
  AVERAGE         47                        42      5       36

PRECIPITATION (IN)
  TODAY            0.00          0.94 1974   0.11  -0.11     0.00
  MONTH TO DATE    2.23                      0.87   1.36     0.56
  SINCE MAR 1      4.77                      3.81   0.96     2.84
  SINCE JAN 1      9.46                      8.75   0.71     7.63

DEGREE DAYS
 HEATING
  TODAY           18                        23     -5       29
  MONTH TO DATE  199                       223    -24      263
  SINCE MAR 1   1267                      1266      1     1077
  SINCE JUL 1   5789                      6886  -1097     5257

 COOLING
  TODAY            0                         0      0        0
  MONTH TO DATE    0                         0      0        0
  SINCE MAR 1      0                         0      0        0
  SINCE JAN 1      0                         0      0        0
..................................................................


WIND (MPH)
  HIGHEST WIND SPEED    15   HIGHEST WIND DIRECTION    SE (140)
  HIGHEST GUST SPEED    20   HIGHEST GUST DIRECTION    SE (140)
  AVERAGE WIND SPEED     4.5


SKY COVER
  AVERAGE SKY COVER 0.0



RELATIVE HUMIDITY (PERCENT)
 HIGHEST    85           300 AM
 LOWEST     28           300 PM
 AVERAGE    57

..........................................................


THE GLENS FALLS NY CLIMATE NORMALS FOR TOMORROW
                         NORMAL    RECORD    YEAR
 MAXIMUM TEMPERATURE (F)   54        71      1955
 MINIMUM TEMPERATURE (F)   31        15      1985


SUNRISE AND SUNSET
APRIL  9 2017.........SUNRISE   622 AM EDT   SUNSET   731 PM EDT
APRIL 10 2017.........SUNRISE   620 AM EDT   SUNSET   732 PM EDT


-  INDICATES NEGATIVE NUMBERS.
R  INDICATES RECORD WAS SET OR TIED.
MM INDICATES DATA IS MISSING.
T  INDICATES TRACE AMOUNT.




$$
