000
CDUS41 KALY 150648
CLIGFL


CLIMATE REPORT
NATIONAL WEATHER SERVICE ALBANY NY
244 AM EDT FRI JUL 15 2016


...................................

...THE GLENS FALLS NY CLIMATE SUMMARY FOR JULY 14 2016...

CLIMATE NORMAL PERIOD 1981 TO 2010
CLIMATE RECORD PERIOD 1949 TO 2016


WEATHER ITEM   OBSERVED TIME   RECORD YEAR NORMAL DEPARTURE LAST
                VALUE   (LST)  VALUE       VALUE  FROM      YEAR
                                                  NORMAL
..................................................................
TEMPERATURE (F)
 YESTERDAY
  MAXIMUM         86   1234 PM  98    1995  81      5       83
  MINIMUM         70   1159 PM  44    2007  57     13       61
  AVERAGE         78                        69      9       72

PRECIPITATION (IN)
  YESTERDAY        0.12          0.75 1973   0.13  -0.01     0.00
  MONTH TO DATE    2.95                      1.79   1.16     0.56
  SINCE JUN 1      6.06                      5.34   0.72     6.78
  SINCE JAN 1     17.68                     19.83  -2.15    14.09

DEGREE DAYS
 HEATING
  YESTERDAY        0                         1     -1        0
  MONTH TO DATE    0                        14    -14        6
  SINCE JUN 1     44                       104    -60       85
  SINCE JUL 1      0                        14    -14        6

 COOLING
  YESTERDAY       13                         5      8        7
  MONTH TO DATE   84                        62     22       66
  SINCE JUN 1    187                       131     56      132
  SINCE JAN 1    243                       143    100      208
..................................................................


WIND (MPH)
  HIGHEST WIND SPEED    23   HIGHEST WIND DIRECTION     W (280)
  HIGHEST GUST SPEED    32   HIGHEST GUST DIRECTION     W (270)
  AVERAGE WIND SPEED     6.5


SKY COVER
  AVERAGE SKY COVER 0.6



RELATIVE HUMIDITY (PERCENT)
 HIGHEST    93           900 PM
 LOWEST     69          1100 AM
 AVERAGE    81

..........................................................


THE GLENS FALLS NY CLIMATE NORMALS FOR TODAY
                         NORMAL    RECORD    YEAR
 MAXIMUM TEMPERATURE (F)   81        94      1983
 MINIMUM TEMPERATURE (F)   57        45      2009


SUNRISE AND SUNSET
JULY 15 2016..........SUNRISE   528 AM EDT   SUNSET   832 PM EDT
JULY 16 2016..........SUNRISE   529 AM EDT   SUNSET   832 PM EDT


-  INDICATES NEGATIVE NUMBERS.
R  INDICATES RECORD WAS SET OR TIED.
MM INDICATES DATA IS MISSING.
T  INDICATES TRACE AMOUNT.




$$
