000
CDUS41 KALY 190623
CLIGFL


CLIMATE REPORT
NATIONAL WEATHER SERVICE ALBANY NY
223 AM EDT SUN MAR 19 2017


...................................

...THE GLENS FALLS NY CLIMATE SUMMARY FOR MARCH 18 2017...

CLIMATE NORMAL PERIOD 1981 TO 2010
CLIMATE RECORD PERIOD 1949 TO 2017


WEATHER ITEM   OBSERVED TIME   RECORD YEAR NORMAL DEPARTURE LAST
                VALUE   (LST)  VALUE       VALUE  FROM      YEAR
                                                  NORMAL
..................................................................
TEMPERATURE (F)
 YESTERDAY
  MAXIMUM         43    404 PM  71    2012  43      0       45
  MINIMUM          3    617 AM -11    1976  21    -18       28
  AVERAGE         23                        32     -9       37

PRECIPITATION (IN)
  YESTERDAY        0.00          0.84 1977   0.10  -0.10      T
  MONTH TO DATE    0.66                      1.68  -1.02     1.42
  SINCE MAR 1      0.66                      1.68  -1.02     1.42
  SINCE JAN 1      5.35                      6.62  -1.27     6.21

DEGREE DAYS
 HEATING
  YESTERDAY       42                        33      9       28
  MONTH TO DATE  649                       655     -6      492
  SINCE MAR 1    649                       655     -6      492
  SINCE JUL 1   5171                      6275  -1104     4672

 COOLING
  YESTERDAY        0                         0      0        0
  MONTH TO DATE    0                         0      0        0
  SINCE MAR 1      0                         0      0        0
  SINCE JAN 1      0                         0      0        0
..................................................................


WIND (MPH)
  HIGHEST WIND SPEED    10   HIGHEST WIND DIRECTION     N (10)
  HIGHEST GUST SPEED    12   HIGHEST GUST DIRECTION     E (70)
  AVERAGE WIND SPEED     3.2


SKY COVER
  AVERAGE SKY COVER 0.1



RELATIVE HUMIDITY (PERCENT)
 HIGHEST    83           500 AM
 LOWEST     23           300 PM
 AVERAGE    53

..........................................................


THE GLENS FALLS NY CLIMATE NORMALS FOR TODAY
                         NORMAL    RECORD    YEAR
 MAXIMUM TEMPERATURE (F)   43        76      2012
 MINIMUM TEMPERATURE (F)   22       -15      1967


SUNRISE AND SUNSET
MARCH 19 2017.........SUNRISE   659 AM EDT   SUNSET   706 PM EDT
MARCH 20 2017.........SUNRISE   657 AM EDT   SUNSET   707 PM EDT


-  INDICATES NEGATIVE NUMBERS.
R  INDICATES RECORD WAS SET OR TIED.
MM INDICATES DATA IS MISSING.
T  INDICATES TRACE AMOUNT.




$$
