000
CDUS41 KALY 250623
CLIGFL


CLIMATE REPORT
NATIONAL WEATHER SERVICE ALBANY NY
223 AM EDT MON APR 25 2016


...................................

...THE GLENS FALLS NY CLIMATE SUMMARY FOR APRIL 24 2016...

CLIMATE NORMAL PERIOD 1981 TO 2010
CLIMATE RECORD PERIOD 1949 TO 2016


WEATHER ITEM   OBSERVED TIME   RECORD YEAR NORMAL DEPARTURE LAST
                VALUE   (LST)  VALUE       VALUE  FROM      YEAR
                                                  NORMAL
..................................................................
TEMPERATURE (F)
 YESTERDAY
  MAXIMUM         54    453 PM  82    2001  61     -7       42
  MINIMUM         32    444 AM  26    2002  36     -4       34
  AVERAGE         43                        48     -5       38

PRECIPITATION (IN)
  YESTERDAY        0.00          2.66 1968   0.10  -0.10     0.00
  MONTH TO DATE    1.15                      2.35  -1.20     1.96
  SINCE MAR 1      3.43                      5.29  -1.86     2.64
  SINCE JAN 1      8.22                     10.23  -2.01     4.69

DEGREE DAYS
 HEATING
  YESTERDAY       22                        17      5       27
  MONTH TO DATE  518                       518      0      511
  SINCE MAR 1   1332                      1561   -229     1693
  SINCE JUL 1   5512                      7181  -1669     7374

 COOLING
  YESTERDAY        0                         0      0        0
  MONTH TO DATE    0                         0      0        0
  SINCE MAR 1      0                         0      0        0
  SINCE JAN 1      0                         0      0        0
..................................................................


WIND (MPH)
  HIGHEST WIND SPEED    18   HIGHEST WIND DIRECTION     E (80)
  HIGHEST GUST SPEED    24   HIGHEST GUST DIRECTION     E (90)
  AVERAGE WIND SPEED     6.7


SKY COVER
  AVERAGE SKY COVER 0.2



RELATIVE HUMIDITY (PERCENT)
 HIGHEST    63           400 AM
 LOWEST     18           400 PM
 AVERAGE    41

..........................................................


THE GLENS FALLS NY CLIMATE NORMALS FOR TODAY
                         NORMAL    RECORD    YEAR
 MAXIMUM TEMPERATURE (F)   61        89      2009
 MINIMUM TEMPERATURE (F)   36        23      2003


SUNRISE AND SUNSET
APRIL 25 2016.........SUNRISE   556 AM EDT   SUNSET   750 PM EDT
APRIL 26 2016.........SUNRISE   554 AM EDT   SUNSET   751 PM EDT


-  INDICATES NEGATIVE NUMBERS.
R  INDICATES RECORD WAS SET OR TIED.
MM INDICATES DATA IS MISSING.
T  INDICATES TRACE AMOUNT.




$$
