000
CDUS41 KALY 270623
CLIGFL


CLIMATE REPORT
NATIONAL WEATHER SERVICE ALBANY NY
122 AM EST SUN NOV 27 2016


...................................

...THE GLENS FALLS NY CLIMATE SUMMARY FOR NOVEMBER 26 2016...

CLIMATE NORMAL PERIOD 1981 TO 2010
CLIMATE RECORD PERIOD 1949 TO 2016


WEATHER ITEM   OBSERVED TIME   RECORD YEAR NORMAL DEPARTURE LAST
                VALUE   (LST)  VALUE       VALUE  FROM      YEAR
                                                  NORMAL
..................................................................
TEMPERATURE (F)
 YESTERDAY
  MAXIMUM         44    213 PM  64    1979  42      2       51
  MINIMUM         32    627 PM   7    2005  24      8       24
  AVERAGE         38                        33      5       38

PRECIPITATION (IN)
  YESTERDAY        0.03          1.66 1986   0.11  -0.08     0.00
  MONTH TO DATE    2.37                      2.87  -0.50     1.01
  SINCE SEP 1      6.52                      9.76  -3.24     9.41
  SINCE JAN 1     27.68                     35.57  -7.89    26.93

DEGREE DAYS
 HEATING
  YESTERDAY       27                        32     -5       27
  MONTH TO DATE  635                       711    -76      552
  SINCE SEP 1   1197                      1500   -303     1172
  SINCE JUL 1   1203                      1566   -363     1185

 COOLING
  YESTERDAY        0                         0      0        0
  MONTH TO DATE    0                         0      0        0
  SINCE SEP 1     58                        25     33       97
  SINCE JAN 1    643                       352    291      596
..................................................................


WIND (MPH)
  HIGHEST WIND SPEED    10   HIGHEST WIND DIRECTION     N (350)
  HIGHEST GUST SPEED    13   HIGHEST GUST DIRECTION     N (350)
  AVERAGE WIND SPEED     0.8


SKY COVER
  AVERAGE SKY COVER 1.0



RELATIVE HUMIDITY (PERCENT)
 HIGHEST   100           900 AM
 LOWEST     82          1200 PM
 AVERAGE    91

..........................................................


THE GLENS FALLS NY CLIMATE NORMALS FOR TODAY
                         NORMAL    RECORD    YEAR
 MAXIMUM TEMPERATURE (F)   42        61      2015
                                             1976
 MINIMUM TEMPERATURE (F)   24         3      1957


SUNRISE AND SUNSET
NOVEMBER 27 2016......SUNRISE   703 AM EST   SUNSET   421 PM EST
NOVEMBER 28 2016......SUNRISE   704 AM EST   SUNSET   421 PM EST


-  INDICATES NEGATIVE NUMBERS.
R  INDICATES RECORD WAS SET OR TIED.
MM INDICATES DATA IS MISSING.
T  INDICATES TRACE AMOUNT.




$$
