000
CDUS41 KALY 202052
CLIGFL


CLIMATE REPORT
NATIONAL WEATHER SERVICE ALBANY NY
451 PM EDT MON JUL 20 2015


...................................

...THE GLENS FALLS NY CLIMATE SUMMARY FOR JULY 20 2015...
VALID TODAY AS OF 0400 PM LOCAL TIME.

CLIMATE NORMAL PERIOD 1981 TO 2010
CLIMATE RECORD PERIOD 1949 TO 2015


WEATHER ITEM   OBSERVED TIME   RECORD YEAR NORMAL DEPARTURE LAST
                VALUE   (LST)  VALUE       VALUE  FROM      YEAR
                                                  NORMAL
..................................................................
TEMPERATURE (F)
 TODAY
  MAXIMUM         88    332 PM  94    1991  81      7       79
  MINIMUM         67    517 AM  45    1965  57     10       58
  AVERAGE         78                        69      9       69

PRECIPITATION (IN)
  TODAY            0.00          0.66 1953   0.13  -0.13     0.00
  MONTH TO DATE    0.77                      2.58  -1.81     3.69
  SINCE JUN 1      6.99                      6.13   0.86     8.09
  SINCE JAN 1     14.30                     20.62  -6.32    21.20

DEGREE DAYS
 HEATING
  TODAY            0                         1     -1        0
  MONTH TO DATE   11                        20     -9        1
  SINCE JUN 1     90                       110    -20       33
  SINCE JUL 1     11                        20     -9        1

 COOLING
  TODAY           13                         5      8        4
  MONTH TO DATE  101                        92      9      114
  SINCE JUN 1    167                       161      6      188
  SINCE JAN 1    243                       173     70      208
..................................................................


WIND (MPH)
  HIGHEST WIND SPEED    15   HIGHEST WIND DIRECTION     W (290)
  HIGHEST GUST SPEED    22   HIGHEST GUST DIRECTION    NW (310)
  AVERAGE WIND SPEED    MM


SKY COVER
  AVERAGE SKY COVER  MM



RELATIVE HUMIDITY (PERCENT)
 HIGHEST    MM
 LOWEST     MM
 AVERAGE    MM

..........................................................


THE GLENS FALLS NY CLIMATE NORMALS FOR TOMORROW
                         NORMAL    RECORD    YEAR
 MAXIMUM TEMPERATURE (F)   81        96      2011
 MINIMUM TEMPERATURE (F)   57        40      1966


SUNRISE AND SUNSET
JULY 20 2015..........SUNRISE   532 AM EDT   SUNSET   829 PM EDT
JULY 21 2015..........SUNRISE   533 AM EDT   SUNSET   828 PM EDT


-  INDICATES NEGATIVE NUMBERS.
R  INDICATES RECORD WAS SET OR TIED.
MM INDICATES DATA IS MISSING.
T  INDICATES TRACE AMOUNT.




$$
