000
CDUS41 KALY 060621
CLIGFL


CLIMATE REPORT
NATIONAL WEATHER SERVICE ALBANY NY
221 AM EDT THU JUL 6 2017


...................................

...THE GLENS FALLS NY CLIMATE SUMMARY FOR JULY 5 2017...

CLIMATE NORMAL PERIOD 1981 TO 2010
CLIMATE RECORD PERIOD 1949 TO 2017


WEATHER ITEM   OBSERVED TIME   RECORD YEAR NORMAL DEPARTURE LAST
                VALUE   (LST)  VALUE       VALUE  FROM      YEAR
                                                  NORMAL
..................................................................
TEMPERATURE (F)
 YESTERDAY
  MAXIMUM         82    335 PM  94    1999  81      1       89
  MINIMUM         53    453 AM  44    1982  56     -3       60
  AVERAGE         68                        68      0       75

PRECIPITATION (IN)
  YESTERDAY        0.00          0.88 1950   0.13  -0.13     0.00
  MONTH TO DATE    3.30                      0.62   2.68     0.64
  SINCE JUN 1      7.04                      4.17   2.87     3.75
  SINCE JAN 1     23.38                     18.66   4.72    15.37

DEGREE DAYS
 HEATING
  YESTERDAY        0                         1     -1        0
  MONTH TO DATE    0                         5     -5        0
  SINCE JUN 1     93                        95     -2       44
  SINCE JUL 1      0                         5     -5        0

 COOLING
  YESTERDAY        3                         4     -1       10
  MONTH TO DATE   22                        20      2       16
  SINCE JUN 1    110                        89     21      119
  SINCE JAN 1    131                       101     30      175
..................................................................


WIND (MPH)
  HIGHEST WIND SPEED    13   HIGHEST WIND DIRECTION     S (190)
  HIGHEST GUST SPEED    17   HIGHEST GUST DIRECTION     S (190)
  AVERAGE WIND SPEED     2.8


SKY COVER
  AVERAGE SKY COVER 0.0



RELATIVE HUMIDITY (PERCENT)
 HIGHEST   100           300 AM
 LOWEST     36           100 PM
 AVERAGE    68

..........................................................


THE GLENS FALLS NY CLIMATE NORMALS FOR TODAY
                         NORMAL    RECORD    YEAR
 MAXIMUM TEMPERATURE (F)   81        94      2010
 MINIMUM TEMPERATURE (F)   56        43      1979


SUNRISE AND SUNSET
JULY  6 2017..........SUNRISE   521 AM EDT   SUNSET   837 PM EDT
JULY  7 2017..........SUNRISE   522 AM EDT   SUNSET   837 PM EDT


-  INDICATES NEGATIVE NUMBERS.
R  INDICATES RECORD WAS SET OR TIED.
MM INDICATES DATA IS MISSING.
T  INDICATES TRACE AMOUNT.




$$
