134
CDUS41 KALY 130630
CLIGFL


CLIMATE REPORT
NATIONAL WEATHER SERVICE ALBANY NY
130 AM EST FRI JAN 13 2017


...................................

...THE GLENS FALLS NY CLIMATE SUMMARY FOR JANUARY 12 2017...

CLIMATE NORMAL PERIOD 1981 TO 2010
CLIMATE RECORD PERIOD 1949 TO 2017


WEATHER ITEM   OBSERVED TIME   RECORD YEAR NORMAL DEPARTURE LAST
                VALUE   (LST)  VALUE       VALUE  FROM      YEAR
                                                  NORMAL
..................................................................
TEMPERATURE (F)
 YESTERDAY
  MAXIMUM         53R  1024 PM  53    1980  28     25       27
  MINIMUM         39   1200 AM -33    1968   7     32       16
  AVERAGE         46                        18     28       22

PRECIPITATION (IN)
  YESTERDAY        0.17          1.26 1996   0.09   0.08     0.15
  MONTH TO DATE    0.84                      1.08  -0.24     0.93
  SINCE DEC 1      3.71                      4.13  -0.42     4.98
  SINCE JAN 1      0.84                      1.08  -0.24     0.93

DEGREE DAYS
 HEATING
  YESTERDAY       19                        47    -28       43
  MONTH TO DATE  467                       558    -91      456
  SINCE DEC 1   1612                      1798   -186     1279
  SINCE JUL 1   2928                      3496   -568     2570

 COOLING
  YESTERDAY        0                         0      0        0
  MONTH TO DATE    0                         0      0        0
  SINCE DEC 1      0                         0      0        0
  SINCE JAN 1      0                         0      0        0
..................................................................


WIND (MPH)
  HIGHEST WIND SPEED    16   HIGHEST WIND DIRECTION    SW (230)
  HIGHEST GUST SPEED    29   HIGHEST GUST DIRECTION     W (250)
  AVERAGE WIND SPEED     7.7


SKY COVER
  AVERAGE SKY COVER 1.0



RELATIVE HUMIDITY (PERCENT)
 HIGHEST    89           600 AM
 LOWEST     76          1200 AM
 AVERAGE    83

..........................................................


THE GLENS FALLS NY CLIMATE NORMALS FOR TODAY
                         NORMAL    RECORD    YEAR
 MAXIMUM TEMPERATURE (F)   28        53      2005
 MINIMUM TEMPERATURE (F)    7       -27      1981


SUNRISE AND SUNSET
JANUARY 13 2017.......SUNRISE   725 AM EST   SUNSET   442 PM EST
JANUARY 14 2017.......SUNRISE   724 AM EST   SUNSET   443 PM EST


-  INDICATES NEGATIVE NUMBERS.
R  INDICATES RECORD WAS SET OR TIED.
MM INDICATES DATA IS MISSING.
T  INDICATES TRACE AMOUNT.




$$
