000
CDUS41 KALY 150622
CLIGFL


CLIMATE REPORT
NATIONAL WEATHER SERVICE ALBANY NY
222 AM EDT TUE JUL 15 2014


...................................

...THE GLENS FALLS NY CLIMATE SUMMARY FOR JULY 14 2014...

CLIMATE NORMAL PERIOD 1981 TO 2010
CLIMATE RECORD PERIOD 1949 TO 2014


WEATHER ITEM   OBSERVED TIME   RECORD YEAR NORMAL DEPARTURE LAST
                VALUE   (LST)  VALUE       VALUE  FROM      YEAR
                                                  NORMAL
..................................................................
TEMPERATURE (F)
 YESTERDAY
  MAXIMUM         85    203 PM  98    1995  81      4       85
  MINIMUM         66    114 AM  44    2007  57      9       69
  AVERAGE         76                        69      7       77

PRECIPITATION (IN)
  YESTERDAY        0.00          0.75 1973   0.13  -0.13     0.00
  MONTH TO DATE    3.54                      1.79   1.75     2.21
  SINCE JUN 1      7.94                      5.34   2.60     7.90
  SINCE JAN 1     21.05                     19.83   1.22    19.83

DEGREE DAYS
 HEATING
  YESTERDAY        0                         1     -1        0
  MONTH TO DATE    0                        14    -14        0
  SINCE JUN 1     32                       104    -72       89
  SINCE JUL 1      0                        14    -14        0

 COOLING
  YESTERDAY       11                         5      6       12
  MONTH TO DATE   98                        62     36      143
  SINCE JUN 1    172                       131     41      243
  SINCE JAN 1    192                       143     49      276
..................................................................


WIND (MPH)
  HIGHEST WIND SPEED    17   HIGHEST WIND DIRECTION     S (160)
  HIGHEST GUST SPEED    21   HIGHEST GUST DIRECTION     S (160)
  AVERAGE WIND SPEED     5.2


SKY COVER
  AVERAGE SKY COVER 0.5



RELATIVE HUMIDITY (PERCENT)
 HIGHEST   100          1200 AM
 LOWEST     55           100 PM
 AVERAGE    78

..........................................................


THE GLENS FALLS NY CLIMATE NORMALS FOR TODAY
                         NORMAL    RECORD    YEAR
 MAXIMUM TEMPERATURE (F)   81        94      1983
 MINIMUM TEMPERATURE (F)   57        45      2009


SUNRISE AND SUNSET
JULY 15 2014..........SUNRISE   528 AM EDT   SUNSET   833 PM EDT
JULY 16 2014..........SUNRISE   529 AM EDT   SUNSET   832 PM EDT


-  INDICATES NEGATIVE NUMBERS.
R  INDICATES RECORD WAS SET OR TIED.
MM INDICATES DATA IS MISSING.
T  INDICATES TRACE AMOUNT.




$$
