000
CDUS41 KALY 150624
CLIGFL


CLIMATE REPORT
NATIONAL WEATHER SERVICE ALBANY NY
223 AM EDT FRI SEP 15 2017


...................................

...THE GLENS FALLS NY CLIMATE SUMMARY FOR SEPTEMBER 14 2017...

CLIMATE NORMAL PERIOD 1981 TO 2010
CLIMATE RECORD PERIOD 1949 TO 2017


WEATHER ITEM   OBSERVED TIME   RECORD YEAR NORMAL DEPARTURE LAST
                VALUE   (LST)  VALUE       VALUE  FROM      YEAR
                                                  NORMAL
..................................................................
TEMPERATURE (F)
 YESTERDAY
  MAXIMUM         78    308 PM  86    2005  71      7       76
  MINIMUM         64    444 AM  34    1978  47     17       50
  AVERAGE         71                        59     12       63

PRECIPITATION (IN)
  YESTERDAY        T             1.33 1951   0.11  -0.11     0.00
  MONTH TO DATE    2.13                      1.47   0.66     0.62
  SINCE SEP 1      2.13                      1.47   0.66     0.62
  SINCE JAN 1     29.26                     27.28   1.98    21.78

DEGREE DAYS
 HEATING
  YESTERDAY        0                         6     -6        2
  MONTH TO DATE   90                        65     25       14
  SINCE SEP 1     90                        65     25       14
  SINCE JUL 1    157                       131     26       20

 COOLING
  YESTERDAY        6                         1      5        0
  MONTH TO DATE    8                        19    -11       43
  SINCE SEP 1      8                        19    -11       43
  SINCE JAN 1    322                       346    -24      628
..................................................................


WIND (MPH)
  HIGHEST WIND SPEED    13   HIGHEST WIND DIRECTION     S (160)
  HIGHEST GUST SPEED    16   HIGHEST GUST DIRECTION     S (160)
  AVERAGE WIND SPEED     2.3


SKY COVER
  AVERAGE SKY COVER 0.9



RELATIVE HUMIDITY (PERCENT)
 HIGHEST   100           600 AM
 LOWEST     69           300 PM
 AVERAGE    85

..........................................................


THE GLENS FALLS NY CLIMATE NORMALS FOR TODAY
                         NORMAL    RECORD    YEAR
 MAXIMUM TEMPERATURE (F)   71        84      1993
 MINIMUM TEMPERATURE (F)   47        32      2001


SUNRISE AND SUNSET
SEPTEMBER 15 2017.....SUNRISE   634 AM EDT   SUNSET   704 PM EDT
SEPTEMBER 16 2017.....SUNRISE   635 AM EDT   SUNSET   702 PM EDT


-  INDICATES NEGATIVE NUMBERS.
R  INDICATES RECORD WAS SET OR TIED.
MM INDICATES DATA IS MISSING.
T  INDICATES TRACE AMOUNT.




$$
