605
CDUS41 KALY 200623
CLIGFL


CLIMATE REPORT
NATIONAL WEATHER SERVICE ALBANY NY
223 AM EDT FRI MAY 20 2016


...................................

...THE GLENS FALLS NY CLIMATE SUMMARY FOR MAY 19 2016...

CLIMATE NORMAL PERIOD 1981 TO 2010
CLIMATE RECORD PERIOD 1949 TO 2016


WEATHER ITEM   OBSERVED TIME   RECORD YEAR NORMAL DEPARTURE LAST
                VALUE   (LST)  VALUE       VALUE  FROM      YEAR
                                                  NORMAL
..................................................................
TEMPERATURE (F)
 YESTERDAY
  MAXIMUM         68    220 PM  88    1989  69     -1       77
  MINIMUM         47   1159 PM  28    2002  44      3       55
  AVERAGE         58                        56      2       66

PRECIPITATION (IN)
  YESTERDAY        T             1.52 1966   0.12  -0.12     0.35
  MONTH TO DATE    2.03                      2.20  -0.17     1.27
  SINCE MAR 1      5.77                      8.14  -2.37     3.92
  SINCE JAN 1     10.56                     13.08  -2.52     5.97

DEGREE DAYS
 HEATING
  YESTERDAY        7                         9     -2        0
  MONTH TO DATE  234                       223     11       73
  SINCE MAR 1   1681                      1879   -198     1855
  SINCE JUL 1   5861                      7499  -1638     7536

 COOLING
  YESTERDAY        0                         0      0        1
  MONTH TO DATE    0                         0      0       38
  SINCE MAR 1      0                         1     -1       38
  SINCE JAN 1      0                         1     -1       38
..................................................................


WIND (MPH)
  HIGHEST WIND SPEED    18   HIGHEST WIND DIRECTION     N (350)
  HIGHEST GUST SPEED    23   HIGHEST GUST DIRECTION     N (350)
  AVERAGE WIND SPEED     4.9


SKY COVER
  AVERAGE SKY COVER 0.8



RELATIVE HUMIDITY (PERCENT)
 HIGHEST    80           400 AM
 LOWEST     34           300 PM
 AVERAGE    57

..........................................................


THE GLENS FALLS NY CLIMATE NORMALS FOR TODAY
                         NORMAL    RECORD    YEAR
 MAXIMUM TEMPERATURE (F)   69        90      1975
 MINIMUM TEMPERATURE (F)   44        27      2002


SUNRISE AND SUNSET
MAY 20 2016...........SUNRISE   525 AM EDT   SUNSET   818 PM EDT
MAY 21 2016...........SUNRISE   524 AM EDT   SUNSET   819 PM EDT


-  INDICATES NEGATIVE NUMBERS.
R  INDICATES RECORD WAS SET OR TIED.
MM INDICATES DATA IS MISSING.
T  INDICATES TRACE AMOUNT.




$$
