000
CDUS41 KALY 190626
CLIGFL


CLIMATE REPORT
NATIONAL WEATHER SERVICE ALBANY NY
125 AM EST SAT NOV 19 2016


...................................

...THE GLENS FALLS NY CLIMATE SUMMARY FOR NOVEMBER 18 2016...

CLIMATE NORMAL PERIOD 1981 TO 2010
CLIMATE RECORD PERIOD 1949 TO 2016


WEATHER ITEM   OBSERVED TIME   RECORD YEAR NORMAL DEPARTURE LAST
                VALUE   (LST)  VALUE       VALUE  FROM      YEAR
                                                  NORMAL
..................................................................
TEMPERATURE (F)
 YESTERDAY
  MAXIMUM         57    307 PM  64    1953  46     11       52
  MINIMUM         30    708 AM  14    1997  27      3       19
  AVERAGE         44                        36      8       36

PRECIPITATION (IN)
  YESTERDAY        0.00          1.27 1968   0.12  -0.12     0.00
  MONTH TO DATE    1.67                      1.97  -0.30     0.36
  SINCE SEP 1      5.82                      8.86  -3.04     8.76
  SINCE JAN 1     26.98                     34.67  -7.69    26.28

DEGREE DAYS
 HEATING
  YESTERDAY       21                        29     -8       29
  MONTH TO DATE  407                       467    -60      336
  SINCE SEP 1    969                      1256   -287      956
  SINCE JUL 1    975                      1322   -347      969

 COOLING
  YESTERDAY        0                         0      0        0
  MONTH TO DATE    0                         0      0        0
  SINCE SEP 1     58                        25     33       97
  SINCE JAN 1    643                       352    291      596
..................................................................


WIND (MPH)
  HIGHEST WIND SPEED     9   HIGHEST WIND DIRECTION     N (350)
  HIGHEST GUST SPEED    11   HIGHEST GUST DIRECTION     N (340)
  AVERAGE WIND SPEED     1.2


SKY COVER
  AVERAGE SKY COVER 0.2



RELATIVE HUMIDITY (PERCENT)
 HIGHEST    92           600 AM
 LOWEST     55           200 PM
 AVERAGE    74

..........................................................


THE GLENS FALLS NY CLIMATE NORMALS FOR TODAY
                         NORMAL    RECORD    YEAR
 MAXIMUM TEMPERATURE (F)   45        62      1985
 MINIMUM TEMPERATURE (F)   27         6      1997


SUNRISE AND SUNSET
NOVEMBER 19 2016......SUNRISE   653 AM EST   SUNSET   426 PM EST
NOVEMBER 20 2016......SUNRISE   655 AM EST   SUNSET   425 PM EST


-  INDICATES NEGATIVE NUMBERS.
R  INDICATES RECORD WAS SET OR TIED.
MM INDICATES DATA IS MISSING.
T  INDICATES TRACE AMOUNT.




$$
