000
CDUS41 KALY 170624
CLIGFL


CLIMATE REPORT
NATIONAL WEATHER SERVICE ALBANY NY
222 AM EDT SAT JUN 17 2017


...................................

...THE GLENS FALLS NY CLIMATE SUMMARY FOR JUNE 16 2017...

CLIMATE NORMAL PERIOD 1981 TO 2010
CLIMATE RECORD PERIOD 1949 TO 2017


WEATHER ITEM   OBSERVED TIME   RECORD YEAR NORMAL DEPARTURE LAST
                VALUE   (LST)  VALUE       VALUE  FROM      YEAR
                                                  NORMAL
..................................................................
TEMPERATURE (F)
 YESTERDAY
  MAXIMUM         65   1219 AM  94    1981  77    -12       84
  MINIMUM         58   1221 PM  38    1999  52      6       57
  AVERAGE         62                        65     -3       71

PRECIPITATION (IN)
  YESTERDAY        0.53          1.50 1986   0.11   0.42     0.00
  MONTH TO DATE    1.70                      1.89  -0.19     2.16
  SINCE JUN 1      1.70                      1.89  -0.19     2.16
  SINCE JAN 1     18.04                     16.38   1.66    13.78

DEGREE DAYS
 HEATING
  YESTERDAY        3                         3      0        0
  MONTH TO DATE   73                        66      7       39
  SINCE JUN 1     73                        66      7       39
  SINCE JUL 1   6390                      7652  -1262     5922

 COOLING
  YESTERDAY        0                         2     -2        6
  MONTH TO DATE   33                        25      8       34
  SINCE JUN 1     33                        25      8       34
  SINCE JAN 1     54                        37     17       90
..................................................................


WIND (MPH)
  HIGHEST WIND SPEED    16   HIGHEST WIND DIRECTION     S (190)
  HIGHEST GUST SPEED    24   HIGHEST GUST DIRECTION     S (190)
  AVERAGE WIND SPEED     3.0


SKY COVER
  AVERAGE SKY COVER 0.5



RELATIVE HUMIDITY (PERCENT)
 HIGHEST    93          1200 PM
 LOWEST     84           600 PM
 AVERAGE    89

..........................................................


THE GLENS FALLS NY CLIMATE NORMALS FOR TODAY
                         NORMAL    RECORD    YEAR
 MAXIMUM TEMPERATURE (F)   77        93      1994
 MINIMUM TEMPERATURE (F)   53        43      1965


SUNRISE AND SUNSET
JUNE 17 2017..........SUNRISE   514 AM EDT   SUNSET   837 PM EDT
JUNE 18 2017..........SUNRISE   514 AM EDT   SUNSET   838 PM EDT


-  INDICATES NEGATIVE NUMBERS.
R  INDICATES RECORD WAS SET OR TIED.
MM INDICATES DATA IS MISSING.
T  INDICATES TRACE AMOUNT.




$$
