000
CDUS41 KALY 062155
CLIGFL


CLIMATE REPORT
NATIONAL WEATHER SERVICE ALBANY NY
455 PM EST TUE FEB 6 2018


...................................

...THE GLENS FALLS NY CLIMATE SUMMARY FOR FEBRUARY 6 2018...
VALID TODAY AS OF 0400 PM LOCAL TIME.

CLIMATE NORMAL PERIOD 1981 TO 2010
CLIMATE RECORD PERIOD 1949 TO 2018


WEATHER ITEM   OBSERVED TIME   RECORD YEAR NORMAL DEPARTURE LAST
                VALUE   (LST)  VALUE       VALUE  FROM      YEAR
                                                  NORMAL
..................................................................
TEMPERATURE (F)
 TODAY
  MAXIMUM         28    342 PM  50    2012  31     -3       34
  MINIMUM         12    705 AM -20    2015   8      4       20
  AVERAGE         20                        19      1       27

PRECIPITATION (IN)
  TODAY            0.00          0.80 2008   0.08  -0.08     0.00
  MONTH TO DATE    0.76                      0.47   0.29     0.04
  SINCE DEC 1      5.35                      6.38  -1.03     5.09
  SINCE JAN 1      3.03                      3.33  -0.30     2.22

DEGREE DAYS
 HEATING
  TODAY           45                        46     -1       38
  MONTH TO DATE  265                       277    -12      230
  SINCE DEC 1   3083                      2975    108     2483
  SINCE JUL 1   4494                      4673   -179     3799

 COOLING
  TODAY            0                         0      0        0
  MONTH TO DATE    0                         0      0        0
  SINCE DEC 1      0                         0      0        0
  SINCE JAN 1      0                         0      0        0
..................................................................


WIND (MPH)
  HIGHEST WIND SPEED    14   HIGHEST WIND DIRECTION    SW (210)
  HIGHEST GUST SPEED    21   HIGHEST GUST DIRECTION     S (190)
  AVERAGE WIND SPEED     6.4


SKY COVER
  AVERAGE SKY COVER 0.8



RELATIVE HUMIDITY (PERCENT)
 HIGHEST    80          1000 AM
 LOWEST     53           300 PM
 AVERAGE    67

..........................................................


THE GLENS FALLS NY CLIMATE NORMALS FOR TOMORROW
                         NORMAL    RECORD    YEAR
 MAXIMUM TEMPERATURE (F)   31        48      1951
 MINIMUM TEMPERATURE (F)    8       -26      1993


SUNRISE AND SUNSET
FEBRUARY  6 2018......SUNRISE   704 AM EST   SUNSET   513 PM EST
FEBRUARY  7 2018......SUNRISE   703 AM EST   SUNSET   514 PM EST


-  INDICATES NEGATIVE NUMBERS.
R  INDICATES RECORD WAS SET OR TIED.
MM INDICATES DATA IS MISSING.
T  INDICATES TRACE AMOUNT.




$$
