000
CDUS41 KALY 170627
CLIGFL


CLIMATE REPORT
NATIONAL WEATHER SERVICE ALBANY NY
227 AM EDT THU JUL 17 2014


...................................

...THE GLENS FALLS NY CLIMATE SUMMARY FOR JULY 16 2014...

CLIMATE NORMAL PERIOD 1981 TO 2010
CLIMATE RECORD PERIOD 1949 TO 2014


WEATHER ITEM   OBSERVED TIME   RECORD YEAR NORMAL DEPARTURE LAST
                VALUE   (LST)  VALUE       VALUE  FROM      YEAR
                                                  NORMAL
..................................................................
TEMPERATURE (F)
 YESTERDAY
  MAXIMUM         79    347 PM  95    1983  81     -2       90
  MINIMUM         57   1159 PM  43    1966  57      0       65
  AVERAGE         68                        69     -1       78

PRECIPITATION (IN)
  YESTERDAY        0.01          1.00 2003   0.13  -0.12     0.00
  MONTH TO DATE    3.69                      2.04   1.65     2.21
  SINCE JUN 1      8.09                      5.59   2.50     7.90
  SINCE JAN 1     21.20                     20.08   1.12    19.83

DEGREE DAYS
 HEATING
  YESTERDAY        0                         1     -1        0
  MONTH TO DATE    0                        16    -16        0
  SINCE JUN 1     32                       106    -74       89
  SINCE JUL 1      0                        16    -16        0

 COOLING
  YESTERDAY        3                         5     -2       13
  MONTH TO DATE  108                        72     36      171
  SINCE JUN 1    182                       141     41      271
  SINCE JAN 1    202                       153     49      304
..................................................................


WIND (MPH)
  HIGHEST WIND SPEED    15   HIGHEST WIND DIRECTION    NW (300)
  HIGHEST GUST SPEED    23   HIGHEST GUST DIRECTION    SW (230)
  AVERAGE WIND SPEED     4.7


SKY COVER
  AVERAGE SKY COVER 0.4



RELATIVE HUMIDITY (PERCENT)
 HIGHEST   100           100 AM
 LOWEST     37           100 PM
 AVERAGE    69

..........................................................


THE GLENS FALLS NY CLIMATE NORMALS FOR TODAY
                         NORMAL    RECORD    YEAR
 MAXIMUM TEMPERATURE (F)   81        99      1953
 MINIMUM TEMPERATURE (F)   57        46      1954


SUNRISE AND SUNSET
JULY 17 2014..........SUNRISE   530 AM EDT   SUNSET   831 PM EDT
JULY 18 2014..........SUNRISE   530 AM EDT   SUNSET   830 PM EDT


-  INDICATES NEGATIVE NUMBERS.
R  INDICATES RECORD WAS SET OR TIED.
MM INDICATES DATA IS MISSING.
T  INDICATES TRACE AMOUNT.




$$
