000
CDUS41 KALY 212113
CLIGFL


CLIMATE REPORT
NATIONAL WEATHER SERVICE ALBANY NY
513 PM EDT SAT MAR 21 2015


...................................

...THE GLENS FALLS NY CLIMATE SUMMARY FOR MARCH 21 2015...
VALID TODAY AS OF 0400 PM LOCAL TIME.

CLIMATE NORMAL PERIOD 1981 TO 2010
CLIMATE RECORD PERIOD 1949 TO 2015


WEATHER ITEM   OBSERVED TIME   RECORD YEAR NORMAL DEPARTURE LAST
                VALUE   (LST)  VALUE       VALUE  FROM      YEAR
                                                  NORMAL
..................................................................
TEMPERATURE (F)
 TODAY
  MAXIMUM         40    235 PM  78    2012  44     -4       39
  MINIMUM         28    646 AM  -5    2007  22      6       21
  AVERAGE         34                        33      1       30

PRECIPITATION (IN)
  TODAY            T             0.90 1974   0.10  -0.10     0.00
  MONTH TO DATE    0.14                      1.98  -1.84     1.53
  SINCE MAR 1      0.14                      1.98  -1.84     1.53
  SINCE JAN 1      2.19                      6.92  -4.73     6.06

DEGREE DAYS
 HEATING
  TODAY           31                        32     -1       35
  MONTH TO DATE  833                       752     81      948
  SINCE MAR 1    833                       752     81      948
  SINCE JUL 1   6514                      6372    142     6717

 COOLING
  TODAY            0                         0      0        0
  MONTH TO DATE    0                         0      0        0
  SINCE MAR 1      0                         0      0        0
  SINCE JAN 1      0                         0      0        0
..................................................................


WIND (MPH)
  HIGHEST WIND SPEED    15   HIGHEST WIND DIRECTION    SW (210)
  HIGHEST GUST SPEED    18   HIGHEST GUST DIRECTION     S (200)
  AVERAGE WIND SPEED     6.3


SKY COVER
  AVERAGE SKY COVER 1.0



RELATIVE HUMIDITY (PERCENT)
 HIGHEST    85           400 AM
 LOWEST     59           100 PM
 AVERAGE    72

..........................................................


THE GLENS FALLS NY CLIMATE NORMALS FOR TOMORROW
                         NORMAL    RECORD    YEAR
 MAXIMUM TEMPERATURE (F)   45        80      2012
 MINIMUM TEMPERATURE (F)   23         4      1956


SUNRISE AND SUNSET
MARCH 21 2015.........SUNRISE   656 AM EDT   SUNSET   708 PM EDT
MARCH 22 2015.........SUNRISE   655 AM EDT   SUNSET   709 PM EDT


-  INDICATES NEGATIVE NUMBERS.
R  INDICATES RECORD WAS SET OR TIED.
MM INDICATES DATA IS MISSING.
T  INDICATES TRACE AMOUNT.




$$
