000
CDUS41 KALY 090626
CLIGFL


CLIMATE REPORT
NATIONAL WEATHER SERVICE ALBANY NY
225 AM EDT FRI JUN 9 2017


...................................

...THE GLENS FALLS NY CLIMATE SUMMARY FOR JUNE 8 2017...

CLIMATE NORMAL PERIOD 1981 TO 2010
CLIMATE RECORD PERIOD 1949 TO 2017


WEATHER ITEM   OBSERVED TIME   RECORD YEAR NORMAL DEPARTURE LAST
                VALUE   (LST)  VALUE       VALUE  FROM      YEAR
                                                  NORMAL
..................................................................
TEMPERATURE (F)
 YESTERDAY
  MAXIMUM         80    242 PM  92    1984  75      5       66
  MINIMUM         44    431 AM  38    1951  50     -6       52
  AVERAGE         62                        62      0       59

PRECIPITATION (IN)
  YESTERDAY        0.00          0.89 1967   0.12  -0.12     0.08
  MONTH TO DATE    1.15                      0.95   0.20     1.92
  SINCE JUN 1      1.15                      0.95   0.20     1.92
  SINCE JAN 1     17.49                     15.44   2.05    13.54

DEGREE DAYS
 HEATING
  YESTERDAY        3                         4     -1        6
  MONTH TO DATE   64                        39     25        6
  SINCE JUN 1     64                        39     25        6
  SINCE JUL 1   6381                      7625  -1244     5889

 COOLING
  YESTERDAY        0                         2     -2        0
  MONTH TO DATE    0                         9     -9       26
  SINCE JUN 1      0                         9     -9       26
  SINCE JAN 1     21                        21      0       82
..................................................................


WIND (MPH)
  HIGHEST WIND SPEED     9   HIGHEST WIND DIRECTION    SE (140)
  HIGHEST GUST SPEED    11   HIGHEST GUST DIRECTION    SE (140)
  AVERAGE WIND SPEED     2.3


SKY COVER
  AVERAGE SKY COVER 0.1



RELATIVE HUMIDITY (PERCENT)
 HIGHEST    89           600 AM
 LOWEST     36          1200 PM
 AVERAGE    63

..........................................................


THE GLENS FALLS NY CLIMATE NORMALS FOR TODAY
                         NORMAL    RECORD    YEAR
 MAXIMUM TEMPERATURE (F)   75        95      2008
 MINIMUM TEMPERATURE (F)   50        37      1977


SUNRISE AND SUNSET
JUNE  9 2017..........SUNRISE   514 AM EDT   SUNSET   834 PM EDT
JUNE 10 2017..........SUNRISE   514 AM EDT   SUNSET   834 PM EDT


-  INDICATES NEGATIVE NUMBERS.
R  INDICATES RECORD WAS SET OR TIED.
MM INDICATES DATA IS MISSING.
T  INDICATES TRACE AMOUNT.




$$
