000
CDUS41 KALY 152045
CLIGFL


CLIMATE REPORT
NATIONAL WEATHER SERVICE ALBANY NY
444 PM EDT SAT APR 15 2017


...................................

...THE GLENS FALLS NY CLIMATE SUMMARY FOR APRIL 15 2017...
VALID TODAY AS OF 0400 PM LOCAL TIME.

CLIMATE NORMAL PERIOD 1981 TO 2010
CLIMATE RECORD PERIOD 1949 TO 2017


WEATHER ITEM   OBSERVED TIME   RECORD YEAR NORMAL DEPARTURE LAST
                VALUE   (LST)  VALUE       VALUE  FROM      YEAR
                                                  NORMAL
..................................................................
TEMPERATURE (F)
 TODAY
  MAXIMUM         71    155 PM  84    2003  57     14       63
  MINIMUM         28    528 AM  20    1982  33     -5       28
  AVERAGE         50                        45      5       46

PRECIPITATION (IN)
  TODAY            0.00          1.49 2007   0.10  -0.10     0.00
  MONTH TO DATE    2.28                      1.47   0.81     1.10
  SINCE MAR 1      4.82                      4.41   0.41     3.38
  SINCE JAN 1      9.51                      9.35   0.16     8.17

DEGREE DAYS
 HEATING
  TODAY           15                        20     -5       19
  MONTH TO DATE  270                       352    -82      405
  SINCE MAR 1   1338                      1395    -57     1219
  SINCE JUL 1   5860                      7015  -1155     5399

 COOLING
  TODAY            0                         0      0        0
  MONTH TO DATE    0                         0      0        0
  SINCE MAR 1      0                         0      0        0
  SINCE JAN 1      0                         0      0        0
..................................................................


WIND (MPH)
  HIGHEST WIND SPEED    18   HIGHEST WIND DIRECTION    SW (220)
  HIGHEST GUST SPEED    26   HIGHEST GUST DIRECTION    SW (220)
  AVERAGE WIND SPEED     5.8


SKY COVER
  AVERAGE SKY COVER 0.0



RELATIVE HUMIDITY (PERCENT)
 HIGHEST    92           300 AM
 LOWEST     29           200 PM
 AVERAGE    61

..........................................................


THE GLENS FALLS NY CLIMATE NORMALS FOR TOMORROW
                         NORMAL    RECORD    YEAR
 MAXIMUM TEMPERATURE (F)   57        89      2002
 MINIMUM TEMPERATURE (F)   33        21      1992


SUNRISE AND SUNSET
APRIL 15 2017.........SUNRISE   612 AM EDT   SUNSET   738 PM EDT
APRIL 16 2017.........SUNRISE   610 AM EDT   SUNSET   739 PM EDT


-  INDICATES NEGATIVE NUMBERS.
R  INDICATES RECORD WAS SET OR TIED.
MM INDICATES DATA IS MISSING.
T  INDICATES TRACE AMOUNT.




$$
