000
CDUS41 KALY 120624
CLIGFL


CLIMATE REPORT
NATIONAL WEATHER SERVICE ALBANY NY
123 AM EST WED NOV 12 2014


...................................

...THE GLENS FALLS NY CLIMATE SUMMARY FOR NOVEMBER 11 2014...

CLIMATE NORMAL PERIOD 1981 TO 2010
CLIMATE RECORD PERIOD 1949 TO 2014


WEATHER ITEM   OBSERVED TIME   RECORD YEAR NORMAL DEPARTURE LAST
                VALUE   (LST)  VALUE       VALUE  FROM      YEAR
                                                  NORMAL
..................................................................
TEMPERATURE (F)
 YESTERDAY
  MAXIMUM         62    336 PM  68    2002  49     13       46
  MINIMUM         28    656 AM  15    1973  29     -1       34
  AVERAGE         45                        39      6       40

PRECIPITATION (IN)
  YESTERDAY        0.00          1.45 1991   0.10  -0.10      T
  MONTH TO DATE    0.22                      1.21  -0.99     0.94
  SINCE SEP 1      4.64                      8.10  -3.46     5.58
  SINCE JAN 1     30.68                     33.91  -3.23    30.85

DEGREE DAYS
 HEATING
  YESTERDAY       20                        26     -6       25
  MONTH TO DATE  253                       273    -20      279
  SINCE SEP 1    835                      1062   -227     1010
  SINCE JUL 1    850                      1128   -278     1048

 COOLING
  YESTERDAY        0                         0      0        0
  MONTH TO DATE    0                         0      0        0
  SINCE SEP 1     54                        25     29       43
  SINCE JAN 1    392                       352     40      537
..................................................................


WIND (MPH)
  HIGHEST WIND SPEED    18   HIGHEST WIND DIRECTION     S (200)
  HIGHEST GUST SPEED    26   HIGHEST GUST DIRECTION    SW (210)
  AVERAGE WIND SPEED     3.6


SKY COVER
  AVERAGE SKY COVER 0.2



RELATIVE HUMIDITY (PERCENT)
 HIGHEST    93           700 PM
 LOWEST     56           200 PM
 AVERAGE    75

..........................................................


THE GLENS FALLS NY CLIMATE NORMALS FOR TODAY
                         NORMAL    RECORD    YEAR
 MAXIMUM TEMPERATURE (F)   48        68      2012
 MINIMUM TEMPERATURE (F)   29        13      1976


SUNRISE AND SUNSET
NOVEMBER 12 2014......SUNRISE   644 AM EST   SUNSET   433 PM EST
NOVEMBER 13 2014......SUNRISE   645 AM EST   SUNSET   432 PM EST


-  INDICATES NEGATIVE NUMBERS.
R  INDICATES RECORD WAS SET OR TIED.
MM INDICATES DATA IS MISSING.
T  INDICATES TRACE AMOUNT.




$$
