000
CDUS41 KALY 182153
CLIGFL


CLIMATE REPORT
NATIONAL WEATHER SERVICE ALBANY NY
453 PM EST TUE NOV 18 2014


...................................

...THE GLENS FALLS NY CLIMATE SUMMARY FOR NOVEMBER 18 2014...
VALID TODAY AS OF 0400 PM LOCAL TIME.

CLIMATE NORMAL PERIOD 1981 TO 2010
CLIMATE RECORD PERIOD 1949 TO 2014


WEATHER ITEM   OBSERVED TIME   RECORD YEAR NORMAL DEPARTURE LAST
                VALUE   (LST)  VALUE       VALUE  FROM      YEAR
                                                  NORMAL
..................................................................
TEMPERATURE (F)
 TODAY
  MAXIMUM         38   1242 AM  64    1953  46     -8       62
  MINIMUM         25    452 PM  14    1997  27     -2       41
  AVERAGE         32                        36     -4       52

PRECIPITATION (IN)
  TODAY            0.00          1.27 1968   0.12  -0.12     0.26
  MONTH TO DATE    0.94                      1.97  -1.03     1.41
  SINCE SEP 1      5.36                      8.86  -3.50     6.05
  SINCE JAN 1     31.40                     34.67  -3.27    31.32

DEGREE DAYS
 HEATING
  TODAY           33                        29      4       13
  MONTH TO DATE  469                       467      2      462
  SINCE SEP 1   1051                      1256   -205     1193
  SINCE JUL 1   1066                      1322   -256     1231

 COOLING
  TODAY            0                         0      0        0
  MONTH TO DATE    0                         0      0        0
  SINCE SEP 1     54                        25     29       43
  SINCE JAN 1    392                       352     40      537
..................................................................


WIND (MPH)
  HIGHEST WIND SPEED    23   HIGHEST WIND DIRECTION     W (250)
  HIGHEST GUST SPEED    36   HIGHEST GUST DIRECTION    SW (220)
  AVERAGE WIND SPEED    12.3


SKY COVER
  AVERAGE SKY COVER 0.5



RELATIVE HUMIDITY (PERCENT)
 HIGHEST    85          1200 AM
 LOWEST     34           100 PM
 AVERAGE    60

..........................................................


THE GLENS FALLS NY CLIMATE NORMALS FOR TOMORROW
                         NORMAL    RECORD    YEAR
 MAXIMUM TEMPERATURE (F)   45        62      1985
 MINIMUM TEMPERATURE (F)   27         6      1997


SUNRISE AND SUNSET
NOVEMBER 18 2014......SUNRISE   651 AM EST   SUNSET   427 PM EST
NOVEMBER 19 2014......SUNRISE   653 AM EST   SUNSET   427 PM EST


-  INDICATES NEGATIVE NUMBERS.
R  INDICATES RECORD WAS SET OR TIED.
MM INDICATES DATA IS MISSING.
T  INDICATES TRACE AMOUNT.




$$
