000
CDUS41 KALY 110622
CLIGFL


CLIMATE REPORT
NATIONAL WEATHER SERVICE ALBANY NY
121 AM EST SAT MAR 11 2017


...................................

...THE GLENS FALLS NY CLIMATE SUMMARY FOR MARCH 10 2017...

CLIMATE NORMAL PERIOD 1981 TO 2010
CLIMATE RECORD PERIOD 1949 TO 2017


WEATHER ITEM   OBSERVED TIME   RECORD YEAR NORMAL DEPARTURE LAST
                VALUE   (LST)  VALUE       VALUE  FROM      YEAR
                                                  NORMAL
..................................................................
TEMPERATURE (F)
 YESTERDAY
  MAXIMUM         37    222 PM  65    2016  40     -3       65
                                      1977
  MINIMUM         13   1159 PM -14    1996  18     -5       44
  AVERAGE         25                        29     -4       55

PRECIPITATION (IN)
  YESTERDAY        T             1.73 1964   0.09  -0.09     0.37
  MONTH TO DATE    0.29                      0.91  -0.62     0.55
  SINCE MAR 1      0.29                      0.91  -0.62     0.55
  SINCE JAN 1      4.98                      5.85  -0.87     5.34

DEGREE DAYS
 HEATING
  YESTERDAY       40                        36      4       10
  MONTH TO DATE  281                       380    -99      314
  SINCE MAR 1    281                       380    -99      314
  SINCE JUL 1   4803                      6000  -1197     4494

 COOLING
  YESTERDAY        0                         0      0        0
  MONTH TO DATE    0                         0      0        0
  SINCE MAR 1      0                         0      0        0
  SINCE JAN 1      0                         0      0        0
..................................................................


WIND (MPH)
  HIGHEST WIND SPEED    25   HIGHEST WIND DIRECTION    NW (300)
  HIGHEST GUST SPEED    31   HIGHEST GUST DIRECTION     W (290)
  AVERAGE WIND SPEED     8.8


SKY COVER
  AVERAGE SKY COVER 0.4



RELATIVE HUMIDITY (PERCENT)
 HIGHEST    63           400 AM
 LOWEST     28           400 PM
 AVERAGE    46

..........................................................


THE GLENS FALLS NY CLIMATE NORMALS FOR TODAY
                         NORMAL    RECORD    YEAR
 MAXIMUM TEMPERATURE (F)   40        63      1977
 MINIMUM TEMPERATURE (F)   18        -6      1996


SUNRISE AND SUNSET
MARCH 11 2017.........SUNRISE   613 AM EST   SUNSET   556 PM EST
MARCH 12 2017.........SUNRISE   711 AM EDT   SUNSET   657 PM EDT


-  INDICATES NEGATIVE NUMBERS.
R  INDICATES RECORD WAS SET OR TIED.
MM INDICATES DATA IS MISSING.
T  INDICATES TRACE AMOUNT.




$$
