000
CDUS41 KALY 190627
CLIGFL


CLIMATE REPORT
NATIONAL WEATHER SERVICE ALBANY NY
127 AM EST FRI DEC 19 2014


...................................

...THE GLENS FALLS NY CLIMATE SUMMARY FOR DECEMBER 18 2014...

CLIMATE NORMAL PERIOD 1981 TO 2010
CLIMATE RECORD PERIOD 1949 TO 2014


WEATHER ITEM   OBSERVED TIME   RECORD YEAR NORMAL DEPARTURE LAST
                VALUE   (LST)  VALUE       VALUE  FROM      YEAR
                                                  NORMAL
..................................................................
TEMPERATURE (F)
 YESTERDAY
  MAXIMUM         39    249 PM  51    2006  33      6       27
  MINIMUM         32   1159 PM -13    2007  15     17        5
  AVERAGE         36                        24     12       16

PRECIPITATION (IN)
  YESTERDAY        T             1.64 1986   0.09  -0.09      T
  MONTH TO DATE    2.67                      1.89   0.78     1.37
  SINCE DEC 1      2.67                      1.89   0.78     1.37
  SINCE JAN 1     35.02                     37.90  -2.88    34.21

DEGREE DAYS
 HEATING
  YESTERDAY       29                        41    -12       49
  MONTH TO DATE  629                       675    -46      749
  SINCE DEC 1    629                       675    -46      749
  SINCE JUL 1   2090                      2373   -283     2428

 COOLING
  YESTERDAY        0                         0      0        0
  MONTH TO DATE    0                         0      0        0
  SINCE DEC 1      0                         0      0        0
  SINCE JAN 1    392                       352     40      537
..................................................................


WIND (MPH)
  HIGHEST WIND SPEED    14   HIGHEST WIND DIRECTION     W (290)
  HIGHEST GUST SPEED    17   HIGHEST GUST DIRECTION     W (280)
  AVERAGE WIND SPEED     6.1


SKY COVER
  AVERAGE SKY COVER 1.0



RELATIVE HUMIDITY (PERCENT)
 HIGHEST    89           400 AM
 LOWEST     54           100 PM
 AVERAGE    72

..........................................................


THE GLENS FALLS NY CLIMATE NORMALS FOR TODAY
                         NORMAL    RECORD    YEAR
 MAXIMUM TEMPERATURE (F)   33        49      1957
 MINIMUM TEMPERATURE (F)   15       -18      1973


SUNRISE AND SUNSET
DECEMBER 19 2014......SUNRISE   722 AM EST   SUNSET   421 PM EST
DECEMBER 20 2014......SUNRISE   723 AM EST   SUNSET   421 PM EST


-  INDICATES NEGATIVE NUMBERS.
R  INDICATES RECORD WAS SET OR TIED.
MM INDICATES DATA IS MISSING.
T  INDICATES TRACE AMOUNT.




$$
