662
CDUS41 KALY 210626
CLIGFL


CLIMATE REPORT
NATIONAL WEATHER SERVICE ALBANY NY
225 AM EDT THU APR 21 2016


...................................

...THE GLENS FALLS NY CLIMATE SUMMARY FOR APRIL 20 2016...

CLIMATE NORMAL PERIOD 1981 TO 2010
CLIMATE RECORD PERIOD 1949 TO 2016


WEATHER ITEM   OBSERVED TIME   RECORD YEAR NORMAL DEPARTURE LAST
                VALUE   (LST)  VALUE       VALUE  FROM      YEAR
                                                  NORMAL
..................................................................
TEMPERATURE (F)
 YESTERDAY
  MAXIMUM         60    508 PM  83    1954  59      1       50
  MINIMUM         37   1154 PM  22    1974  34      3       41
  AVERAGE         49                        47      2       46

PRECIPITATION (IN)
  YESTERDAY        0.00          0.72 1950   0.09  -0.09     0.21
  MONTH TO DATE    1.13                      1.95  -0.82     1.12
  SINCE MAR 1      3.41                      4.89  -1.48     1.80
  SINCE JAN 1      8.20                      9.83  -1.63     3.85

DEGREE DAYS
 HEATING
  YESTERDAY       16                        18     -2       19
  MONTH TO DATE  467                       448     19      421
  SINCE MAR 1   1281                      1491   -210     1603
  SINCE JUL 1   5461                      7111  -1650     7284

 COOLING
  YESTERDAY        0                         0      0        0
  MONTH TO DATE    0                         0      0        0
  SINCE MAR 1      0                         0      0        0
  SINCE JAN 1      0                         0      0        0
..................................................................


WIND (MPH)
  HIGHEST WIND SPEED    17   HIGHEST WIND DIRECTION    NE (50)
  HIGHEST GUST SPEED    21   HIGHEST GUST DIRECTION     E (100)
  AVERAGE WIND SPEED     7.1


SKY COVER
  AVERAGE SKY COVER 0.0



RELATIVE HUMIDITY (PERCENT)
 HIGHEST    57           100 AM
 LOWEST     15           200 PM
 AVERAGE    36

..........................................................


THE GLENS FALLS NY CLIMATE NORMALS FOR TODAY
                         NORMAL    RECORD    YEAR
 MAXIMUM TEMPERATURE (F)   60        82      1954
 MINIMUM TEMPERATURE (F)   35        23      1956


SUNRISE AND SUNSET
APRIL 21 2016.........SUNRISE   602 AM EDT   SUNSET   745 PM EDT
APRIL 22 2016.........SUNRISE   600 AM EDT   SUNSET   746 PM EDT


-  INDICATES NEGATIVE NUMBERS.
R  INDICATES RECORD WAS SET OR TIED.
MM INDICATES DATA IS MISSING.
T  INDICATES TRACE AMOUNT.




$$
