000
CDUS41 KALY 172052
CLIGFL


CLIMATE REPORT
NATIONAL WEATHER SERVICE ALBANY NY
450 PM EDT SUN SEP 17 2017


...................................

...THE GLENS FALLS NY CLIMATE SUMMARY FOR SEPTEMBER 17 2017...
VALID TODAY AS OF 0400 PM LOCAL TIME.

CLIMATE NORMAL PERIOD 1981 TO 2010
CLIMATE RECORD PERIOD 1949 TO 2017


WEATHER ITEM   OBSERVED TIME   RECORD YEAR NORMAL DEPARTURE LAST
                VALUE   (LST)  VALUE       VALUE  FROM      YEAR
                                                  NORMAL
..................................................................
TEMPERATURE (F)
 TODAY
  MAXIMUM         82    350 PM  85    1972  70     12       78
  MINIMUM         54    543 AM  31    2007  46      8       44
  AVERAGE         68                        58     10       61

PRECIPITATION (IN)
  TODAY            0.00          1.26 1956   0.11  -0.11      T
  MONTH TO DATE    2.13                      1.80   0.33     0.62
  SINCE SEP 1      2.13                      1.80   0.33     0.62
  SINCE JAN 1     29.26                     27.61   1.65    21.78

DEGREE DAYS
 HEATING
  TODAY            0                         8     -8        4
  MONTH TO DATE   90                        87      3       27
  SINCE SEP 1     90                        87      3       27
  SINCE JUL 1    157                       153      4       33

 COOLING
  TODAY            3                         1      2        0
  MONTH TO DATE   23                        22      1       43
  SINCE SEP 1     23                        22      1       43
  SINCE JAN 1    337                       349    -12      628
..................................................................


WIND (MPH)
  HIGHEST WIND SPEED     7   HIGHEST WIND DIRECTION    SE (150)
  HIGHEST GUST SPEED     9   HIGHEST GUST DIRECTION     S (160)
  AVERAGE WIND SPEED     0.9


SKY COVER
  AVERAGE SKY COVER 0.4



RELATIVE HUMIDITY (PERCENT)
 HIGHEST   100           100 AM
 LOWEST     55           200 PM
 AVERAGE    78

..........................................................


THE GLENS FALLS NY CLIMATE NORMALS FOR TOMORROW
                         NORMAL    RECORD    YEAR
 MAXIMUM TEMPERATURE (F)   70        83      2015
 MINIMUM TEMPERATURE (F)   46        32      1950


SUNRISE AND SUNSET
SEPTEMBER 17 2017.....SUNRISE   636 AM EDT   SUNSET   700 PM EDT
SEPTEMBER 18 2017.....SUNRISE   637 AM EDT   SUNSET   659 PM EDT


-  INDICATES NEGATIVE NUMBERS.
R  INDICATES RECORD WAS SET OR TIED.
MM INDICATES DATA IS MISSING.
T  INDICATES TRACE AMOUNT.




$$
