000
CDUS41 KALY 312146
CLIGFL


CLIMATE REPORT
NATIONAL WEATHER SERVICE ALBANY NY
445 PM EST WED JAN 31 2018


...................................

...THE GLENS FALLS NY CLIMATE SUMMARY FOR JANUARY 31 2018...
VALID TODAY AS OF 0400 PM LOCAL TIME.

CLIMATE NORMAL PERIOD 1981 TO 2010
CLIMATE RECORD PERIOD 1949 TO 2018


WEATHER ITEM   OBSERVED TIME   RECORD YEAR NORMAL DEPARTURE LAST
                VALUE   (LST)  VALUE       VALUE  FROM      YEAR
                                                  NORMAL
..................................................................
TEMPERATURE (F)
 TODAY
  MAXIMUM         23    340 PM  53    2013  30     -7       27
  MINIMUM          3    739 AM -17    1999   7     -4        8
  AVERAGE         13                        18     -5       18

PRECIPITATION (IN)
  TODAY            0.00          1.39 1982   0.09  -0.09      T
  MONTH TO DATE    2.27                      2.86  -0.59     2.18
  SINCE DEC 1      4.59                      5.91  -1.32     5.05
  SINCE JAN 1      2.27                      2.86  -0.59     2.18

DEGREE DAYS
 HEATING
  TODAY           52                        47      5       47
  MONTH TO DATE 1447                      1460    -13     1108
  SINCE DEC 1   2821                      2698    123     2253
  SINCE JUL 1   4232                      4396   -164     3569

 COOLING
  TODAY            0                         0      0        0
  MONTH TO DATE    0                         0      0        0
  SINCE DEC 1      0                         0      0        0
  SINCE JAN 1      0                         0      0        0
..................................................................


WIND (MPH)
  HIGHEST WIND SPEED    14   HIGHEST WIND DIRECTION     S (160)
  HIGHEST GUST SPEED    16   HIGHEST GUST DIRECTION     S (160)
  AVERAGE WIND SPEED     4.7


SKY COVER
  AVERAGE SKY COVER 0.1



RELATIVE HUMIDITY (PERCENT)
 HIGHEST    91           600 AM
 LOWEST     51          1200 PM
 AVERAGE    71

..........................................................


THE GLENS FALLS NY CLIMATE NORMALS FOR TOMORROW
                         NORMAL    RECORD    YEAR
 MAXIMUM TEMPERATURE (F)   30        56      1989
 MINIMUM TEMPERATURE (F)    7       -20      1971


SUNRISE AND SUNSET
JANUARY 31 2018.......SUNRISE   711 AM EST   SUNSET   505 PM EST
FEBRUARY  1 2018......SUNRISE   710 AM EST   SUNSET   506 PM EST


-  INDICATES NEGATIVE NUMBERS.
R  INDICATES RECORD WAS SET OR TIED.
MM INDICATES DATA IS MISSING.
T  INDICATES TRACE AMOUNT.




$$
