000
CDUS41 KALY 022051
CLIGFL


CLIMATE REPORT
NATIONAL WEATHER SERVICE ALBANY NY
450 PM EDT WED JUL 2 2014


...................................

...THE GLENS FALLS NY CLIMATE SUMMARY FOR JULY 2 2014...
VALID TODAY AS OF 0400 PM LOCAL TIME.

CLIMATE NORMAL PERIOD 1981 TO 2010
CLIMATE RECORD PERIOD 1949 TO 2014


WEATHER ITEM   OBSERVED TIME   RECORD YEAR NORMAL DEPARTURE LAST
                VALUE   (LST)  VALUE       VALUE  FROM      YEAR
                                                  NORMAL
..................................................................
TEMPERATURE (F)
 TODAY
  MAXIMUM         91   1257 PM  93    2002  80     11       84
  MINIMUM         66    414 AM  41    1978  56     10       63
  AVERAGE         79                        68     11       74

PRECIPITATION (IN)
  TODAY            0.05          1.29 1986   0.13  -0.08     0.48
  MONTH TO DATE    0.06                      0.25  -0.19     0.95
  SINCE JUN 1      4.46                      3.80   0.66     6.64
  SINCE JAN 1     17.57                     18.29  -0.72    18.57

DEGREE DAYS
 HEATING
  TODAY            0                         1     -1        0
  MONTH TO DATE    0                         2     -2        0
  SINCE JUN 1     32                        92    -60       89
  SINCE JUL 1      0                         2     -2        0

 COOLING
  TODAY           14                         4     10        9
  MONTH TO DATE   27                         8     19       13
  SINCE JUN 1    101                        77     24      113
  SINCE JAN 1    121                        89     32      146
..................................................................


WIND (MPH)
  HIGHEST WIND SPEED    29   HIGHEST WIND DIRECTION     S (190)
  HIGHEST GUST SPEED    37   HIGHEST GUST DIRECTION     S (190)
  AVERAGE WIND SPEED     4.5


SKY COVER
  AVERAGE SKY COVER 0.1



RELATIVE HUMIDITY (PERCENT)
 HIGHEST   100           100 AM
 LOWEST     49           100 PM
 AVERAGE    75

..........................................................


THE GLENS FALLS NY CLIMATE NORMALS FOR TOMORROW
                         NORMAL    RECORD    YEAR
 MAXIMUM TEMPERATURE (F)   80        97      1966
 MINIMUM TEMPERATURE (F)   56        42      2007


SUNRISE AND SUNSET
JULY  2 2014..........SUNRISE   518 AM EDT   SUNSET   838 PM EDT
JULY  3 2014..........SUNRISE   519 AM EDT   SUNSET   838 PM EDT


-  INDICATES NEGATIVE NUMBERS.
R  INDICATES RECORD WAS SET OR TIED.
MM INDICATES DATA IS MISSING.
T  INDICATES TRACE AMOUNT.




$$
