000
CDUS41 KALY 130623
CLIGFL


CLIMATE REPORT
NATIONAL WEATHER SERVICE ALBANY NY
223 AM EDT TUE SEP 13 2016


...................................

...THE GLENS FALLS NY CLIMATE SUMMARY FOR SEPTEMBER 12 2016...

CLIMATE NORMAL PERIOD 1981 TO 2010
CLIMATE RECORD PERIOD 1949 TO 2016


WEATHER ITEM   OBSERVED TIME   RECORD YEAR NORMAL DEPARTURE LAST
                VALUE   (LST)  VALUE       VALUE  FROM      YEAR
                                                  NORMAL
..................................................................
TEMPERATURE (F)
 YESTERDAY
  MAXIMUM         75    429 PM  88    2005  72      3       76
  MINIMUM         43    524 AM  33    2006  48     -5       52
  AVERAGE         59                        60     -1       64

PRECIPITATION (IN)
  YESTERDAY        0.00          3.02 1960   0.11  -0.11     0.66
  MONTH TO DATE    0.62                      1.25  -0.63     1.06
  SINCE SEP 1      0.62                      1.25  -0.63     1.06
  SINCE JAN 1     21.22                     27.06  -5.84    18.58

DEGREE DAYS
 HEATING
  YESTERDAY        6                         6      0        1
  MONTH TO DATE   11                        53    -42        1
  SINCE SEP 1     11                        53    -42        1
  SINCE JUL 1     17                       119   -102       14

 COOLING
  YESTERDAY        0                         1     -1        0
  MONTH TO DATE   43                        17     26       83
  SINCE SEP 1     43                        17     26       83
  SINCE JAN 1    628                       344    284      582
..................................................................


WIND (MPH)
  HIGHEST WIND SPEED    14   HIGHEST WIND DIRECTION     S (160)
  HIGHEST GUST SPEED    18   HIGHEST GUST DIRECTION    SE (140)
  AVERAGE WIND SPEED     3.6


SKY COVER
  AVERAGE SKY COVER 0.0



RELATIVE HUMIDITY (PERCENT)
 HIGHEST    93           100 AM
 LOWEST     44          1200 PM
 AVERAGE    69

..........................................................


THE GLENS FALLS NY CLIMATE NORMALS FOR TODAY
                         NORMAL    RECORD    YEAR
 MAXIMUM TEMPERATURE (F)   72        90      1952
 MINIMUM TEMPERATURE (F)   48        34      1985


SUNRISE AND SUNSET
SEPTEMBER 13 2016.....SUNRISE   632 AM EDT   SUNSET   707 PM EDT
SEPTEMBER 14 2016.....SUNRISE   633 AM EDT   SUNSET   705 PM EDT


-  INDICATES NEGATIVE NUMBERS.
R  INDICATES RECORD WAS SET OR TIED.
MM INDICATES DATA IS MISSING.
T  INDICATES TRACE AMOUNT.




$$
