000
CDUS41 KALY 100630
CLIGFL


CLIMATE REPORT
NATIONAL WEATHER SERVICE ALBANY NY
129 AM EST WED DEC 10 2014


...................................

...THE GLENS FALLS NY CLIMATE SUMMARY FOR DECEMBER 9 2014...

CLIMATE NORMAL PERIOD 1981 TO 2010
CLIMATE RECORD PERIOD 1949 TO 2014


WEATHER ITEM   OBSERVED TIME   RECORD YEAR NORMAL DEPARTURE LAST
                VALUE   (LST)  VALUE       VALUE  FROM      YEAR
                                                  NORMAL
..................................................................
TEMPERATURE (F)
 YESTERDAY
  MAXIMUM         36    536 PM  56    1966  36      0       34
  MINIMUM         25   1212 AM  -5    1989  19      6       25
  AVERAGE         31                        28      3       30

PRECIPITATION (IN)
  YESTERDAY        0.78          1.01 1973   0.12   0.66     0.11
  MONTH TO DATE    1.98                      1.00   0.98     0.60
  SINCE DEC 1      1.98                      1.00   0.98     0.60
  SINCE JAN 1     34.33                     37.01  -2.68    33.44

DEGREE DAYS
 HEATING
  YESTERDAY       34                        37     -3       35
  MONTH TO DATE  329                       320      9      293
  SINCE DEC 1    329                       320      9      293
  SINCE JUL 1   1790                      2018   -228     1972

 COOLING
  YESTERDAY        0                         0      0        0
  MONTH TO DATE    0                         0      0        0
  SINCE DEC 1      0                         0      0        0
  SINCE JAN 1    392                       352     40      537
..................................................................


WIND (MPH)
  HIGHEST WIND SPEED    21   HIGHEST WIND DIRECTION     N (350)
  HIGHEST GUST SPEED    29   HIGHEST GUST DIRECTION     N (350)
  AVERAGE WIND SPEED    11.9


SKY COVER
  AVERAGE SKY COVER 1.0



RELATIVE HUMIDITY (PERCENT)
 HIGHEST    92           400 PM
 LOWEST     74          1200 AM
 AVERAGE    83

..........................................................


THE GLENS FALLS NY CLIMATE NORMALS FOR TODAY
                         NORMAL    RECORD    YEAR
 MAXIMUM TEMPERATURE (F)   36        61      1966
 MINIMUM TEMPERATURE (F)   19       -15      1977


SUNRISE AND SUNSET
DECEMBER 10 2014......SUNRISE   716 AM EST   SUNSET   419 PM EST
DECEMBER 11 2014......SUNRISE   717 AM EST   SUNSET   419 PM EST


-  INDICATES NEGATIVE NUMBERS.
R  INDICATES RECORD WAS SET OR TIED.
MM INDICATES DATA IS MISSING.
T  INDICATES TRACE AMOUNT.




$$
