000
CDUS41 KALY 160624
CLIGFL


CLIMATE REPORT
NATIONAL WEATHER SERVICE ALBANY NY
223 AM EDT SAT SEP 16 2017


...................................

...THE GLENS FALLS NY CLIMATE SUMMARY FOR SEPTEMBER 15 2017...

CLIMATE NORMAL PERIOD 1981 TO 2010
CLIMATE RECORD PERIOD 1949 TO 2017


WEATHER ITEM   OBSERVED TIME   RECORD YEAR NORMAL DEPARTURE LAST
                VALUE   (LST)  VALUE       VALUE  FROM      YEAR
                                                  NORMAL
..................................................................
TEMPERATURE (F)
 YESTERDAY
  MAXIMUM         82    342 PM  84    1993  71     11       70
  MINIMUM         61   1124 PM  32    2001  47     14       42
  AVERAGE         72                        59     13       56

PRECIPITATION (IN)
  YESTERDAY        T             1.59 2002   0.11  -0.11     0.00
  MONTH TO DATE    2.13                      1.58   0.55     0.62
  SINCE SEP 1      2.13                      1.58   0.55     0.62
  SINCE JAN 1     29.26                     27.39   1.87    21.78

DEGREE DAYS
 HEATING
  YESTERDAY        0                         7     -7        9
  MONTH TO DATE   90                        72     18       23
  SINCE SEP 1     90                        72     18       23
  SINCE JUL 1    157                       138     19       29

 COOLING
  YESTERDAY        7                         1      6        0
  MONTH TO DATE   15                        20     -5       43
  SINCE SEP 1     15                        20     -5       43
  SINCE JAN 1    329                       347    -18      628
..................................................................


WIND (MPH)
  HIGHEST WIND SPEED     8   HIGHEST WIND DIRECTION    NW (330)
  HIGHEST GUST SPEED    10   HIGHEST GUST DIRECTION     N (20)
  AVERAGE WIND SPEED     1.7


SKY COVER
  AVERAGE SKY COVER 0.5



RELATIVE HUMIDITY (PERCENT)
 HIGHEST   100          1200 AM
 LOWEST     55           300 PM
 AVERAGE    78

..........................................................


THE GLENS FALLS NY CLIMATE NORMALS FOR TODAY
                         NORMAL    RECORD    YEAR
 MAXIMUM TEMPERATURE (F)   71        87      1991
 MINIMUM TEMPERATURE (F)   46        32      1964


SUNRISE AND SUNSET
SEPTEMBER 16 2017.....SUNRISE   635 AM EDT   SUNSET   702 PM EDT
SEPTEMBER 17 2017.....SUNRISE   636 AM EDT   SUNSET   700 PM EDT


-  INDICATES NEGATIVE NUMBERS.
R  INDICATES RECORD WAS SET OR TIED.
MM INDICATES DATA IS MISSING.
T  INDICATES TRACE AMOUNT.




$$
