000
CDUS41 KALY 110622
CLIGFL


CLIMATE REPORT
NATIONAL WEATHER SERVICE ALBANY NY
221 AM EDT THU AUG 11 2016


...................................

...THE GLENS FALLS NY CLIMATE SUMMARY FOR AUGUST 10 2016...

CLIMATE NORMAL PERIOD 1981 TO 2010
CLIMATE RECORD PERIOD 1949 TO 2016


WEATHER ITEM   OBSERVED TIME   RECORD YEAR NORMAL DEPARTURE LAST
                VALUE   (LST)  VALUE       VALUE  FROM      YEAR
                                                  NORMAL
..................................................................
TEMPERATURE (F)
 YESTERDAY
  MAXIMUM         82    456 PM  97    1949  80      2       83
  MINIMUM         63    104 AM  44    1999  56      7       56
  AVERAGE         73                        68      5       70

PRECIPITATION (IN)
  YESTERDAY        0.24          1.82 1953   0.13   0.11      T
  MONTH TO DATE    1.33                      1.31   0.02     0.09
  SINCE JUN 1      8.17                      8.95  -0.78     8.53
  SINCE JAN 1     19.79                     23.44  -3.65    15.84

DEGREE DAYS
 HEATING
  YESTERDAY        0                         1     -1        0
  MONTH TO DATE    0                        10    -10        1
  SINCE JUN 1     44                       121    -77       91
  SINCE JUL 1      0                        31    -31       12

 COOLING
  YESTERDAY        8                         4      4        5
  MONTH TO DATE   65                        40     25       43
  SINCE JUN 1    383                       248    135      286
  SINCE JAN 1    439                       260    179      362
..................................................................


WIND (MPH)
  HIGHEST WIND SPEED    10   HIGHEST WIND DIRECTION    SE (150)
  HIGHEST GUST SPEED    13   HIGHEST GUST DIRECTION     S (180)
  AVERAGE WIND SPEED     3.0


SKY COVER
  AVERAGE SKY COVER 0.8



RELATIVE HUMIDITY (PERCENT)
 HIGHEST   100          1000 PM
 LOWEST     68           300 AM
 AVERAGE    84

..........................................................


THE GLENS FALLS NY CLIMATE NORMALS FOR TODAY
                         NORMAL    RECORD    YEAR
 MAXIMUM TEMPERATURE (F)   80        91      2002
 MINIMUM TEMPERATURE (F)   56        43      1976


SUNRISE AND SUNSET
AUGUST 11 2016........SUNRISE   556 AM EDT   SUNSET   803 PM EDT
AUGUST 12 2016........SUNRISE   557 AM EDT   SUNSET   801 PM EDT


-  INDICATES NEGATIVE NUMBERS.
R  INDICATES RECORD WAS SET OR TIED.
MM INDICATES DATA IS MISSING.
T  INDICATES TRACE AMOUNT.




$$
