000
CDUS41 KALY 030634
CLIGFL


CLIMATE REPORT
NATIONAL WEATHER SERVICE ALBANY NY
132 AM EST FRI FEB 3 2017


...................................

...THE GLENS FALLS NY CLIMATE SUMMARY FOR FEBRUARY 2 2017...

CLIMATE NORMAL PERIOD 1981 TO 2010
CLIMATE RECORD PERIOD 1949 TO 2017


WEATHER ITEM   OBSERVED TIME   RECORD YEAR NORMAL DEPARTURE LAST
                VALUE   (LST)  VALUE       VALUE  FROM      YEAR
                                                  NORMAL
..................................................................
TEMPERATURE (F)
 YESTERDAY
  MAXIMUM         33    329 PM  54    1981  30      3       MM
  MINIMUM         21    607 AM -18    1984   7     14       MM
  AVERAGE         27                        18      9       MM

PRECIPITATION (IN)
  YESTERDAY        T             1.11 1973   0.08  -0.08     0.00
  MONTH TO DATE    0.04                      0.16  -0.12     0.00
  SINCE DEC 1      5.09                      6.07  -0.98     5.11
  SINCE JAN 1      2.22                      3.02  -0.80     1.06

DEGREE DAYS
 HEATING
  YESTERDAY       38                        46     -8       MM
  MONTH TO DATE   71                        93    -22       MM
  SINCE DEC 1   2324                      2791   -467     1888
  SINCE JUL 1   3640                      4489   -849     3179

 COOLING
  YESTERDAY        0                         0      0       MM
  MONTH TO DATE    0                         0      0       MM
  SINCE DEC 1      0                         0      0        0
  SINCE JAN 1      0                         0      0        0
..................................................................


WIND (MPH)
  HIGHEST WIND SPEED    16   HIGHEST WIND DIRECTION    NW (300)
  HIGHEST GUST SPEED    22   HIGHEST GUST DIRECTION    NW (310)
  AVERAGE WIND SPEED     6.0


SKY COVER
  AVERAGE SKY COVER 0.8



RELATIVE HUMIDITY (PERCENT)
 HIGHEST    81           400 AM
 LOWEST     39          1200 PM
 AVERAGE    60

..........................................................


THE GLENS FALLS NY CLIMATE NORMALS FOR TODAY
                         NORMAL    RECORD    YEAR
 MAXIMUM TEMPERATURE (F)   30        49      1991
 MINIMUM TEMPERATURE (F)    7       -27      2015


SUNRISE AND SUNSET
FEBRUARY  3 2017......SUNRISE   708 AM EST   SUNSET   509 PM EST
FEBRUARY  4 2017......SUNRISE   707 AM EST   SUNSET   511 PM EST


-  INDICATES NEGATIVE NUMBERS.
R  INDICATES RECORD WAS SET OR TIED.
MM INDICATES DATA IS MISSING.
T  INDICATES TRACE AMOUNT.




$$
