000
CDUS41 KALY 180622
CLIGFL


CLIMATE REPORT
NATIONAL WEATHER SERVICE ALBANY NY
122 AM EST FRI NOV 18 2016


...................................

...THE GLENS FALLS NY CLIMATE SUMMARY FOR NOVEMBER 17 2016...

CLIMATE NORMAL PERIOD 1981 TO 2010
CLIMATE RECORD PERIOD 1949 TO 2016


WEATHER ITEM   OBSERVED TIME   RECORD YEAR NORMAL DEPARTURE LAST
                VALUE   (LST)  VALUE       VALUE  FROM      YEAR
                                                  NORMAL
..................................................................
TEMPERATURE (F)
 YESTERDAY
  MAXIMUM         52    217 PM  67    2006  46      6       46
  MINIMUM         29    602 AM   5    1997  27      2       20
  AVERAGE         41                        37      4       33

PRECIPITATION (IN)
  YESTERDAY        0.00          0.95 1993   0.11  -0.11     0.00
  MONTH TO DATE    1.67                      1.85  -0.18     0.36
  SINCE SEP 1      5.82                      8.74  -2.92     8.76
  SINCE JAN 1     26.98                     34.55  -7.57    26.28

DEGREE DAYS
 HEATING
  YESTERDAY       24                        28     -4       32
  MONTH TO DATE  386                       438    -52      307
  SINCE SEP 1    948                      1227   -279      927
  SINCE JUL 1    954                      1293   -339      940

 COOLING
  YESTERDAY        0                         0      0        0
  MONTH TO DATE    0                         0      0        0
  SINCE SEP 1     58                        25     33       97
  SINCE JAN 1    643                       352    291      596
..................................................................


WIND (MPH)
  HIGHEST WIND SPEED    12   HIGHEST WIND DIRECTION    NE (60)
  HIGHEST GUST SPEED    13   HIGHEST GUST DIRECTION     N (10)
  AVERAGE WIND SPEED     2.6


SKY COVER
  AVERAGE SKY COVER 0.6



RELATIVE HUMIDITY (PERCENT)
 HIGHEST   100           900 AM
 LOWEST     68           200 PM
 AVERAGE    84

..........................................................


THE GLENS FALLS NY CLIMATE NORMALS FOR TODAY
                         NORMAL    RECORD    YEAR
 MAXIMUM TEMPERATURE (F)   46        64      1953
 MINIMUM TEMPERATURE (F)   27        14      1997


SUNRISE AND SUNSET
NOVEMBER 18 2016......SUNRISE   652 AM EST   SUNSET   427 PM EST
NOVEMBER 19 2016......SUNRISE   653 AM EST   SUNSET   426 PM EST


-  INDICATES NEGATIVE NUMBERS.
R  INDICATES RECORD WAS SET OR TIED.
MM INDICATES DATA IS MISSING.
T  INDICATES TRACE AMOUNT.




$$
