000
CDUS41 KALY 140622
CLIGFL


CLIMATE REPORT
NATIONAL WEATHER SERVICE ALBANY NY
221 AM EDT MON JUL 14 2014


...................................

...THE GLENS FALLS NY CLIMATE SUMMARY FOR JULY 13 2014...

CLIMATE NORMAL PERIOD 1981 TO 2010
CLIMATE RECORD PERIOD 1949 TO 2014


WEATHER ITEM   OBSERVED TIME   RECORD YEAR NORMAL DEPARTURE LAST
                VALUE   (LST)  VALUE       VALUE  FROM      YEAR
                                                  NORMAL
..................................................................
TEMPERATURE (F)
 YESTERDAY
  MAXIMUM         78   1141 AM  94    1995  81     -3       79
  MINIMUM         63    508 AM  46    2009  57      6       59
  AVERAGE         71                        69      2       69

PRECIPITATION (IN)
  YESTERDAY        0.05          1.80 1996   0.13  -0.08      T
  MONTH TO DATE    3.54                      1.66   1.88     2.21
  SINCE JUN 1      7.94                      5.21   2.73     7.90
  SINCE JAN 1     21.05                     19.70   1.35    19.83

DEGREE DAYS
 HEATING
  YESTERDAY        0                         1     -1        0
  MONTH TO DATE    0                        13    -13        0
  SINCE JUN 1     32                       103    -71       89
  SINCE JUL 1      0                        13    -13        0

 COOLING
  YESTERDAY        6                         5      1        4
  MONTH TO DATE   87                        57     30      131
  SINCE JUN 1    161                       126     35      231
  SINCE JAN 1    181                       138     43      264
..................................................................


WIND (MPH)
  HIGHEST WIND SPEED    20   HIGHEST WIND DIRECTION     S (190)
  HIGHEST GUST SPEED    26   HIGHEST GUST DIRECTION     S (200)
  AVERAGE WIND SPEED     8.3


SKY COVER
  AVERAGE SKY COVER 0.6



RELATIVE HUMIDITY (PERCENT)
 HIGHEST    93          1200 AM
 LOWEST     74           900 AM
 AVERAGE    84

..........................................................


THE GLENS FALLS NY CLIMATE NORMALS FOR TODAY
                         NORMAL    RECORD    YEAR
 MAXIMUM TEMPERATURE (F)   81        98      1995
 MINIMUM TEMPERATURE (F)   57        44      2007


SUNRISE AND SUNSET
JULY 14 2014..........SUNRISE   527 AM EDT   SUNSET   833 PM EDT
JULY 15 2014..........SUNRISE   528 AM EDT   SUNSET   833 PM EDT


-  INDICATES NEGATIVE NUMBERS.
R  INDICATES RECORD WAS SET OR TIED.
MM INDICATES DATA IS MISSING.
T  INDICATES TRACE AMOUNT.




$$
