000
CDUS41 KALY 060634
CLIGFL


CLIMATE REPORT
NATIONAL WEATHER SERVICE ALBANY NY
233 AM EDT TUE JUN 6 2017


...................................

...THE GLENS FALLS NY CLIMATE SUMMARY FOR JUNE 5 2017...

CLIMATE NORMAL PERIOD 1981 TO 2010
CLIMATE RECORD PERIOD 1949 TO 2017


WEATHER ITEM   OBSERVED TIME   RECORD YEAR NORMAL DEPARTURE LAST
                VALUE   (LST)  VALUE       VALUE  FROM      YEAR
                                                  NORMAL
..................................................................
TEMPERATURE (F)
 YESTERDAY
  MAXIMUM         63    148 PM  86    1984  74    -11       71
  MINIMUM         55   1159 PM  36    1990  49      6       58
  AVERAGE         59                        62     -3       65

PRECIPITATION (IN)
  YESTERDAY        0.29          1.80 2016   0.12   0.17     1.80
  MONTH TO DATE    0.63                      0.59   0.04     1.80
  SINCE JUN 1      0.63                      0.59   0.04     1.80
  SINCE JAN 1     16.97                     15.08   1.89    13.42

DEGREE DAYS
 HEATING
  YESTERDAY        6                         5      1        0
  MONTH TO DATE   44                        26     18        0
  SINCE JUN 1     44                        26     18        0
  SINCE JUL 1   6361                      7612  -1251     5883

 COOLING
  YESTERDAY        0                         1     -1        0
  MONTH TO DATE    0                         5     -5       23
  SINCE JUN 1      0                         5     -5       23
  SINCE JAN 1     21                        17      4       79
..................................................................


WIND (MPH)
  HIGHEST WIND SPEED    15   HIGHEST WIND DIRECTION     N (360)
  HIGHEST GUST SPEED    19   HIGHEST GUST DIRECTION     E (110)
  AVERAGE WIND SPEED     3.3


SKY COVER
  AVERAGE SKY COVER 1.0



RELATIVE HUMIDITY (PERCENT)
 HIGHEST    93           500 AM
 LOWEST     78           600 PM
 AVERAGE    86

..........................................................


THE GLENS FALLS NY CLIMATE NORMALS FOR TODAY
                         NORMAL    RECORD    YEAR
 MAXIMUM TEMPERATURE (F)   74        91      1968
 MINIMUM TEMPERATURE (F)   49        36      1964


SUNRISE AND SUNSET
JUNE  6 2017..........SUNRISE   515 AM EDT   SUNSET   832 PM EDT
JUNE  7 2017..........SUNRISE   515 AM EDT   SUNSET   833 PM EDT


-  INDICATES NEGATIVE NUMBERS.
R  INDICATES RECORD WAS SET OR TIED.
MM INDICATES DATA IS MISSING.
T  INDICATES TRACE AMOUNT.




$$
