000
CDUS41 KALY 180622
CLIGFL


CLIMATE REPORT
NATIONAL WEATHER SERVICE ALBANY NY
221 AM EDT THU AUG 18 2016


...................................

...THE GLENS FALLS NY CLIMATE SUMMARY FOR AUGUST 17 2016...

CLIMATE NORMAL PERIOD 1981 TO 2010
CLIMATE RECORD PERIOD 1949 TO 2016


WEATHER ITEM   OBSERVED TIME   RECORD YEAR NORMAL DEPARTURE LAST
                VALUE   (LST)  VALUE       VALUE  FROM      YEAR
                                                  NORMAL
..................................................................
TEMPERATURE (F)
 YESTERDAY
  MAXIMUM         79   1223 PM  93    1987  79      0       89
  MINIMUM         62   1158 PM  41    1979  55      7       62
  AVERAGE         71                        67      4       76

PRECIPITATION (IN)
  YESTERDAY        0.00          1.07 1974   0.13  -0.13     0.00
  MONTH TO DATE    1.53                      2.18  -0.65     1.43
  SINCE JUN 1      8.37                      9.82  -1.45     9.87
  SINCE JAN 1     19.99                     24.31  -4.32    17.18

DEGREE DAYS
 HEATING
  YESTERDAY        0                         1     -1        0
  MONTH TO DATE    0                        17    -17        1
  SINCE JUN 1     44                       128    -84       91
  SINCE JUL 1      0                        38    -38       12

 COOLING
  YESTERDAY        6                         3      3       11
  MONTH TO DATE  142                        67     75       90
  SINCE JUN 1    460                       275    185      333
  SINCE JAN 1    516                       287    229      409
..................................................................


WIND (MPH)
  HIGHEST WIND SPEED    21   HIGHEST WIND DIRECTION    NW (300)
  HIGHEST GUST SPEED    27   HIGHEST GUST DIRECTION    NW (300)
  AVERAGE WIND SPEED     5.9


SKY COVER
  AVERAGE SKY COVER 0.5



RELATIVE HUMIDITY (PERCENT)
 HIGHEST    93           800 PM
 LOWEST     54          1200 PM
 AVERAGE    74

..........................................................


THE GLENS FALLS NY CLIMATE NORMALS FOR TODAY
                         NORMAL    RECORD    YEAR
 MAXIMUM TEMPERATURE (F)   79        90      2002
 MINIMUM TEMPERATURE (F)   55        42      1981


SUNRISE AND SUNSET
AUGUST 18 2016........SUNRISE   603 AM EDT   SUNSET   752 PM EDT
AUGUST 19 2016........SUNRISE   605 AM EDT   SUNSET   750 PM EDT


-  INDICATES NEGATIVE NUMBERS.
R  INDICATES RECORD WAS SET OR TIED.
MM INDICATES DATA IS MISSING.
T  INDICATES TRACE AMOUNT.




$$
