368
CDUS41 KALY 080630
CLIGFL


CLIMATE REPORT
NATIONAL WEATHER SERVICE ALBANY NY
129 AM EST SUN JAN 8 2017


...................................

...THE GLENS FALLS NY CLIMATE SUMMARY FOR JANUARY 7 2017...

CLIMATE NORMAL PERIOD 1981 TO 2010
CLIMATE RECORD PERIOD 1949 TO 2017


WEATHER ITEM   OBSERVED TIME   RECORD YEAR NORMAL DEPARTURE LAST
                VALUE   (LST)  VALUE       VALUE  FROM      YEAR
                                                  NORMAL
..................................................................
TEMPERATURE (F)
 YESTERDAY
  MAXIMUM         23    349 PM  46    2008  28     -5       36
  MINIMUM          6    242 AM -25    1968   8     -2       13
  AVERAGE         15                        18     -3       25

PRECIPITATION (IN)
  YESTERDAY        0.00          0.90 1979   0.09  -0.09     0.00
  MONTH TO DATE    0.49                      0.63  -0.14     0.01
  SINCE DEC 1      3.36                      3.68  -0.32     4.06
  SINCE JAN 1      0.49                      0.63  -0.14     0.01

DEGREE DAYS
 HEATING
  YESTERDAY       50                        47      3       40
  MONTH TO DATE  273                       323    -50      282
  SINCE DEC 1   1418                      1563   -145     1105
  SINCE JUL 1   2734                      3261   -527     2396

 COOLING
  YESTERDAY        0                         0      0        0
  MONTH TO DATE    0                         0      0        0
  SINCE DEC 1      0                         0      0        0
  SINCE JAN 1      0                         0      0        0
..................................................................


WIND (MPH)
  HIGHEST WIND SPEED    13   HIGHEST WIND DIRECTION     N (360)
  HIGHEST GUST SPEED    15   HIGHEST GUST DIRECTION     N (350)
  AVERAGE WIND SPEED     3.7


SKY COVER
  AVERAGE SKY COVER 0.1



RELATIVE HUMIDITY (PERCENT)
 HIGHEST    80           200 AM
 LOWEST     43          1100 PM
 AVERAGE    62

..........................................................


THE GLENS FALLS NY CLIMATE NORMALS FOR TODAY
                         NORMAL    RECORD    YEAR
 MAXIMUM TEMPERATURE (F)   28        61      2008
 MINIMUM TEMPERATURE (F)    8       -33      1968


SUNRISE AND SUNSET
JANUARY  8 2017.......SUNRISE   726 AM EST   SUNSET   437 PM EST
JANUARY  9 2017.......SUNRISE   726 AM EST   SUNSET   438 PM EST


-  INDICATES NEGATIVE NUMBERS.
R  INDICATES RECORD WAS SET OR TIED.
MM INDICATES DATA IS MISSING.
T  INDICATES TRACE AMOUNT.




$$
