000
CDUS41 KALY 090631
CLIGFL


CLIMATE REPORT
NATIONAL WEATHER SERVICE ALBANY NY
227 AM EDT SAT JUL 9 2016


...................................

...THE GLENS FALLS NY CLIMATE SUMMARY FOR JULY 8 2016...

CLIMATE NORMAL PERIOD 1981 TO 2010
CLIMATE RECORD PERIOD 1949 TO 2016


WEATHER ITEM   OBSERVED TIME   RECORD YEAR NORMAL DEPARTURE LAST
                VALUE   (LST)  VALUE       VALUE  FROM      YEAR
                                                  NORMAL
..................................................................
TEMPERATURE (F)
 YESTERDAY
  MAXIMUM         81   1258 PM  96    1988  81      0       77
  MINIMUM         67    314 AM  46    2000  56     11       60
  AVERAGE         74                        69      5       69

PRECIPITATION (IN)
  YESTERDAY        0.87R         0.62 1958   0.13   0.74     0.01
  MONTH TO DATE    1.51                      0.99   0.52     0.44
  SINCE JUN 1      4.62                      4.54   0.08     6.66
  SINCE JAN 1     16.24                     19.03  -2.79    13.97

DEGREE DAYS
 HEATING
  YESTERDAY        0                         1     -1        0
  MONTH TO DATE    0                         8     -8        6
  SINCE JUN 1     44                        98    -54       85
  SINCE JUL 1      0                         8     -8        6

 COOLING
  YESTERDAY        9                         4      5        4
  MONTH TO DATE   49                        32     17       27
  SINCE JUN 1    152                       101     51       93
  SINCE JAN 1    208                       113     95      169
..................................................................


WIND (MPH)
  HIGHEST WIND SPEED    14   HIGHEST WIND DIRECTION     S (190)
  HIGHEST GUST SPEED    18   HIGHEST GUST DIRECTION     S (190)
  AVERAGE WIND SPEED     5.2


SKY COVER
  AVERAGE SKY COVER 0.5



RELATIVE HUMIDITY (PERCENT)
 HIGHEST    93           300 AM
 LOWEST     58           100 PM
 AVERAGE    76

..........................................................


THE GLENS FALLS NY CLIMATE NORMALS FOR TODAY
                         NORMAL    RECORD    YEAR
 MAXIMUM TEMPERATURE (F)   81        94      1993
 MINIMUM TEMPERATURE (F)   57        43      1963


SUNRISE AND SUNSET
JULY  9 2016..........SUNRISE   523 AM EDT   SUNSET   836 PM EDT
JULY 10 2016..........SUNRISE   524 AM EDT   SUNSET   835 PM EDT


-  INDICATES NEGATIVE NUMBERS.
R  INDICATES RECORD WAS SET OR TIED.
MM INDICATES DATA IS MISSING.
T  INDICATES TRACE AMOUNT.




$$
