000
CDUS41 KALY 030631
CLIGFL


CLIMATE REPORT
NATIONAL WEATHER SERVICE ALBANY NY
230 AM EDT SUN SEP 3 2017


...................................

...THE GLENS FALLS NY CLIMATE SUMMARY FOR SEPTEMBER 2 2017...

CLIMATE NORMAL PERIOD 1981 TO 2010
CLIMATE RECORD PERIOD 1949 TO 2017


WEATHER ITEM   OBSERVED TIME   RECORD YEAR NORMAL DEPARTURE LAST
                VALUE   (LST)  VALUE       VALUE  FROM      YEAR
                                                  NORMAL
..................................................................
TEMPERATURE (F)
 YESTERDAY
  MAXIMUM         70    348 PM  97    1953  76     -6       76
  MINIMUM         34R   453 AM  37    2007  52    -18       52
  AVERAGE         52                        64    -12       64

PRECIPITATION (IN)
  YESTERDAY        0.00          1.00 2013   0.10  -0.10     0.00
  MONTH TO DATE    0.00                      0.20  -0.20     0.00
  SINCE SEP 1      0.00                      0.20  -0.20     0.00
  SINCE JAN 1     27.13                     26.01   1.12    21.16

DEGREE DAYS
 HEATING
  YESTERDAY       13                         3     10        1
  MONTH TO DATE   26                         6     20        1
  SINCE SEP 1     26                         6     20        1
  SINCE JUL 1     93                        72     21        7

 COOLING
  YESTERDAY        0                         2     -2        0
  MONTH TO DATE    0                         4     -4        4
  SINCE SEP 1      0                         4     -4        4
  SINCE JAN 1    314                       331    -17      589
..................................................................


WIND (MPH)
  HIGHEST WIND SPEED     8   HIGHEST WIND DIRECTION     E (110)
  HIGHEST GUST SPEED    14   HIGHEST GUST DIRECTION     E (80)
  AVERAGE WIND SPEED     1.3


SKY COVER
  AVERAGE SKY COVER 0.1



RELATIVE HUMIDITY (PERCENT)
 HIGHEST   100           300 AM
 LOWEST     33           400 PM
 AVERAGE    67

..........................................................


THE GLENS FALLS NY CLIMATE NORMALS FOR TODAY
                         NORMAL    RECORD    YEAR
 MAXIMUM TEMPERATURE (F)   75        95      1973
 MINIMUM TEMPERATURE (F)   51        37      1976


SUNRISE AND SUNSET
SEPTEMBER  3 2017.....SUNRISE   621 AM EDT   SUNSET   726 PM EDT
SEPTEMBER  4 2017.....SUNRISE   622 AM EDT   SUNSET   724 PM EDT


-  INDICATES NEGATIVE NUMBERS.
R  INDICATES RECORD WAS SET OR TIED.
MM INDICATES DATA IS MISSING.
T  INDICATES TRACE AMOUNT.




$$
