000
CDUS41 KALY 300622
CLIGFL


CLIMATE REPORT
NATIONAL WEATHER SERVICE ALBANY NY
222 AM EDT MON JUN 30 2014


...................................

...THE GLENS FALLS NY CLIMATE SUMMARY FOR JUNE 29 2014...

CLIMATE NORMAL PERIOD 1981 TO 2010
CLIMATE RECORD PERIOD 1949 TO 2014


WEATHER ITEM   OBSERVED TIME   RECORD YEAR NORMAL DEPARTURE LAST
                VALUE   (LST)  VALUE       VALUE  FROM      YEAR
                                                  NORMAL
..................................................................
TEMPERATURE (F)
 YESTERDAY
  MAXIMUM         85    420 PM  93    1959  80      5       80
  MINIMUM         55    426 AM  44    1970  55      0       61
  AVERAGE         70                        68      2       71

PRECIPITATION (IN)
  YESTERDAY        0.00          1.31 1994   0.12  -0.12     0.01
  MONTH TO DATE    4.40                      3.43   0.97     5.68
  SINCE JUN 1      4.40                      3.43   0.97     5.68
  SINCE JAN 1     17.51                     17.92  -0.41    17.61

DEGREE DAYS
 HEATING
  YESTERDAY        0                         1     -1        0
  MONTH TO DATE   32                        88    -56       89
  SINCE JUN 1     32                        88    -56       89
  SINCE JUL 1   7929                      7674    255     7025

 COOLING
  YESTERDAY        5                         4      1        6
  MONTH TO DATE   65                        65      0       93
  SINCE JUN 1     65                        65      0       93
  SINCE JAN 1     85                        77      8      126
..................................................................


WIND (MPH)
  HIGHEST WIND SPEED    13   HIGHEST WIND DIRECTION     S (160)
  HIGHEST GUST SPEED    17   HIGHEST GUST DIRECTION     S (160)
  AVERAGE WIND SPEED     4.9


SKY COVER
  AVERAGE SKY COVER 0.0



RELATIVE HUMIDITY (PERCENT)
 HIGHEST   100          1200 AM
 LOWEST     44           400 PM
 AVERAGE    72

..........................................................


THE GLENS FALLS NY CLIMATE NORMALS FOR TODAY
                         NORMAL    RECORD    YEAR
 MAXIMUM TEMPERATURE (F)   80        97      1964
 MINIMUM TEMPERATURE (F)   55        44      2007


SUNRISE AND SUNSET
JUNE 30 2014..........SUNRISE   517 AM EDT   SUNSET   839 PM EDT
JULY  1 2014..........SUNRISE   518 AM EDT   SUNSET   839 PM EDT


-  INDICATES NEGATIVE NUMBERS.
R  INDICATES RECORD WAS SET OR TIED.
MM INDICATES DATA IS MISSING.
T  INDICATES TRACE AMOUNT.




$$
