921
CDUS41 KALY 130623
CLIGFL


CLIMATE REPORT
NATIONAL WEATHER SERVICE ALBANY NY
221 AM EDT THU JUL 13 2017


...................................

...THE GLENS FALLS NY CLIMATE SUMMARY FOR JULY 12 2017...

CLIMATE NORMAL PERIOD 1981 TO 2010
CLIMATE RECORD PERIOD 1949 TO 2017


WEATHER ITEM   OBSERVED TIME   RECORD YEAR NORMAL DEPARTURE LAST
                VALUE   (LST)  VALUE       VALUE  FROM      YEAR
                                                  NORMAL
..................................................................
TEMPERATURE (F)
 YESTERDAY
  MAXIMUM         84    257 PM  92    1983  81      3       83
  MINIMUM         61   1159 PM  43    2002  57      4       53
  AVERAGE         73                        69      4       68

PRECIPITATION (IN)
  YESTERDAY        0.22          2.35 2006   0.14   0.08     0.00
  MONTH TO DATE    3.65                      1.53   2.12     2.83
  SINCE JUN 1      7.39                      5.08   2.31     5.94
  SINCE JAN 1     23.73                     19.57   4.16    17.56

DEGREE DAYS
 HEATING
  YESTERDAY        0                         1     -1        0
  MONTH TO DATE    0                        12    -12        0
  SINCE JUN 1     93                       102     -9       44
  SINCE JUL 1      0                        12    -12        0

 COOLING
  YESTERDAY        8                         5      3        3
  MONTH TO DATE   60                        52      8       60
  SINCE JUN 1    148                       121     27      163
  SINCE JAN 1    169                       133     36      219
..................................................................


WIND (MPH)
  HIGHEST WIND SPEED    14   HIGHEST WIND DIRECTION     E (90)
  HIGHEST GUST SPEED    20   HIGHEST GUST DIRECTION    NE (40)
  AVERAGE WIND SPEED     4.4


SKY COVER
  AVERAGE SKY COVER 0.3



RELATIVE HUMIDITY (PERCENT)
 HIGHEST   100           300 AM
 LOWEST     59           200 PM
 AVERAGE    80

..........................................................


THE GLENS FALLS NY CLIMATE NORMALS FOR TODAY
                         NORMAL    RECORD    YEAR
 MAXIMUM TEMPERATURE (F)   81        94      1995
 MINIMUM TEMPERATURE (F)   57        46      2009


SUNRISE AND SUNSET
JULY 13 2017..........SUNRISE   526 AM EDT   SUNSET   834 PM EDT
JULY 14 2017..........SUNRISE   527 AM EDT   SUNSET   833 PM EDT


-  INDICATES NEGATIVE NUMBERS.
R  INDICATES RECORD WAS SET OR TIED.
MM INDICATES DATA IS MISSING.
T  INDICATES TRACE AMOUNT.




$$
