000
CDUS41 KALY 040625
CLIGFL


CLIMATE REPORT
NATIONAL WEATHER SERVICE ALBANY NY
124 AM EST THU JAN 4 2018


...................................

...THE GLENS FALLS NY CLIMATE SUMMARY FOR JANUARY 3 2018...

CLIMATE NORMAL PERIOD 1981 TO 2010
CLIMATE RECORD PERIOD 1949 TO 2018


WEATHER ITEM   OBSERVED TIME   RECORD YEAR NORMAL DEPARTURE LAST
                VALUE   (LST)  VALUE       VALUE  FROM      YEAR
                                                  NORMAL
..................................................................
TEMPERATURE (F)
 YESTERDAY
  MAXIMUM         20    244 PM  53    2000  29     -9       40
  MINIMUM         -5    809 PM -25    2014   9    -14       31
  AVERAGE          8                        19    -11       36

PRECIPITATION (IN)
  YESTERDAY        0.00          0.72 1960   0.09  -0.09     0.37
  MONTH TO DATE    T                         0.27  -0.27     0.40
  SINCE DEC 1      2.32                      3.32  -1.00     3.27
  SINCE JAN 1      T                         0.27  -0.27     0.40

DEGREE DAYS
 HEATING
  YESTERDAY       57                        46     11       29
  MONTH TO DATE  201                       137     64      108
  SINCE DEC 1   1575                      1377    198     1253
  SINCE JUL 1   2986                      3075    -89     2569

 COOLING
  YESTERDAY        0                         0      0        0
  MONTH TO DATE    0                         0      0        0
  SINCE DEC 1      0                         0      0        0
  SINCE JAN 1      0                         0      0        0
..................................................................


WIND (MPH)
  HIGHEST WIND SPEED    15   HIGHEST WIND DIRECTION     S (200)
  HIGHEST GUST SPEED    19   HIGHEST GUST DIRECTION     S (200)
  AVERAGE WIND SPEED     5.0


SKY COVER
  AVERAGE SKY COVER 0.1



RELATIVE HUMIDITY (PERCENT)
 HIGHEST    91          1000 PM
 LOWEST     45           200 PM
 AVERAGE    68

..........................................................


THE GLENS FALLS NY CLIMATE NORMALS FOR TODAY
                         NORMAL    RECORD    YEAR
 MAXIMUM TEMPERATURE (F)   29        63      1950
 MINIMUM TEMPERATURE (F)    9       -31      1981


SUNRISE AND SUNSET
JANUARY  4 2018.......SUNRISE   727 AM EST   SUNSET   432 PM EST
JANUARY  5 2018.......SUNRISE   727 AM EST   SUNSET   433 PM EST


-  INDICATES NEGATIVE NUMBERS.
R  INDICATES RECORD WAS SET OR TIED.
MM INDICATES DATA IS MISSING.
T  INDICATES TRACE AMOUNT.




$$
