424
CDUS41 KALY 252042
CLIGFL


CLIMATE REPORT
NATIONAL WEATHER SERVICE ALBANY NY
442 PM EDT TUE JUL 25 2017


...................................

...THE GLENS FALLS NY CLIMATE SUMMARY FOR JULY 25 2017...
VALID TODAY AS OF 0400 PM LOCAL TIME.

CLIMATE NORMAL PERIOD 1981 TO 2010
CLIMATE RECORD PERIOD 1949 TO 2017


WEATHER ITEM   OBSERVED TIME   RECORD YEAR NORMAL DEPARTURE LAST
                VALUE   (LST)  VALUE       VALUE  FROM      YEAR
                                                  NORMAL
..................................................................
TEMPERATURE (F)
 TODAY
  MAXIMUM         66    337 PM  94    1963  81    -15       86
  MINIMUM         57    641 AM  46    2002  57      0       63
  AVERAGE         62                        69     -7       75

PRECIPITATION (IN)
  TODAY            0.02          0.95 1999   0.14  -0.12      T
  MONTH TO DATE    5.45                      3.27   2.18     3.71
  SINCE JUN 1      9.19                      6.82   2.37     6.82
  SINCE JAN 1     25.53                     21.31   4.22    18.44

DEGREE DAYS
 HEATING
  TODAY            3                         1      2        0
  MONTH TO DATE    8                        25    -17        0
  SINCE JUN 1    101                       115    -14       44
  SINCE JUL 1      8                        25    -17        0

 COOLING
  TODAY            0                         5     -5       10
  MONTH TO DATE  115                       117     -2      168
  SINCE JUN 1    203                       186     17      271
  SINCE JAN 1    224                       198     26      327
..................................................................


WIND (MPH)
  HIGHEST WIND SPEED     8   HIGHEST WIND DIRECTION     E (70)
  HIGHEST GUST SPEED    12   HIGHEST GUST DIRECTION     E (70)
  AVERAGE WIND SPEED     3.0


SKY COVER
  AVERAGE SKY COVER 1.0



RELATIVE HUMIDITY (PERCENT)
 HIGHEST    86           400 AM
 LOWEST     68           300 PM
 AVERAGE    77

..........................................................


THE GLENS FALLS NY CLIMATE NORMALS FOR TOMORROW
                         NORMAL    RECORD    YEAR
 MAXIMUM TEMPERATURE (F)   81        93      1963
 MINIMUM TEMPERATURE (F)   57        44      1976


SUNRISE AND SUNSET
JULY 25 2017..........SUNRISE   537 AM EDT   SUNSET   824 PM EDT
JULY 26 2017..........SUNRISE   538 AM EDT   SUNSET   823 PM EDT


-  INDICATES NEGATIVE NUMBERS.
R  INDICATES RECORD WAS SET OR TIED.
MM INDICATES DATA IS MISSING.
T  INDICATES TRACE AMOUNT.




$$
