000
CDUS41 KALY 260622
CLIGFL


CLIMATE REPORT
NATIONAL WEATHER SERVICE ALBANY NY
221 AM EDT SUN MAR 26 2017


...................................

...THE GLENS FALLS NY CLIMATE SUMMARY FOR MARCH 25 2017...

CLIMATE NORMAL PERIOD 1981 TO 2010
CLIMATE RECORD PERIOD 1949 TO 2017


WEATHER ITEM   OBSERVED TIME   RECORD YEAR NORMAL DEPARTURE LAST
                VALUE   (LST)  VALUE       VALUE  FROM      YEAR
                                                  NORMAL
..................................................................
TEMPERATURE (F)
 YESTERDAY
  MAXIMUM         39    436 PM  67    1987  46     -7       55
  MINIMUM         25   1159 PM   2    2014  24      1       36
  AVERAGE         32                        35     -3       46

PRECIPITATION (IN)
  YESTERDAY        0.20          0.72 1969   0.10   0.10     0.37
  MONTH TO DATE    0.93                      2.38  -1.45     1.83
  SINCE MAR 1      0.93                      2.38  -1.45     1.83
  SINCE JAN 1      5.62                      7.32  -1.70     6.62

DEGREE DAYS
 HEATING
  YESTERDAY       33                        30      3       19
  MONTH TO DATE  890                       874     16      687
  SINCE MAR 1    890                       874     16      687
  SINCE JUL 1   5412                      6494  -1082     4867

 COOLING
  YESTERDAY        0                         0      0        0
  MONTH TO DATE    0                         0      0        0
  SINCE MAR 1      0                         0      0        0
  SINCE JAN 1      0                         0      0        0
..................................................................


WIND (MPH)
  HIGHEST WIND SPEED    12   HIGHEST WIND DIRECTION    NE (40)
  HIGHEST GUST SPEED    14   HIGHEST GUST DIRECTION    NE (40)
  AVERAGE WIND SPEED     4.6


SKY COVER
  AVERAGE SKY COVER 0.9



RELATIVE HUMIDITY (PERCENT)
 HIGHEST    96           600 AM
 LOWEST     69           900 PM
 AVERAGE    83

..........................................................


THE GLENS FALLS NY CLIMATE NORMALS FOR TODAY
                         NORMAL    RECORD    YEAR
 MAXIMUM TEMPERATURE (F)   47        70      1986
 MINIMUM TEMPERATURE (F)   25        -1      1960


SUNRISE AND SUNSET
MARCH 26 2017.........SUNRISE   647 AM EDT   SUNSET   714 PM EDT
MARCH 27 2017.........SUNRISE   645 AM EDT   SUNSET   715 PM EDT


-  INDICATES NEGATIVE NUMBERS.
R  INDICATES RECORD WAS SET OR TIED.
MM INDICATES DATA IS MISSING.
T  INDICATES TRACE AMOUNT.




$$
