000
CDUS41 KALY 232154
CLIGFL


CLIMATE REPORT
NATIONAL WEATHER SERVICE ALBANY NY
454 PM EST FRI FEB 23 2018


...................................

...THE GLENS FALLS NY CLIMATE SUMMARY FOR FEBRUARY 23 2018...
VALID TODAY AS OF 0400 PM LOCAL TIME.

CLIMATE NORMAL PERIOD 1981 TO 2010
CLIMATE RECORD PERIOD 1949 TO 2018


WEATHER ITEM   OBSERVED TIME   RECORD YEAR NORMAL DEPARTURE LAST
                VALUE   (LST)  VALUE       VALUE  FROM      YEAR
                                                  NORMAL
..................................................................
TEMPERATURE (F)
 TODAY
  MAXIMUM         32    450 PM  68    2017  35     -3       68
  MINIMUM         13    637 AM -20    2015  12      1       34
  AVERAGE         23                        24     -1       51

PRECIPITATION (IN)
  TODAY            0.01          0.69 1950   0.08  -0.07     0.00
  MONTH TO DATE    1.77                      1.68   0.09     1.85
  SINCE DEC 1      6.36                      7.59  -1.23     6.90
  SINCE JAN 1      4.04                      4.54  -0.50     4.03

DEGREE DAYS
 HEATING
  TODAY           42                        42      0       14
  MONTH TO DATE  930                      1021    -91      842
  SINCE DEC 1   3748                      3719     29     3095
  SINCE JUL 1   5159                      5417   -258     4411

 COOLING
  TODAY            0                         0      0        0
  MONTH TO DATE    0                         0      0        0
  SINCE DEC 1      0                         0      0        0
  SINCE JAN 1      0                         0      0        0
..................................................................


WIND (MPH)
  HIGHEST WIND SPEED    12   HIGHEST WIND DIRECTION     S (200)
  HIGHEST GUST SPEED    16   HIGHEST GUST DIRECTION    SW (220)
  AVERAGE WIND SPEED     3.5


SKY COVER
  AVERAGE SKY COVER 0.4



RELATIVE HUMIDITY (PERCENT)
 HIGHEST   100           800 AM
 LOWEST     66          1200 PM
 AVERAGE    83

..........................................................


THE GLENS FALLS NY CLIMATE NORMALS FOR TOMORROW
                         NORMAL    RECORD    YEAR
 MAXIMUM TEMPERATURE (F)   35        59      2017
 MINIMUM TEMPERATURE (F)   12       -26      2015


SUNRISE AND SUNSET
FEBRUARY 23 2018......SUNRISE   640 AM EST   SUNSET   536 PM EST
FEBRUARY 24 2018......SUNRISE   639 AM EST   SUNSET   537 PM EST


-  INDICATES NEGATIVE NUMBERS.
R  INDICATES RECORD WAS SET OR TIED.
MM INDICATES DATA IS MISSING.
T  INDICATES TRACE AMOUNT.




$$
