000
CDUS41 KALY 050622
CLIGFL


CLIMATE REPORT
NATIONAL WEATHER SERVICE ALBANY NY
221 AM EDT SAT APR 5 2014


...................................

...THE GLENS FALLS NY CLIMATE SUMMARY FOR APRIL 4 2014...

CLIMATE NORMAL PERIOD 1981 TO 2010
CLIMATE RECORD PERIOD 1949 TO 2014


WEATHER ITEM   OBSERVED TIME   RECORD YEAR NORMAL DEPARTURE LAST
                VALUE   (LST)  VALUE       VALUE  FROM      YEAR
                                                  NORMAL
..................................................................
TEMPERATURE (F)
 YESTERDAY
  MAXIMUM         48    213 PM  76    1950  51     -3       52
  MINIMUM         31    229 AM  13    1954  28      3       20
  AVERAGE         40                        40      0       36

PRECIPITATION (IN)
  YESTERDAY        0.43          1.13 2007   0.09   0.34     0.00
  MONTH TO DATE    0.43                      0.38   0.05     0.02
  SINCE MAR 1      3.15                      3.32  -0.17     3.13
  SINCE JAN 1      7.68                      8.26  -0.58     5.43

DEGREE DAYS
 HEATING
  YESTERDAY       25                        25      0       29
  MONTH TO DATE  106                       104      2      122
  SINCE MAR 1   1416                      1147    269     1108
  SINCE JUL 1   7185                      6767    418     6209

 COOLING
  YESTERDAY        0                         0      0        0
  MONTH TO DATE    0                         0      0        0
  SINCE MAR 1      0                         0      0        0
  SINCE JAN 1      0                         0      0        0
..................................................................


WIND (MPH)
  HIGHEST WIND SPEED    15   HIGHEST WIND DIRECTION     S (170)
  HIGHEST GUST SPEED    21   HIGHEST GUST DIRECTION     S (160)
  AVERAGE WIND SPEED     5.3


SKY COVER
  AVERAGE SKY COVER 0.6



RELATIVE HUMIDITY (PERCENT)
 HIGHEST    92           700 PM
 LOWEST     42          1200 PM
 AVERAGE    67

..........................................................


THE GLENS FALLS NY CLIMATE NORMALS FOR TODAY
                         NORMAL    RECORD    YEAR
 MAXIMUM TEMPERATURE (F)   52        71      2010
 MINIMUM TEMPERATURE (F)   29        12      1982


SUNRISE AND SUNSET
APRIL  5 2014.........SUNRISE   629 AM EDT   SUNSET   726 PM EDT
APRIL  6 2014.........SUNRISE   628 AM EDT   SUNSET   727 PM EDT


-  INDICATES NEGATIVE NUMBERS.
R  INDICATES RECORD WAS SET OR TIED.
MM INDICATES DATA IS MISSING.
T  INDICATES TRACE AMOUNT.




$$
