000
CDUS41 KALY 120624
CLIGFL


CLIMATE REPORT
NATIONAL WEATHER SERVICE ALBANY NY
224 AM EDT TUE MAY 12 2015


...................................

...THE GLENS FALLS NY CLIMATE SUMMARY FOR MAY 11 2015...

CLIMATE NORMAL PERIOD 1981 TO 2010
CLIMATE RECORD PERIOD 1949 TO 2015


WEATHER ITEM   OBSERVED TIME   RECORD YEAR NORMAL DEPARTURE LAST
                VALUE   (LST)  VALUE       VALUE  FROM      YEAR
                                                  NORMAL
..................................................................
TEMPERATURE (F)
 YESTERDAY
  MAXIMUM         86    359 PM  90    1993  67     19       77
  MINIMUM         58    659 AM  22    1966  41     17       45
  AVERAGE         72                        54     18       61

PRECIPITATION (IN)
  YESTERDAY        0.21          0.94 1981   0.11   0.10     0.00
  MONTH TO DATE    0.27                      1.25  -0.98     0.85
  SINCE MAR 1      2.92                      7.19  -4.27     6.39
  SINCE JAN 1      4.97                     12.13  -7.16    10.92

DEGREE DAYS
 HEATING
  YESTERDAY        0                        11    -11        4
  MONTH TO DATE   38                       142   -104      117
  SINCE MAR 1   1820                      1798     22     2021
  SINCE JUL 1   7501                      7418     83     7790

 COOLING
  YESTERDAY        7                         0      7        0
  MONTH TO DATE   28                         0     28        6
  SINCE MAR 1     28                         1     27        6
  SINCE JAN 1     28                         1     27        6
..................................................................


WIND (MPH)
  HIGHEST WIND SPEED    21   HIGHEST WIND DIRECTION     N (10)
  HIGHEST GUST SPEED    27   HIGHEST GUST DIRECTION     N (10)
  AVERAGE WIND SPEED     6.4


SKY COVER
  AVERAGE SKY COVER 0.7



RELATIVE HUMIDITY (PERCENT)
 HIGHEST    97           300 AM
 LOWEST     48           400 PM
 AVERAGE    73

..........................................................


THE GLENS FALLS NY CLIMATE NORMALS FOR TODAY
                         NORMAL    RECORD    YEAR
 MAXIMUM TEMPERATURE (F)   67        87      2014
                                             1991
 MINIMUM TEMPERATURE (F)   41        28      2005


SUNRISE AND SUNSET
MAY 12 2015...........SUNRISE   534 AM EDT   SUNSET   808 PM EDT
MAY 13 2015...........SUNRISE   533 AM EDT   SUNSET   809 PM EDT


-  INDICATES NEGATIVE NUMBERS.
R  INDICATES RECORD WAS SET OR TIED.
MM INDICATES DATA IS MISSING.
T  INDICATES TRACE AMOUNT.




$$
