000
CDUS41 KALY 040624
CLIGFL


CLIMATE REPORT
NATIONAL WEATHER SERVICE ALBANY NY
124 AM EST WED JAN 4 2017


...................................

...THE GLENS FALLS NY CLIMATE SUMMARY FOR JANUARY 3 2017...

CLIMATE NORMAL PERIOD 1981 TO 2010
CLIMATE RECORD PERIOD 1949 TO 2017


WEATHER ITEM   OBSERVED TIME   RECORD YEAR NORMAL DEPARTURE LAST
                VALUE   (LST)  VALUE       VALUE  FROM      YEAR
                                                  NORMAL
..................................................................
TEMPERATURE (F)
 YESTERDAY
  MAXIMUM         40    611 PM  53    2000  29     11       39
  MINIMUM         31    133 AM -25    2014   9     22       29
  AVERAGE         36                        19     17       34

PRECIPITATION (IN)
  YESTERDAY        0.37          0.72 1960   0.09   0.28     0.01
  MONTH TO DATE    0.40                      0.27   0.13     0.01
  SINCE DEC 1      3.27                      3.32  -0.05     4.06
  SINCE JAN 1      0.40                      0.27   0.13     0.01

DEGREE DAYS
 HEATING
  YESTERDAY       29                        46    -17       31
  MONTH TO DATE  108                       137    -29       94
  SINCE DEC 1   1253                      1377   -124      917
  SINCE JUL 1   2569                      3075   -506     2208

 COOLING
  YESTERDAY        0                         0      0        0
  MONTH TO DATE    0                         0      0        0
  SINCE DEC 1      0                         0      0        0
  SINCE JAN 1      0                         0      0        0
..................................................................


WIND (MPH)
  HIGHEST WIND SPEED    10   HIGHEST WIND DIRECTION    NE (50)
  HIGHEST GUST SPEED    13   HIGHEST GUST DIRECTION    NW (330)
  AVERAGE WIND SPEED     4.7


SKY COVER
  AVERAGE SKY COVER 1.0



RELATIVE HUMIDITY (PERCENT)
 HIGHEST    85           400 PM
 LOWEST     69           500 AM
 AVERAGE    77

..........................................................


THE GLENS FALLS NY CLIMATE NORMALS FOR TODAY
                         NORMAL    RECORD    YEAR
 MAXIMUM TEMPERATURE (F)   29        63      1950
 MINIMUM TEMPERATURE (F)    9       -31      1981


SUNRISE AND SUNSET
JANUARY  4 2017.......SUNRISE   727 AM EST   SUNSET   432 PM EST
JANUARY  5 2017.......SUNRISE   727 AM EST   SUNSET   433 PM EST


-  INDICATES NEGATIVE NUMBERS.
R  INDICATES RECORD WAS SET OR TIED.
MM INDICATES DATA IS MISSING.
T  INDICATES TRACE AMOUNT.




$$
