472
CDUS41 KALY 180622
CLIGFL


CLIMATE REPORT
NATIONAL WEATHER SERVICE ALBANY NY
222 AM EDT MON JUL 18 2016


...................................

...THE GLENS FALLS NY CLIMATE SUMMARY FOR JULY 17 2016...

CLIMATE NORMAL PERIOD 1981 TO 2010
CLIMATE RECORD PERIOD 1949 TO 2016


WEATHER ITEM   OBSERVED TIME   RECORD YEAR NORMAL DEPARTURE LAST
                VALUE   (LST)  VALUE       VALUE  FROM      YEAR
                                                  NORMAL
..................................................................
TEMPERATURE (F)
 YESTERDAY
  MAXIMUM         84    354 PM  99    1953  81      3       80
  MINIMUM         62   1159 PM  46    1954  57      5       49
  AVERAGE         73                        69      4       65

PRECIPITATION (IN)
  YESTERDAY        0.27          0.99 1988   0.14   0.13     0.09
  MONTH TO DATE    3.22                      2.18   1.04     0.65
  SINCE JUN 1      6.33                      5.73   0.60     6.87
  SINCE JAN 1     17.95                     20.22  -2.27    14.18

DEGREE DAYS
 HEATING
  YESTERDAY        0                         1     -1        0
  MONTH TO DATE    0                        17    -17       11
  SINCE JUN 1     44                       107    -63       90
  SINCE JUL 1      0                        17    -17       11

 COOLING
  YESTERDAY        8                         5      3        0
  MONTH TO DATE  111                        77     34       66
  SINCE JUN 1    214                       146     68      132
  SINCE JAN 1    270                       158    112      208
..................................................................


WIND (MPH)
  HIGHEST WIND SPEED    15   HIGHEST WIND DIRECTION    SW (220)
  HIGHEST GUST SPEED    20   HIGHEST GUST DIRECTION    SW (210)
  AVERAGE WIND SPEED     3.6


SKY COVER
  AVERAGE SKY COVER 0.4



RELATIVE HUMIDITY (PERCENT)
 HIGHEST    93           600 AM
 LOWEST     43           400 PM
 AVERAGE    68

..........................................................


THE GLENS FALLS NY CLIMATE NORMALS FOR TODAY
                         NORMAL    RECORD    YEAR
 MAXIMUM TEMPERATURE (F)   81        97      1953
 MINIMUM TEMPERATURE (F)   57        48      1956


SUNRISE AND SUNSET
JULY 18 2016..........SUNRISE   531 AM EDT   SUNSET   830 PM EDT
JULY 19 2016..........SUNRISE   532 AM EDT   SUNSET   829 PM EDT


-  INDICATES NEGATIVE NUMBERS.
R  INDICATES RECORD WAS SET OR TIED.
MM INDICATES DATA IS MISSING.
T  INDICATES TRACE AMOUNT.




$$
