000
CDUS41 KALY 110632
CLIGFL


CLIMATE REPORT
NATIONAL WEATHER SERVICE ALBANY NY
131 AM EST SUN FEB 11 2018


...................................

...THE GLENS FALLS NY CLIMATE SUMMARY FOR FEBRUARY 10 2018...

CLIMATE NORMAL PERIOD 1981 TO 2010
CLIMATE RECORD PERIOD 1949 TO 2018


WEATHER ITEM   OBSERVED TIME   RECORD YEAR NORMAL DEPARTURE LAST
                VALUE   (LST)  VALUE       VALUE  FROM      YEAR
                                                  NORMAL
..................................................................
TEMPERATURE (F)
 YESTERDAY
  MAXIMUM         38    411 PM  50    1955  32      6       25
  MINIMUM         19    349 AM -30    1994   8     11       -5
  AVERAGE         29                        20      9       10

PRECIPITATION (IN)
  YESTERDAY        0.02          1.04 2002   0.07  -0.05     0.01
  MONTH TO DATE    1.46                      0.76   0.70     1.13
  SINCE DEC 1      6.05                      6.67  -0.62     6.18
  SINCE JAN 1      3.73                      3.62   0.11     3.31

DEGREE DAYS
 HEATING
  YESTERDAY       36                        45     -9       55
  MONTH TO DATE  469                       458     11      393
  SINCE DEC 1   3287                      3156    131     2646
  SINCE JUL 1   4698                      4854   -156     3962

 COOLING
  YESTERDAY        0                         0      0        0
  MONTH TO DATE    0                         0      0        0
  SINCE DEC 1      0                         0      0        0
  SINCE JAN 1      0                         0      0        0
..................................................................


WIND (MPH)
  HIGHEST WIND SPEED    15   HIGHEST WIND DIRECTION    NE (50)
  HIGHEST GUST SPEED    17   HIGHEST GUST DIRECTION    NE (40)
  AVERAGE WIND SPEED     2.8


SKY COVER
  AVERAGE SKY COVER 1.0



RELATIVE HUMIDITY (PERCENT)
 HIGHEST   100          1000 AM
 LOWEST     85           100 PM
 AVERAGE    93

..........................................................


THE GLENS FALLS NY CLIMATE NORMALS FOR TODAY
                         NORMAL    RECORD    YEAR
 MAXIMUM TEMPERATURE (F)   32        57      1981
 MINIMUM TEMPERATURE (F)    9       -21      1979


SUNRISE AND SUNSET
FEBRUARY 11 2018......SUNRISE   658 AM EST   SUNSET   520 PM EST
FEBRUARY 12 2018......SUNRISE   657 AM EST   SUNSET   521 PM EST


-  INDICATES NEGATIVE NUMBERS.
R  INDICATES RECORD WAS SET OR TIED.
MM INDICATES DATA IS MISSING.
T  INDICATES TRACE AMOUNT.




$$
