000
CDUS41 KALY 070630
CLIGFL


CLIMATE REPORT
NATIONAL WEATHER SERVICE ALBANY NY
229 AM EDT FRI JUL 7 2017


...................................

...THE GLENS FALLS NY CLIMATE SUMMARY FOR JULY 6 2017...

CLIMATE NORMAL PERIOD 1981 TO 2010
CLIMATE RECORD PERIOD 1949 TO 2017


WEATHER ITEM   OBSERVED TIME   RECORD YEAR NORMAL DEPARTURE LAST
                VALUE   (LST)  VALUE       VALUE  FROM      YEAR
                                                  NORMAL
..................................................................
TEMPERATURE (F)
 YESTERDAY
  MAXIMUM         78    421 PM  94    2010  81     -3       90
  MINIMUM         59    315 AM  43    1979  56      3       60
  AVERAGE         69                        68      1       75

PRECIPITATION (IN)
  YESTERDAY        0.03          0.86 1984   0.12  -0.09     0.00
  MONTH TO DATE    3.33                      0.74   2.59     0.64
  SINCE JUN 1      7.07                      4.29   2.78     3.75
  SINCE JAN 1     23.41                     18.78   4.63    15.37

DEGREE DAYS
 HEATING
  YESTERDAY        0                         1     -1        0
  MONTH TO DATE    0                         6     -6        0
  SINCE JUN 1     93                        96     -3       44
  SINCE JUL 1      0                         6     -6        0

 COOLING
  YESTERDAY        4                         4      0       10
  MONTH TO DATE   26                        24      2       26
  SINCE JUN 1    114                        93     21      129
  SINCE JAN 1    135                       105     30      185
..................................................................


WIND (MPH)
  HIGHEST WIND SPEED    16   HIGHEST WIND DIRECTION     S (200)
  HIGHEST GUST SPEED    21   HIGHEST GUST DIRECTION     S (180)
  AVERAGE WIND SPEED     4.9


SKY COVER
  AVERAGE SKY COVER 0.3



RELATIVE HUMIDITY (PERCENT)
 HIGHEST    90           100 AM
 LOWEST     56           300 PM
 AVERAGE    73

..........................................................


THE GLENS FALLS NY CLIMATE NORMALS FOR TODAY
                         NORMAL    RECORD    YEAR
 MAXIMUM TEMPERATURE (F)   81        95      2010
 MINIMUM TEMPERATURE (F)   56        42      1979


SUNRISE AND SUNSET
JULY  7 2017..........SUNRISE   522 AM EDT   SUNSET   837 PM EDT
JULY  8 2017..........SUNRISE   522 AM EDT   SUNSET   836 PM EDT


-  INDICATES NEGATIVE NUMBERS.
R  INDICATES RECORD WAS SET OR TIED.
MM INDICATES DATA IS MISSING.
T  INDICATES TRACE AMOUNT.




$$
