000
CDUS41 KALY 110622
CLIGFL


CLIMATE REPORT
NATIONAL WEATHER SERVICE ALBANY NY
221 AM EDT MON AUG 11 2014


...................................

...THE GLENS FALLS NY CLIMATE SUMMARY FOR AUGUST 10 2014...

CLIMATE NORMAL PERIOD 1981 TO 2010
CLIMATE RECORD PERIOD 1949 TO 2014


WEATHER ITEM   OBSERVED TIME   RECORD YEAR NORMAL DEPARTURE LAST
                VALUE   (LST)  VALUE       VALUE  FROM      YEAR
                                                  NORMAL
..................................................................
TEMPERATURE (F)
 YESTERDAY
  MAXIMUM         84    330 PM  97    1949  80      4       79
  MINIMUM         54    444 AM  44    1999  56     -2       53
  AVERAGE         69                        68      1       66

PRECIPITATION (IN)
  YESTERDAY        0.00          1.82 1953   0.13  -0.13     0.00
  MONTH TO DATE    0.24                      1.31  -1.07     0.87
  SINCE JUN 1     10.34                      8.95   1.39    11.29
  SINCE JAN 1     23.45                     23.44   0.01    23.22

DEGREE DAYS
 HEATING
  YESTERDAY        0                         1     -1        0
  MONTH TO DATE    0                        10    -10        9
  SINCE JUN 1     33                       121    -88      103
  SINCE JUL 1      1                        31    -30       14

 COOLING
  YESTERDAY        4                         4      0        1
  MONTH TO DATE   42                        40      2       32
  SINCE JUN 1    275                       248     27      395
  SINCE JAN 1    295                       260     35      428
..................................................................


WIND (MPH)
  HIGHEST WIND SPEED     7   HIGHEST WIND DIRECTION    NE (60)
  HIGHEST GUST SPEED    10   HIGHEST GUST DIRECTION    NW (310)
  AVERAGE WIND SPEED     0.7


SKY COVER
  AVERAGE SKY COVER 0.0



RELATIVE HUMIDITY (PERCENT)
 HIGHEST   100           300 AM
 LOWEST     32           200 PM
 AVERAGE    66

..........................................................


THE GLENS FALLS NY CLIMATE NORMALS FOR TODAY
                         NORMAL    RECORD    YEAR
 MAXIMUM TEMPERATURE (F)   80        91      2002
 MINIMUM TEMPERATURE (F)   56        43      1976


SUNRISE AND SUNSET
AUGUST 11 2014........SUNRISE   555 AM EDT   SUNSET   803 PM EDT
AUGUST 12 2014........SUNRISE   556 AM EDT   SUNSET   802 PM EDT


-  INDICATES NEGATIVE NUMBERS.
R  INDICATES RECORD WAS SET OR TIED.
MM INDICATES DATA IS MISSING.
T  INDICATES TRACE AMOUNT.




$$
