000
CDUS41 KALY 032056
CLIGFL


CLIMATE REPORT
NATIONAL WEATHER SERVICE ALBANY NY
456 PM EDT SUN JUL 3 2016


...................................

...THE GLENS FALLS NY CLIMATE SUMMARY FOR JULY 3 2016...
VALID TODAY AS OF 0400 PM LOCAL TIME.

CLIMATE NORMAL PERIOD 1981 TO 2010
CLIMATE RECORD PERIOD 1949 TO 2016


WEATHER ITEM   OBSERVED TIME   RECORD YEAR NORMAL DEPARTURE LAST
                VALUE   (LST)  VALUE       VALUE  FROM      YEAR
                                                  NORMAL
..................................................................
TEMPERATURE (F)
 TODAY
  MAXIMUM         82    313 PM  97    1966  80      2       76
  MINIMUM         49    447 AM  42    2007  56     -7       50
  AVERAGE         66                        68     -2       63

PRECIPITATION (IN)
  TODAY            0.00          2.44 1997   0.12  -0.12     0.00
  MONTH TO DATE    0.64                      0.37   0.27     0.19
  SINCE JUN 1      3.75                      3.92  -0.17     6.41
  SINCE JAN 1     15.37                     18.41  -3.04    13.72

DEGREE DAYS
 HEATING
  TODAY            0                         1     -1        2
  MONTH TO DATE    0                         3     -3        2
  SINCE JUN 1     44                        93    -49       81
  SINCE JUL 1      0                         3     -3        2

 COOLING
  TODAY            1                         4     -3        0
  MONTH TO DATE    3                        12     -9        5
  SINCE JUN 1    106                        81     25       71
  SINCE JAN 1    162                        93     69      147
..................................................................


WIND (MPH)
  HIGHEST WIND SPEED    14   HIGHEST WIND DIRECTION     W (250)
  HIGHEST GUST SPEED    18   HIGHEST GUST DIRECTION     W (270)
  AVERAGE WIND SPEED     2.7


SKY COVER
  AVERAGE SKY COVER 0.1



RELATIVE HUMIDITY (PERCENT)
 HIGHEST    93           400 AM
 LOWEST     30           200 PM
 AVERAGE    62

..........................................................


THE GLENS FALLS NY CLIMATE NORMALS FOR TOMORROW
                         NORMAL    RECORD    YEAR
 MAXIMUM TEMPERATURE (F)   81        95      1949
 MINIMUM TEMPERATURE (F)   56        40      1979


SUNRISE AND SUNSET
JULY  3 2016..........SUNRISE   519 AM EDT   SUNSET   838 PM EDT
JULY  4 2016..........SUNRISE   520 AM EDT   SUNSET   838 PM EDT


-  INDICATES NEGATIVE NUMBERS.
R  INDICATES RECORD WAS SET OR TIED.
MM INDICATES DATA IS MISSING.
T  INDICATES TRACE AMOUNT.




$$
