000
CDUS41 KALY 282049
CLIGFL


CLIMATE REPORT
NATIONAL WEATHER SERVICE ALBANY NY
449 PM EDT FRI MAR 28 2014


...................................

...THE GLENS FALLS NY CLIMATE SUMMARY FOR MARCH 28 2014...
VALID TODAY AS OF 0400 PM LOCAL TIME.

CLIMATE NORMAL PERIOD 1981 TO 2010
CLIMATE RECORD PERIOD 1949 TO 2014


WEATHER ITEM   OBSERVED TIME   RECORD YEAR NORMAL DEPARTURE LAST
                VALUE   (LST)  VALUE       VALUE  FROM      YEAR
                                                  NORMAL
..................................................................
TEMPERATURE (F)
 TODAY
  MAXIMUM         39    347 PM  76    1998  48     -9       50
  MINIMUM         31    455 AM   8    1982  25      6       32
  AVERAGE         35                        36     -1       41

PRECIPITATION (IN)
  TODAY            0.23          1.09 2005   0.09   0.14      T
  MONTH TO DATE    1.76                      2.66  -0.90     2.81
  SINCE MAR 1      1.76                      2.66  -0.90     2.81
  SINCE JAN 1      6.29                      7.60  -1.31     5.11

DEGREE DAYS
 HEATING
  TODAY           30                        28      2       24
  MONTH TO DATE 1233                       960    273      906
  SINCE MAR 1   1233                       960    273      906
  SINCE JUL 1   7002                      6580    422     6007

 COOLING
  TODAY            0                         0      0        0
  MONTH TO DATE    0                         0      0        0
  SINCE MAR 1      0                         0      0        0
  SINCE JAN 1      0                         0      0        0
..................................................................


WIND (MPH)
  HIGHEST WIND SPEED    18   HIGHEST WIND DIRECTION     S (200)
  HIGHEST GUST SPEED    24   HIGHEST GUST DIRECTION    SW (210)
  AVERAGE WIND SPEED     6.7


SKY COVER
  AVERAGE SKY COVER 1.0



RELATIVE HUMIDITY (PERCENT)
 HIGHEST    92           500 AM
 LOWEST     37          1200 AM
 AVERAGE    65

..........................................................


THE GLENS FALLS NY CLIMATE NORMALS FOR TOMORROW
                         NORMAL    RECORD    YEAR
 MAXIMUM TEMPERATURE (F)   48        79      1981
 MINIMUM TEMPERATURE (F)   26         6      1959


SUNRISE AND SUNSET
MARCH 28 2014.........SUNRISE   643 AM EDT   SUNSET   716 PM EDT
MARCH 29 2014.........SUNRISE   642 AM EDT   SUNSET   717 PM EDT


-  INDICATES NEGATIVE NUMBERS.
R  INDICATES RECORD WAS SET OR TIED.
MM INDICATES DATA IS MISSING.
T  INDICATES TRACE AMOUNT.




$$
