000
CDUS41 KALY 232055
CLIGFL


CLIMATE REPORT
NATIONAL WEATHER SERVICE ALBANY NY
454 PM EDT TUE JUN 23 2015


...................................

...THE GLENS FALLS NY CLIMATE SUMMARY FOR JUNE 23 2015...
VALID TODAY AS OF 0400 PM LOCAL TIME.

CLIMATE NORMAL PERIOD 1981 TO 2010
CLIMATE RECORD PERIOD 1949 TO 2015


WEATHER ITEM   OBSERVED TIME   RECORD YEAR NORMAL DEPARTURE LAST
                VALUE   (LST)  VALUE       VALUE  FROM      YEAR
                                                  NORMAL
..................................................................
TEMPERATURE (F)
 TODAY
  MAXIMUM         87    353 PM  91    1983  79      8       81
  MINIMUM         63   1206 AM  42    2005  54      9       51
  AVERAGE         75                        66      9       66

PRECIPITATION (IN)
  TODAY            0.30          1.03 2001   0.12   0.18     0.00
  MONTH TO DATE    4.89                      2.72   2.17     3.61
  SINCE JUN 1      4.89                      2.72   2.17     3.61
  SINCE JAN 1     12.20                     17.21  -5.01    16.72

DEGREE DAYS
 HEATING
  TODAY            0                         2     -2        0
  MONTH TO DATE   70                        81    -11       32
  SINCE JUN 1     70                        81    -11       32
  SINCE JUL 1   7667                      7667      0     7929

 COOLING
  TODAY           10                         3      7        1
  MONTH TO DATE   60                        45     15       35
  SINCE JUN 1     60                        45     15       35
  SINCE JAN 1    136                        57     79       55
..................................................................


WIND (MPH)
  HIGHEST WIND SPEED    21   HIGHEST WIND DIRECTION    SW (220)
  HIGHEST GUST SPEED    30   HIGHEST GUST DIRECTION     S (200)
  AVERAGE WIND SPEED     6.3


SKY COVER
  AVERAGE SKY COVER 0.5



RELATIVE HUMIDITY (PERCENT)
 HIGHEST    93           700 AM
 LOWEST     55           300 PM
 AVERAGE    74

..........................................................


THE GLENS FALLS NY CLIMATE NORMALS FOR TOMORROW
                         NORMAL    RECORD    YEAR
 MAXIMUM TEMPERATURE (F)   79        91      2013
 MINIMUM TEMPERATURE (F)   54        37      2007


SUNRISE AND SUNSET
JUNE 23 2015..........SUNRISE   515 AM EDT   SUNSET   839 PM EDT
JUNE 24 2015..........SUNRISE   515 AM EDT   SUNSET   839 PM EDT


-  INDICATES NEGATIVE NUMBERS.
R  INDICATES RECORD WAS SET OR TIED.
MM INDICATES DATA IS MISSING.
T  INDICATES TRACE AMOUNT.




$$
