000
CDUS41 KALY 022053
CLIGFL


CLIMATE REPORT
NATIONAL WEATHER SERVICE ALBANY NY
453 PM EDT SAT JUL 2 2016


...................................

...THE GLENS FALLS NY CLIMATE SUMMARY FOR JULY 2 2016...
VALID TODAY AS OF 0400 PM LOCAL TIME.

CLIMATE NORMAL PERIOD 1981 TO 2010
CLIMATE RECORD PERIOD 1949 TO 2016


WEATHER ITEM   OBSERVED TIME   RECORD YEAR NORMAL DEPARTURE LAST
                VALUE   (LST)  VALUE       VALUE  FROM      YEAR
                                                  NORMAL
..................................................................
TEMPERATURE (F)
 TODAY
  MAXIMUM         75    141 PM  93    2002  80     -5       77
  MINIMUM         56    146 AM  41    1978  56      0       55
  AVERAGE         66                        68     -2       66

PRECIPITATION (IN)
  TODAY            0.00          1.29 1986   0.13  -0.13     0.00
  MONTH TO DATE    0.64                      0.25   0.39     0.19
  SINCE JUN 1      3.75                      3.80  -0.05     6.41
  SINCE JAN 1     15.37                     18.29  -2.92    13.72

DEGREE DAYS
 HEATING
  TODAY            0                         1     -1        0
  MONTH TO DATE    0                         2     -2        0
  SINCE JUN 1     44                        92    -48       79
  SINCE JUL 1      0                         2     -2        0

 COOLING
  TODAY            1                         4     -3        1
  MONTH TO DATE    3                         8     -5        5
  SINCE JUN 1    106                        77     29       71
  SINCE JAN 1    162                        89     73      147
..................................................................


WIND (MPH)
  HIGHEST WIND SPEED    18   HIGHEST WIND DIRECTION     W (280)
  HIGHEST GUST SPEED    24   HIGHEST GUST DIRECTION    NW (320)
  AVERAGE WIND SPEED    10.3


SKY COVER
  AVERAGE SKY COVER 0.4



RELATIVE HUMIDITY (PERCENT)
 HIGHEST    87           600 AM
 LOWEST     38           200 PM
 AVERAGE    63

..........................................................


THE GLENS FALLS NY CLIMATE NORMALS FOR TOMORROW
                         NORMAL    RECORD    YEAR
 MAXIMUM TEMPERATURE (F)   80        97      1966
 MINIMUM TEMPERATURE (F)   56        42      2007


SUNRISE AND SUNSET
JULY  2 2016..........SUNRISE   519 AM EDT   SUNSET   838 PM EDT
JULY  3 2016..........SUNRISE   519 AM EDT   SUNSET   838 PM EDT


-  INDICATES NEGATIVE NUMBERS.
R  INDICATES RECORD WAS SET OR TIED.
MM INDICATES DATA IS MISSING.
T  INDICATES TRACE AMOUNT.




$$
