000
CDUS41 KALY 200622
CLIGFL


CLIMATE REPORT
NATIONAL WEATHER SERVICE ALBANY NY
221 AM EDT SAT SEP 20 2014


...................................

...THE GLENS FALLS NY CLIMATE SUMMARY FOR SEPTEMBER 19 2014...

CLIMATE NORMAL PERIOD 1981 TO 2010
CLIMATE RECORD PERIOD 1949 TO 2014


WEATHER ITEM   OBSERVED TIME   RECORD YEAR NORMAL DEPARTURE LAST
                VALUE   (LST)  VALUE       VALUE  FROM      YEAR
                                                  NORMAL
..................................................................
TEMPERATURE (F)
 YESTERDAY
  MAXIMUM         59    346 PM  85    1983  69    -10       75
  MINIMUM         32    546 AM  31    1995  45    -13       39
  AVERAGE         46                        57    -11       57

PRECIPITATION (IN)
  YESTERDAY        0.00          0.74 1975   0.12  -0.12     0.00
  MONTH TO DATE    1.11                      2.04  -0.93     1.85
  SINCE SEP 1      1.11                      2.04  -0.93     1.85
  SINCE JAN 1     27.15                     27.85  -0.70    27.12

DEGREE DAYS
 HEATING
  YESTERDAY       19                         8     11        8
  MONTH TO DATE  113                       103     10      132
  SINCE SEP 1    113                       103     10      132
  SINCE JUL 1    128                       169    -41      170

 COOLING
  YESTERDAY        0                         0      0        0
  MONTH TO DATE   46                        23     23       43
  SINCE SEP 1     46                        23     23       43
  SINCE JAN 1    384                       350     34      537
..................................................................


WIND (MPH)
  HIGHEST WIND SPEED    12   HIGHEST WIND DIRECTION     E (70)
  HIGHEST GUST SPEED    15   HIGHEST GUST DIRECTION    NE (40)
  AVERAGE WIND SPEED     2.5


SKY COVER
  AVERAGE SKY COVER 0.0



RELATIVE HUMIDITY (PERCENT)
 HIGHEST   100           400 AM
 LOWEST     38           100 PM
 AVERAGE    69

..........................................................


THE GLENS FALLS NY CLIMATE NORMALS FOR TODAY
                         NORMAL    RECORD    YEAR
 MAXIMUM TEMPERATURE (F)   69        86      1983
 MINIMUM TEMPERATURE (F)   45        28      1993


SUNRISE AND SUNSET
SEPTEMBER 20 2014.....SUNRISE   639 AM EDT   SUNSET   656 PM EDT
SEPTEMBER 21 2014.....SUNRISE   640 AM EDT   SUNSET   654 PM EDT


-  INDICATES NEGATIVE NUMBERS.
R  INDICATES RECORD WAS SET OR TIED.
MM INDICATES DATA IS MISSING.
T  INDICATES TRACE AMOUNT.




$$
