000
CDUS41 KALY 110622
CLIGFL


CLIMATE REPORT
NATIONAL WEATHER SERVICE ALBANY NY
221 AM EDT TUE JUL 11 2017


...................................

...THE GLENS FALLS NY CLIMATE SUMMARY FOR JULY 10 2017...

CLIMATE NORMAL PERIOD 1981 TO 2010
CLIMATE RECORD PERIOD 1949 TO 2017


WEATHER ITEM   OBSERVED TIME   RECORD YEAR NORMAL DEPARTURE LAST
                VALUE   (LST)  VALUE       VALUE  FROM      YEAR
                                                  NORMAL
..................................................................
TEMPERATURE (F)
 YESTERDAY
  MAXIMUM         83    233 PM 100    1988  81      2       77
  MINIMUM         57    159 AM  47    1991  57      0       62
  AVERAGE         70                        69      1       70

PRECIPITATION (IN)
  YESTERDAY        T             2.05 1960   0.13  -0.13     0.23
  MONTH TO DATE    3.37                      1.26   2.11     2.83
  SINCE JUN 1      7.11                      4.81   2.30     5.94
  SINCE JAN 1     23.45                     19.30   4.15    17.56

DEGREE DAYS
 HEATING
  YESTERDAY        0                         1     -1        0
  MONTH TO DATE    0                        10    -10        0
  SINCE JUN 1     93                       100     -7       44
  SINCE JUL 1      0                        10    -10        0

 COOLING
  YESTERDAY        5                         5      0        5
  MONTH TO DATE   44                        42      2       55
  SINCE JUN 1    132                       111     21      158
  SINCE JAN 1    153                       123     30      214
..................................................................


WIND (MPH)
  HIGHEST WIND SPEED    16   HIGHEST WIND DIRECTION     S (200)
  HIGHEST GUST SPEED    23   HIGHEST GUST DIRECTION     S (200)
  AVERAGE WIND SPEED     6.6


SKY COVER
  AVERAGE SKY COVER 0.2



RELATIVE HUMIDITY (PERCENT)
 HIGHEST    93           200 AM
 LOWEST     40           200 PM
 AVERAGE    67

..........................................................


THE GLENS FALLS NY CLIMATE NORMALS FOR TODAY
                         NORMAL    RECORD    YEAR
 MAXIMUM TEMPERATURE (F)   81        90      1987
 MINIMUM TEMPERATURE (F)   57        44      2002


SUNRISE AND SUNSET
JULY 11 2017..........SUNRISE   525 AM EDT   SUNSET   835 PM EDT
JULY 12 2017..........SUNRISE   525 AM EDT   SUNSET   834 PM EDT


-  INDICATES NEGATIVE NUMBERS.
R  INDICATES RECORD WAS SET OR TIED.
MM INDICATES DATA IS MISSING.
T  INDICATES TRACE AMOUNT.




$$
