439
CDUS41 KALY 112148
CLIGFL


CLIMATE REPORT
NATIONAL WEATHER SERVICE ALBANY NY
448 PM EST SAT NOV 11 2017


...................................

...THE GLENS FALLS NY CLIMATE SUMMARY FOR NOVEMBER 11 2017...
VALID TODAY AS OF 0400 PM LOCAL TIME.

CLIMATE NORMAL PERIOD 1981 TO 2010
CLIMATE RECORD PERIOD 1949 TO 2017


WEATHER ITEM   OBSERVED TIME   RECORD YEAR NORMAL DEPARTURE LAST
                VALUE   (LST)  VALUE       VALUE  FROM      YEAR
                                                  NORMAL
..................................................................
TEMPERATURE (F)
 TODAY
  MAXIMUM         32    201 PM  68    2002  49    -17       53
  MINIMUM         16    708 AM  15    1973  29    -13       37
  AVERAGE         24                        39    -15       45

PRECIPITATION (IN)
  TODAY            0.00          1.45 1991   0.10  -0.10      T
  MONTH TO DATE    0.71                      1.21  -0.50     0.85
  SINCE SEP 1      5.84                      8.10  -2.26     5.00
  SINCE JAN 1     32.97                     33.91  -0.94    26.16

DEGREE DAYS
 HEATING
  TODAY           41                        26     15       20
  MONTH TO DATE  284                       273     11      243
  SINCE SEP 1    759                      1062   -303      805
  SINCE JUL 1    826                      1128   -302      811

 COOLING
  TODAY            0                         0      0        0
  MONTH TO DATE    0                         0      0        0
  SINCE SEP 1     74                        25     49       58
  SINCE JAN 1    388                       352     36      643
..................................................................


WIND (MPH)
  HIGHEST WIND SPEED    14   HIGHEST WIND DIRECTION    NW (310)
  HIGHEST GUST SPEED    18   HIGHEST GUST DIRECTION    NW (330)
  AVERAGE WIND SPEED     7.0


SKY COVER
  AVERAGE SKY COVER 0.0



RELATIVE HUMIDITY (PERCENT)
 HIGHEST    67           700 AM
 LOWEST     39           200 PM
 AVERAGE    53

..........................................................


THE GLENS FALLS NY CLIMATE NORMALS FOR TOMORROW
                         NORMAL    RECORD    YEAR
 MAXIMUM TEMPERATURE (F)   48        68      2012
 MINIMUM TEMPERATURE (F)   29        13      1976


SUNRISE AND SUNSET
NOVEMBER 11 2017......SUNRISE   643 AM EST   SUNSET   434 PM EST
NOVEMBER 12 2017......SUNRISE   644 AM EST   SUNSET   433 PM EST


-  INDICATES NEGATIVE NUMBERS.
R  INDICATES RECORD WAS SET OR TIED.
MM INDICATES DATA IS MISSING.
T  INDICATES TRACE AMOUNT.




$$
