000
CDUS41 KALY 030622
CLIGFL


CLIMATE REPORT
NATIONAL WEATHER SERVICE ALBANY NY
121 AM EST SAT FEB 3 2018


...................................

...THE GLENS FALLS NY CLIMATE SUMMARY FOR FEBRUARY 2 2018...

CLIMATE NORMAL PERIOD 1981 TO 2010
CLIMATE RECORD PERIOD 1949 TO 2018


WEATHER ITEM   OBSERVED TIME   RECORD YEAR NORMAL DEPARTURE LAST
                VALUE   (LST)  VALUE       VALUE  FROM      YEAR
                                                  NORMAL
..................................................................
TEMPERATURE (F)
 YESTERDAY
  MAXIMUM         33   1223 AM  54    1981  30      3       33
  MINIMUM          2   1158 PM -18    1984   7     -5       21
  AVERAGE         18                        18      0       27

PRECIPITATION (IN)
  YESTERDAY        0.02          1.11 1973   0.08  -0.06      T
  MONTH TO DATE    0.02                      0.16  -0.14     0.04
  SINCE DEC 1      4.61                      6.07  -1.46     5.09
  SINCE JAN 1      2.29                      3.02  -0.73     2.22

DEGREE DAYS
 HEATING
  YESTERDAY       47                        46      1       38
  MONTH TO DATE   80                        93    -13       71
  SINCE DEC 1   2898                      2791    107     2324
  SINCE JUL 1   4309                      4489   -180     3640

 COOLING
  YESTERDAY        0                         0      0        0
  MONTH TO DATE    0                         0      0        0
  SINCE DEC 1      0                         0      0        0
  SINCE JAN 1      0                         0      0        0
..................................................................


WIND (MPH)
  HIGHEST WIND SPEED    24   HIGHEST WIND DIRECTION     N (360)
  HIGHEST GUST SPEED    32   HIGHEST GUST DIRECTION    NW (320)
  AVERAGE WIND SPEED    11.4


SKY COVER
  AVERAGE SKY COVER 0.5



RELATIVE HUMIDITY (PERCENT)
 HIGHEST    85          1200 AM
 LOWEST     41          1200 PM
 AVERAGE    63

..........................................................


THE GLENS FALLS NY CLIMATE NORMALS FOR TODAY
                         NORMAL    RECORD    YEAR
 MAXIMUM TEMPERATURE (F)   30        49      1991
 MINIMUM TEMPERATURE (F)    7       -27      2015


SUNRISE AND SUNSET
FEBRUARY  3 2018......SUNRISE   708 AM EST   SUNSET   509 PM EST
FEBRUARY  4 2018......SUNRISE   707 AM EST   SUNSET   510 PM EST


-  INDICATES NEGATIVE NUMBERS.
R  INDICATES RECORD WAS SET OR TIED.
MM INDICATES DATA IS MISSING.
T  INDICATES TRACE AMOUNT.




$$
