000
CDUS41 KALY 110623
CLIGFL


CLIMATE REPORT
NATIONAL WEATHER SERVICE ALBANY NY
122 AM EST FRI NOV 11 2016


...................................

...THE GLENS FALLS NY CLIMATE SUMMARY FOR NOVEMBER 10 2016...

CLIMATE NORMAL PERIOD 1981 TO 2010
CLIMATE RECORD PERIOD 1949 TO 2016


WEATHER ITEM   OBSERVED TIME   RECORD YEAR NORMAL DEPARTURE LAST
                VALUE   (LST)  VALUE       VALUE  FROM      YEAR
                                                  NORMAL
..................................................................
TEMPERATURE (F)
 YESTERDAY
  MAXIMUM         49    322 PM  67    1999  49      0       61
  MINIMUM         26    643 AM  14    2004  29     -3       27
  AVERAGE         38                        39     -1       44

PRECIPITATION (IN)
  YESTERDAY        0.00          2.08 1990   0.11  -0.11     0.05
  MONTH TO DATE    0.85                      1.11  -0.26     0.10
  SINCE SEP 1      5.00                      8.00  -3.00     8.50
  SINCE JAN 1     26.16                     33.81  -7.65    26.02

DEGREE DAYS
 HEATING
  YESTERDAY       27                        26      1       21
  MONTH TO DATE  223                       247    -24      152
  SINCE SEP 1    785                      1036   -251      772
  SINCE JUL 1    791                      1102   -311      785

 COOLING
  YESTERDAY        0                         0      0        0
  MONTH TO DATE    0                         0      0        0
  SINCE SEP 1     58                        25     33       97
  SINCE JAN 1    643                       352    291      596
..................................................................


WIND (MPH)
  HIGHEST WIND SPEED    15   HIGHEST WIND DIRECTION     S (160)
  HIGHEST GUST SPEED    20   HIGHEST GUST DIRECTION     S (180)
  AVERAGE WIND SPEED     5.7


SKY COVER
  AVERAGE SKY COVER 0.0



RELATIVE HUMIDITY (PERCENT)
 HIGHEST    92           600 AM
 LOWEST     56           300 PM
 AVERAGE    74

..........................................................


THE GLENS FALLS NY CLIMATE NORMALS FOR TODAY
                         NORMAL    RECORD    YEAR
 MAXIMUM TEMPERATURE (F)   49        68      2002
 MINIMUM TEMPERATURE (F)   29        15      1973


SUNRISE AND SUNSET
NOVEMBER 11 2016......SUNRISE   643 AM EST   SUNSET   433 PM EST
NOVEMBER 12 2016......SUNRISE   644 AM EST   SUNSET   432 PM EST


-  INDICATES NEGATIVE NUMBERS.
R  INDICATES RECORD WAS SET OR TIED.
MM INDICATES DATA IS MISSING.
T  INDICATES TRACE AMOUNT.




$$
