000
CDUS41 KALY 070626
CLIGFL


CLIMATE REPORT
NATIONAL WEATHER SERVICE ALBANY NY
125 AM EST TUE NOV 7 2017


...................................

...THE GLENS FALLS NY CLIMATE SUMMARY FOR NOVEMBER 6 2017...

CLIMATE NORMAL PERIOD 1981 TO 2010
CLIMATE RECORD PERIOD 1949 TO 2017


WEATHER ITEM   OBSERVED TIME   RECORD YEAR NORMAL DEPARTURE LAST
                VALUE   (LST)  VALUE       VALUE  FROM      YEAR
                                                  NORMAL
..................................................................
TEMPERATURE (F)
 YESTERDAY
  MAXIMUM         61   1253 PM  70    2015  50     11       49
                                      2005
  MINIMUM         39   1159 PM  16    1951  30      9       36
  AVERAGE         50                        40     10       43

PRECIPITATION (IN)
  YESTERDAY        0.08          0.95 2007   0.12  -0.04     0.02
  MONTH TO DATE    0.70                      0.68   0.02     0.77
  SINCE SEP 1      5.83                      7.57  -1.74     4.92
  SINCE JAN 1     32.96                     33.38  -0.42    26.08

DEGREE DAYS
 HEATING
  YESTERDAY       15                        25    -10       22
  MONTH TO DATE  114                       145    -31      125
  SINCE SEP 1    589                       934   -345      687
  SINCE JUL 1    656                      1000   -344      693

 COOLING
  YESTERDAY        0                         0      0        0
  MONTH TO DATE    0                         0      0        0
  SINCE SEP 1     74                        25     49       58
  SINCE JAN 1    388                       352     36      643
..................................................................


WIND (MPH)
  HIGHEST WIND SPEED    18   HIGHEST WIND DIRECTION    NW (330)
  HIGHEST GUST SPEED    26   HIGHEST GUST DIRECTION     N (340)
  AVERAGE WIND SPEED     8.1


SKY COVER
  AVERAGE SKY COVER 0.8



RELATIVE HUMIDITY (PERCENT)
 HIGHEST   100           100 AM
 LOWEST     65          1000 PM
 AVERAGE    83

..........................................................


THE GLENS FALLS NY CLIMATE NORMALS FOR TODAY
                         NORMAL    RECORD    YEAR
 MAXIMUM TEMPERATURE (F)   50        68      1975
 MINIMUM TEMPERATURE (F)   30        17      2012


SUNRISE AND SUNSET
NOVEMBER  7 2017......SUNRISE   638 AM EST   SUNSET   438 PM EST
NOVEMBER  8 2017......SUNRISE   639 AM EST   SUNSET   437 PM EST


-  INDICATES NEGATIVE NUMBERS.
R  INDICATES RECORD WAS SET OR TIED.
MM INDICATES DATA IS MISSING.
T  INDICATES TRACE AMOUNT.




$$
