205
CDUS41 KALY 170622
CLIGFL


CLIMATE REPORT
NATIONAL WEATHER SERVICE ALBANY NY
222 AM EDT SUN JUL 17 2016


...................................

...THE GLENS FALLS NY CLIMATE SUMMARY FOR JULY 16 2016...

CLIMATE NORMAL PERIOD 1981 TO 2010
CLIMATE RECORD PERIOD 1949 TO 2016


WEATHER ITEM   OBSERVED TIME   RECORD YEAR NORMAL DEPARTURE LAST
                VALUE   (LST)  VALUE       VALUE  FROM      YEAR
                                                  NORMAL
..................................................................
TEMPERATURE (F)
 YESTERDAY
  MAXIMUM         83    127 PM  95    1983  81      2       75
  MINIMUM         61    442 AM  43    1966  57      4       49
  AVERAGE         72                        69      3       62

PRECIPITATION (IN)
  YESTERDAY        0.00          1.00 2003   0.13  -0.13     0.00
  MONTH TO DATE    2.95                      2.04   0.91     0.56
  SINCE JUN 1      6.06                      5.59   0.47     6.78
  SINCE JAN 1     17.68                     20.08  -2.40    14.09

DEGREE DAYS
 HEATING
  YESTERDAY        0                         1     -1        3
  MONTH TO DATE    0                        16    -16       11
  SINCE JUN 1     44                       106    -62       90
  SINCE JUL 1      0                        16    -16       11

 COOLING
  YESTERDAY        7                         5      2        0
  MONTH TO DATE  103                        72     31       66
  SINCE JUN 1    206                       141     65      132
  SINCE JAN 1    262                       153    109      208
..................................................................


WIND (MPH)
  HIGHEST WIND SPEED    12   HIGHEST WIND DIRECTION     W (290)
  HIGHEST GUST SPEED    16   HIGHEST GUST DIRECTION     W (290)
  AVERAGE WIND SPEED     2.8


SKY COVER
  AVERAGE SKY COVER 0.3



RELATIVE HUMIDITY (PERCENT)
 HIGHEST    93           100 AM
 LOWEST     45           200 PM
 AVERAGE    69

..........................................................


THE GLENS FALLS NY CLIMATE NORMALS FOR TODAY
                         NORMAL    RECORD    YEAR
 MAXIMUM TEMPERATURE (F)   81        99      1953
 MINIMUM TEMPERATURE (F)   57        46      1954


SUNRISE AND SUNSET
JULY 17 2016..........SUNRISE   530 AM EDT   SUNSET   831 PM EDT
JULY 18 2016..........SUNRISE   531 AM EDT   SUNSET   830 PM EDT


-  INDICATES NEGATIVE NUMBERS.
R  INDICATES RECORD WAS SET OR TIED.
MM INDICATES DATA IS MISSING.
T  INDICATES TRACE AMOUNT.




$$
