000
CDUS41 KALY 070855
CLIGFL


CLIMATE REPORT
NATIONAL WEATHER SERVICE ALBANY NY
355 AM EST SUN DEC 7 2014


...................................

...THE GLENS FALLS NY CLIMATE SUMMARY FOR DECEMBER 6 2014...

CLIMATE NORMAL PERIOD 1981 TO 2010
CLIMATE RECORD PERIOD 1949 TO 2014


WEATHER ITEM   OBSERVED TIME   RECORD YEAR NORMAL DEPARTURE LAST
                VALUE   (LST)  VALUE       VALUE  FROM      YEAR
                                                  NORMAL
..................................................................
TEMPERATURE (F)
 YESTERDAY
  MAXIMUM         35   1144 PM  63    2001  38     -3       52
  MINIMUM         29    134 AM  -4    2007  20      9       31
  AVERAGE         32                        29      3       42

PRECIPITATION (IN)
  YESTERDAY        0.65          2.10 1953   0.11   0.54     0.49
  MONTH TO DATE    1.20                      0.67   0.53     0.49
  SINCE DEC 1      1.20                      0.67   0.53     0.49
  SINCE JAN 1     33.55                     36.68  -3.13    33.33

DEGREE DAYS
 HEATING
  YESTERDAY       33                        36     -3       23
  MONTH TO DATE  206                       210     -4      182
  SINCE DEC 1    206                       210     -4      182
  SINCE JUL 1   1667                      1908   -241     1861

 COOLING
  YESTERDAY        0                         0      0        0
  MONTH TO DATE    0                         0      0        0
  SINCE DEC 1      0                         0      0        0
  SINCE JAN 1    392                       352     40      537
..................................................................


WIND (MPH)
  HIGHEST WIND SPEED    12   HIGHEST WIND DIRECTION    NE (30)
  HIGHEST GUST SPEED    14   HIGHEST GUST DIRECTION    NE (50)
  AVERAGE WIND SPEED     2.7


SKY COVER
  AVERAGE SKY COVER 1.0



RELATIVE HUMIDITY (PERCENT)
 HIGHEST    96          1000 AM
 LOWEST     85           200 AM
 AVERAGE    91

..........................................................


THE GLENS FALLS NY CLIMATE NORMALS FOR TODAY
                         NORMAL    RECORD    YEAR
 MAXIMUM TEMPERATURE (F)   37        67      1998
 MINIMUM TEMPERATURE (F)   20         0      1989


SUNRISE AND SUNSET
DECEMBER  7 2014......SUNRISE   713 AM EST   SUNSET   419 PM EST
DECEMBER  8 2014......SUNRISE   714 AM EST   SUNSET   419 PM EST


-  INDICATES NEGATIVE NUMBERS.
R  INDICATES RECORD WAS SET OR TIED.
MM INDICATES DATA IS MISSING.
T  INDICATES TRACE AMOUNT.




$$
