000
CDUS41 KALY 132102
CLIGFL


CLIMATE REPORT
NATIONAL WEATHER SERVICE ALBANY NY
502 PM EDT THU JUL 13 2017


...................................

...THE GLENS FALLS NY CLIMATE SUMMARY FOR JULY 13 2017...
VALID TODAY AS OF 0400 PM LOCAL TIME.

CLIMATE NORMAL PERIOD 1981 TO 2010
CLIMATE RECORD PERIOD 1949 TO 2017


WEATHER ITEM   OBSERVED TIME   RECORD YEAR NORMAL DEPARTURE LAST
                VALUE   (LST)  VALUE       VALUE  FROM      YEAR
                                                  NORMAL
..................................................................
TEMPERATURE (F)
 TODAY
  MAXIMUM         64    333 PM  94    1995  81    -17       90
  MINIMUM         59    625 AM  46    2009  57      2       62
  AVERAGE         62                        69     -7       76

PRECIPITATION (IN)
  TODAY            0.59          1.80 1996   0.13   0.46     0.00
  MONTH TO DATE    4.24                      1.66   2.58     2.83
  SINCE JUN 1      7.98                      5.21   2.77     5.94
  SINCE JAN 1     24.32                     19.70   4.62    17.56

DEGREE DAYS
 HEATING
  TODAY            3                         1      2        0
  MONTH TO DATE    3                        13    -10        0
  SINCE JUN 1     96                       103     -7       44
  SINCE JUL 1      3                        13    -10        0

 COOLING
  TODAY            0                         5     -5       11
  MONTH TO DATE   60                        57      3       71
  SINCE JUN 1    148                       126     22      174
  SINCE JAN 1    169                       138     31      230
..................................................................


WIND (MPH)
  HIGHEST WIND SPEED    12   HIGHEST WIND DIRECTION     E (70)
  HIGHEST GUST SPEED    16   HIGHEST GUST DIRECTION    NE (50)
  AVERAGE WIND SPEED     6.4


SKY COVER
  AVERAGE SKY COVER 0.9



RELATIVE HUMIDITY (PERCENT)
 HIGHEST    97           900 AM
 LOWEST     84           100 PM
 AVERAGE    91

..........................................................


THE GLENS FALLS NY CLIMATE NORMALS FOR TOMORROW
                         NORMAL    RECORD    YEAR
 MAXIMUM TEMPERATURE (F)   81        98      1995
 MINIMUM TEMPERATURE (F)   57        44      2007


SUNRISE AND SUNSET
JULY 13 2017..........SUNRISE   526 AM EDT   SUNSET   834 PM EDT
JULY 14 2017..........SUNRISE   527 AM EDT   SUNSET   833 PM EDT


-  INDICATES NEGATIVE NUMBERS.
R  INDICATES RECORD WAS SET OR TIED.
MM INDICATES DATA IS MISSING.
T  INDICATES TRACE AMOUNT.




$$
