000
CDUS41 KALY 240630
CLIGFL


CLIMATE REPORT
NATIONAL WEATHER SERVICE ALBANY NY
227 AM EDT MON AUG 24 2015


...................................

...THE GLENS FALLS NY CLIMATE SUMMARY FOR AUGUST 23 2015...

CLIMATE NORMAL PERIOD 1981 TO 2010
CLIMATE RECORD PERIOD 1949 TO 2015


WEATHER ITEM   OBSERVED TIME   RECORD YEAR NORMAL DEPARTURE LAST
                VALUE   (LST)  VALUE       VALUE  FROM      YEAR
                                                  NORMAL
..................................................................
TEMPERATURE (F)
 YESTERDAY
  MAXIMUM         83    411 PM  86    1972  78      5       75
  MINIMUM         55    534 AM  41    1988  54      1       57
  AVERAGE         69                        66      3       66

PRECIPITATION (IN)
  YESTERDAY        0.00          1.38 1970   0.11  -0.11      T
  MONTH TO DATE    1.77                      2.86  -1.09     2.20
  SINCE JUN 1     10.21                     10.50  -0.29    12.30
  SINCE JAN 1     17.52                     24.99  -7.47    25.41

DEGREE DAYS
 HEATING
  YESTERDAY        0                         2     -2        0
  MONTH TO DATE    1                        26    -25       13
  SINCE JUN 1     91                       137    -46       46
  SINCE JUL 1     12                        47    -35       14

 COOLING
  YESTERDAY        4                         3      1        1
  MONTH TO DATE  145                        85     60       57
  SINCE JUN 1    388                       293     95      290
  SINCE JAN 1    464                       305    159      310
..................................................................


WIND (MPH)
  HIGHEST WIND SPEED    12   HIGHEST WIND DIRECTION    NE (50)
  HIGHEST GUST SPEED    15   HIGHEST GUST DIRECTION    NE (50)
  AVERAGE WIND SPEED     2.6


SKY COVER
  AVERAGE SKY COVER 0.3



RELATIVE HUMIDITY (PERCENT)
 HIGHEST    93          1200 AM
 LOWEST     46           300 PM
 AVERAGE    70

..........................................................


THE GLENS FALLS NY CLIMATE NORMALS FOR TODAY
                         NORMAL    RECORD    YEAR
 MAXIMUM TEMPERATURE (F)   78        89      1969
 MINIMUM TEMPERATURE (F)   54        38      1971


SUNRISE AND SUNSET
AUGUST 24 2015........SUNRISE   609 AM EDT   SUNSET   744 PM EDT
AUGUST 25 2015........SUNRISE   610 AM EDT   SUNSET   742 PM EDT


-  INDICATES NEGATIVE NUMBERS.
R  INDICATES RECORD WAS SET OR TIED.
MM INDICATES DATA IS MISSING.
T  INDICATES TRACE AMOUNT.




$$
