000
CDUS41 KALY 010629
CLIGFL


CLIMATE REPORT
NATIONAL WEATHER SERVICE ALBANY NY
127 AM EST WED FEB 1 2017


...................................

...THE GLENS FALLS NY CLIMATE SUMMARY FOR JANUARY 31 2017...

CLIMATE NORMAL PERIOD 1981 TO 2010
CLIMATE RECORD PERIOD 1949 TO 2017


WEATHER ITEM   OBSERVED TIME   RECORD YEAR NORMAL DEPARTURE LAST
                VALUE   (LST)  VALUE       VALUE  FROM      YEAR
                                                  NORMAL
..................................................................
TEMPERATURE (F)
 YESTERDAY
  MAXIMUM         27    405 PM  53    2013  30     -3       MM
  MINIMUM          8    722 AM -17    1999   7      1       MM
  AVERAGE         18                        18      0       MM

PRECIPITATION (IN)
  YESTERDAY        T             1.39 1982   0.09  -0.09     0.00
  MONTH TO DATE    2.18                      2.86  -0.68     1.06
  SINCE DEC 1      5.05                      5.91  -0.86     5.11
  SINCE JAN 1      2.18                      2.86  -0.68     1.06

DEGREE DAYS
 HEATING
  YESTERDAY       47                        47      0       MM
  MONTH TO DATE 1108                      1460   -352     1065
  SINCE DEC 1   2253                      2698   -445     1888
  SINCE JUL 1   3569                      4396   -827     3179

 COOLING
  YESTERDAY        0                         0      0       MM
  MONTH TO DATE    0                         0      0        0
  SINCE DEC 1      0                         0      0        0
  SINCE JAN 1      0                         0      0        0
..................................................................


WIND (MPH)
  HIGHEST WIND SPEED     9   HIGHEST WIND DIRECTION     S (160)
  HIGHEST GUST SPEED    12   HIGHEST GUST DIRECTION     S (160)
  AVERAGE WIND SPEED     1.6


SKY COVER
  AVERAGE SKY COVER 0.5



RELATIVE HUMIDITY (PERCENT)
 HIGHEST    80           500 AM
 LOWEST     50           100 PM
 AVERAGE    65

..........................................................


THE GLENS FALLS NY CLIMATE NORMALS FOR TODAY
                         NORMAL    RECORD    YEAR
 MAXIMUM TEMPERATURE (F)   30        56      1989
 MINIMUM TEMPERATURE (F)    7       -20      1971


SUNRISE AND SUNSET
FEBRUARY  1 2017......SUNRISE   710 AM EST   SUNSET   507 PM EST
FEBRUARY  2 2017......SUNRISE   709 AM EST   SUNSET   508 PM EST


-  INDICATES NEGATIVE NUMBERS.
R  INDICATES RECORD WAS SET OR TIED.
MM INDICATES DATA IS MISSING.
T  INDICATES TRACE AMOUNT.




$$
