000
CDUS41 KALY 060622
CLIGFL


CLIMATE REPORT
NATIONAL WEATHER SERVICE ALBANY NY
221 AM EDT SAT SEP 6 2014


...................................

...THE GLENS FALLS NY CLIMATE SUMMARY FOR SEPTEMBER 5 2014...

CLIMATE NORMAL PERIOD 1981 TO 2010
CLIMATE RECORD PERIOD 1949 TO 2014


WEATHER ITEM   OBSERVED TIME   RECORD YEAR NORMAL DEPARTURE LAST
                VALUE   (LST)  VALUE       VALUE  FROM      YEAR
                                                  NORMAL
..................................................................
TEMPERATURE (F)
 YESTERDAY
  MAXIMUM         86    412 PM  92    1973  75     11       69
  MINIMUM         60    540 AM  34    2000  51      9       44
  AVERAGE         73                        63     10       57

PRECIPITATION (IN)
  YESTERDAY        0.00          0.95 1953   0.10  -0.10      T
  MONTH TO DATE    0.56                      0.51   0.05     1.00
  SINCE SEP 1      0.56                      0.51   0.05     1.00
  SINCE JAN 1     26.60                     26.32   0.28    26.27

DEGREE DAYS
 HEATING
  YESTERDAY        0                         4     -4        8
  MONTH TO DATE    0                        18    -18        8
  SINCE SEP 1      0                        18    -18        8
  SINCE JUL 1     15                        84    -69       46

 COOLING
  YESTERDAY        8                         2      6        0
  MONTH TO DATE   35                        10     25       22
  SINCE SEP 1     35                        10     25       22
  SINCE JAN 1    373                       337     36      516
..................................................................


WIND (MPH)
  HIGHEST WIND SPEED    16   HIGHEST WIND DIRECTION     S (180)
  HIGHEST GUST SPEED    22   HIGHEST GUST DIRECTION     S (170)
  AVERAGE WIND SPEED     6.4


SKY COVER
  AVERAGE SKY COVER 0.1



RELATIVE HUMIDITY (PERCENT)
 HIGHEST    97           300 AM
 LOWEST     61           300 PM
 AVERAGE    79

..........................................................


THE GLENS FALLS NY CLIMATE NORMALS FOR TODAY
                         NORMAL    RECORD    YEAR
 MAXIMUM TEMPERATURE (F)   74        89      1983
 MINIMUM TEMPERATURE (F)   50        34      2000


SUNRISE AND SUNSET
SEPTEMBER  6 2014.....SUNRISE   624 AM EDT   SUNSET   721 PM EDT
SEPTEMBER  7 2014.....SUNRISE   625 AM EDT   SUNSET   719 PM EDT


-  INDICATES NEGATIVE NUMBERS.
R  INDICATES RECORD WAS SET OR TIED.
MM INDICATES DATA IS MISSING.
T  INDICATES TRACE AMOUNT.




$$
