000
CDUS41 KALY 042059
CLIGFL


CLIMATE REPORT
NATIONAL WEATHER SERVICE ALBANY NY
458 PM EDT TUE JUL 4 2017


...................................

...THE GLENS FALLS NY CLIMATE SUMMARY FOR JULY 4 2017...
VALID TODAY AS OF 0400 PM LOCAL TIME.

CLIMATE NORMAL PERIOD 1981 TO 2010
CLIMATE RECORD PERIOD 1949 TO 2017


WEATHER ITEM   OBSERVED TIME   RECORD YEAR NORMAL DEPARTURE LAST
                VALUE   (LST)  VALUE       VALUE  FROM      YEAR
                                                  NORMAL
..................................................................
TEMPERATURE (F)
 TODAY
  MAXIMUM         79   1236 PM  95    1949  81     -2       85
  MINIMUM         52    441 AM  40    1979  56     -4       51
  AVERAGE         66                        68     -2       68

PRECIPITATION (IN)
  TODAY            0.00          1.73 1996   0.12  -0.12     0.00
  MONTH TO DATE    3.30                      0.49   2.81     0.64
  SINCE JUN 1      7.04                      4.04   3.00     3.75
  SINCE JAN 1     23.38                     18.53   4.85    15.37

DEGREE DAYS
 HEATING
  TODAY            0                         1     -1        0
  MONTH TO DATE    0                         4     -4        0
  SINCE JUN 1     93                        94     -1       44
  SINCE JUL 1      0                         4     -4        0

 COOLING
  TODAY            1                         4     -3        3
  MONTH TO DATE   19                        16      3        6
  SINCE JUN 1    107                        85     22      109
  SINCE JAN 1    128                        97     31      165
..................................................................


WIND (MPH)
  HIGHEST WIND SPEED     9   HIGHEST WIND DIRECTION    SE (120)
  HIGHEST GUST SPEED    13   HIGHEST GUST DIRECTION     E (70)
  AVERAGE WIND SPEED     1.8


SKY COVER
  AVERAGE SKY COVER 0.1



RELATIVE HUMIDITY (PERCENT)
 HIGHEST   100           200 AM
 LOWEST     46          1100 AM
 AVERAGE    73

..........................................................


THE GLENS FALLS NY CLIMATE NORMALS FOR TOMORROW
                         NORMAL    RECORD    YEAR
 MAXIMUM TEMPERATURE (F)   81        94      1999
 MINIMUM TEMPERATURE (F)   56        44      1982


SUNRISE AND SUNSET
JULY  4 2017..........SUNRISE   520 AM EDT   SUNSET   838 PM EDT
JULY  5 2017..........SUNRISE   520 AM EDT   SUNSET   837 PM EDT


-  INDICATES NEGATIVE NUMBERS.
R  INDICATES RECORD WAS SET OR TIED.
MM INDICATES DATA IS MISSING.
T  INDICATES TRACE AMOUNT.




$$
