809
CDUS41 KALY 060624
CLIGFL


CLIMATE REPORT
NATIONAL WEATHER SERVICE ALBANY NY
122 AM EST SAT JAN 6 2018


...................................

...THE GLENS FALLS NY CLIMATE SUMMARY FOR JANUARY 5 2018...

CLIMATE NORMAL PERIOD 1981 TO 2010
CLIMATE RECORD PERIOD 1949 TO 2018


WEATHER ITEM   OBSERVED TIME   RECORD YEAR NORMAL DEPARTURE LAST
                VALUE   (LST)  VALUE       VALUE  FROM      YEAR
                                                  NORMAL
..................................................................
TEMPERATURE (F)
 YESTERDAY
  MAXIMUM         16   1206 AM  62    1950  29    -13       30
  MINIMUM         -3   1159 PM -23    1996   9    -12       21
  AVERAGE          7                        19    -12       26

PRECIPITATION (IN)
  YESTERDAY        0.00          0.71 1949   0.09  -0.09      T
  MONTH TO DATE    0.17                      0.45  -0.28     0.49
  SINCE DEC 1      2.49                      3.50  -1.01     3.36
  SINCE JAN 1      0.17                      0.45  -0.28     0.49

DEGREE DAYS
 HEATING
  YESTERDAY       58                        46     12       39
  MONTH TO DATE  315                       229     86      176
  SINCE DEC 1   1689                      1469    220     1321
  SINCE JUL 1   3100                      3167    -67     2637

 COOLING
  YESTERDAY        0                         0      0        0
  MONTH TO DATE    0                         0      0        0
  SINCE DEC 1      0                         0      0        0
  SINCE JAN 1      0                         0      0        0
..................................................................


WIND (MPH)
  HIGHEST WIND SPEED    23   HIGHEST WIND DIRECTION    NW (300)
  HIGHEST GUST SPEED    29   HIGHEST GUST DIRECTION    NW (300)
  AVERAGE WIND SPEED     9.4


SKY COVER
  AVERAGE SKY COVER 0.8



RELATIVE HUMIDITY (PERCENT)
 HIGHEST    67           100 AM
 LOWEST     46          1100 AM
 AVERAGE    57

..........................................................


THE GLENS FALLS NY CLIMATE NORMALS FOR TODAY
                         NORMAL    RECORD    YEAR
 MAXIMUM TEMPERATURE (F)   29        66      2007
 MINIMUM TEMPERATURE (F)    9       -30      1996


SUNRISE AND SUNSET
JANUARY  6 2018.......SUNRISE   727 AM EST   SUNSET   434 PM EST
JANUARY  7 2018.......SUNRISE   727 AM EST   SUNSET   435 PM EST


-  INDICATES NEGATIVE NUMBERS.
R  INDICATES RECORD WAS SET OR TIED.
MM INDICATES DATA IS MISSING.
T  INDICATES TRACE AMOUNT.




$$
