000
CDUS41 KALY 280628
CLIGFL


CLIMATE REPORT
NATIONAL WEATHER SERVICE ALBANY NY
226 AM EDT SAT OCT 28 2017


...................................

...THE GLENS FALLS NY CLIMATE SUMMARY FOR OCTOBER 27 2017...

CLIMATE NORMAL PERIOD 1981 TO 2010
CLIMATE RECORD PERIOD 1949 TO 2017


WEATHER ITEM   OBSERVED TIME   RECORD YEAR NORMAL DEPARTURE LAST
                VALUE   (LST)  VALUE       VALUE  FROM      YEAR
                                                  NORMAL
..................................................................
TEMPERATURE (F)
 YESTERDAY
  MAXIMUM         58    401 PM  75    1963  54      4       36
  MINIMUM         34   1149 PM  20    1974  32      2       25
  AVERAGE         46                        43      3       31

PRECIPITATION (IN)
  YESTERDAY        0.00          1.94 2003   0.12  -0.12     0.59
  MONTH TO DATE    1.65                      3.06  -1.41     2.48
  SINCE SEP 1      3.97                      6.44  -2.47     3.69
  SINCE JAN 1     31.10                     32.25  -1.15    24.85

DEGREE DAYS
 HEATING
  YESTERDAY       19                        22     -3       34
  MONTH TO DATE  292                       479   -187      365
  SINCE SEP 1    424                       698   -274      468
  SINCE JUL 1    491                       764   -273      474

 COOLING
  YESTERDAY        0                         0      0        0
  MONTH TO DATE    7                         0      7        3
  SINCE SEP 1     74                        24     50       58
  SINCE JAN 1    388                       351     37      643
..................................................................


WIND (MPH)
  HIGHEST WIND SPEED    14   HIGHEST WIND DIRECTION    SW (210)
  HIGHEST GUST SPEED    18   HIGHEST GUST DIRECTION     S (160)
  AVERAGE WIND SPEED     4.4


SKY COVER
  AVERAGE SKY COVER 0.0



RELATIVE HUMIDITY (PERCENT)
 HIGHEST   100          1000 PM
 LOWEST     54          1100 AM
 AVERAGE    77

..........................................................


THE GLENS FALLS NY CLIMATE NORMALS FOR TODAY
                         NORMAL    RECORD    YEAR
 MAXIMUM TEMPERATURE (F)   54        76      1984
 MINIMUM TEMPERATURE (F)   32        18      1974


SUNRISE AND SUNSET
OCTOBER 28 2017.......SUNRISE   725 AM EDT   SUNSET   551 PM EDT
OCTOBER 29 2017.......SUNRISE   726 AM EDT   SUNSET   550 PM EDT


-  INDICATES NEGATIVE NUMBERS.
R  INDICATES RECORD WAS SET OR TIED.
MM INDICATES DATA IS MISSING.
T  INDICATES TRACE AMOUNT.




$$
