000
CDUS41 KALY 312100
CLIGFL


CLIMATE REPORT
NATIONAL WEATHER SERVICE ALBANY NY
459 PM EDT FRI MAR 31 2017


...................................

...THE GLENS FALLS NY CLIMATE SUMMARY FOR MARCH 31 2017...
VALID TODAY AS OF 0400 PM LOCAL TIME.

CLIMATE NORMAL PERIOD 1981 TO 2010
CLIMATE RECORD PERIOD 1949 TO 2017


WEATHER ITEM   OBSERVED TIME   RECORD YEAR NORMAL DEPARTURE LAST
                VALUE   (LST)  VALUE       VALUE  FROM      YEAR
                                                  NORMAL
..................................................................
TEMPERATURE (F)
 TODAY
  MAXIMUM         35    310 AM  86    1998  49    -14       69
  MINIMUM         31    729 AM   8    1954  27      4       47
  AVERAGE         33                        38     -5       58

PRECIPITATION (IN)
  TODAY            0.34          0.76 1960   0.09   0.25      T
  MONTH TO DATE    1.94                      2.94  -1.00     2.28
  SINCE MAR 1      1.94                      2.94  -1.00     2.28
  SINCE JAN 1      6.63                      7.88  -1.25     7.07

DEGREE DAYS
 HEATING
  TODAY           32                        27      5        7
  MONTH TO DATE 1068                      1043     25      814
  SINCE MAR 1   1068                      1043     25      814
  SINCE JUL 1   5590                      6663  -1073     4994

 COOLING
  TODAY            0                         0      0        0
  MONTH TO DATE    0                         0      0        0
  SINCE MAR 1      0                         0      0        0
  SINCE JAN 1      0                         0      0        0
..................................................................


WIND (MPH)
  HIGHEST WIND SPEED     9   HIGHEST WIND DIRECTION    NE (50)
  HIGHEST GUST SPEED    11   HIGHEST GUST DIRECTION    NE (60)
  AVERAGE WIND SPEED     4.2


SKY COVER
  AVERAGE SKY COVER 1.0



RELATIVE HUMIDITY (PERCENT)
 HIGHEST    92           600 AM
 LOWEST     56          1200 AM
 AVERAGE    74

..........................................................


THE GLENS FALLS NY CLIMATE NORMALS FOR TOMORROW
                         NORMAL    RECORD    YEAR
 MAXIMUM TEMPERATURE (F)   50        77      1986
 MINIMUM TEMPERATURE (F)   27        13      1965


SUNRISE AND SUNSET
MARCH 31 2017.........SUNRISE   638 AM EDT   SUNSET   720 PM EDT
APRIL  1 2017.........SUNRISE   636 AM EDT   SUNSET   721 PM EDT


-  INDICATES NEGATIVE NUMBERS.
R  INDICATES RECORD WAS SET OR TIED.
MM INDICATES DATA IS MISSING.
T  INDICATES TRACE AMOUNT.




$$
