000
CDUS41 KALY 192046
CLIGFL


CLIMATE REPORT
NATIONAL WEATHER SERVICE ALBANY NY
446 PM EDT FRI JUN 19 2015


...................................

...THE GLENS FALLS NY CLIMATE SUMMARY FOR JUNE 19 2015...
VALID TODAY AS OF 0400 PM LOCAL TIME.

CLIMATE NORMAL PERIOD 1981 TO 2010
CLIMATE RECORD PERIOD 1949 TO 2015


WEATHER ITEM   OBSERVED TIME   RECORD YEAR NORMAL DEPARTURE LAST
                VALUE   (LST)  VALUE       VALUE  FROM      YEAR
                                                  NORMAL
..................................................................
TEMPERATURE (F)
 TODAY
  MAXIMUM         70    345 PM  97    1995  78     -8       78
  MINIMUM         65    536 AM  40    1950  53     12       53
  AVERAGE         68                        65      3       66

PRECIPITATION (IN)
  TODAY            0.13          0.68 1990   0.11   0.02     0.00
  MONTH TO DATE    3.79                      2.24   1.55     3.61
  SINCE JUN 1      3.79                      2.24   1.55     3.61
  SINCE JAN 1     11.10                     16.73  -5.63    16.72

DEGREE DAYS
 HEATING
  TODAY            0                         2     -2        0
  MONTH TO DATE   62                        73    -11       18
  SINCE JUN 1     62                        73    -11       18
  SINCE JUL 1   7659                      7659      0     7915

 COOLING
  TODAY            3                         3      0        1
  MONTH TO DATE   37                        33      4       34
  SINCE JUN 1     37                        33      4       34
  SINCE JAN 1    113                        45     68       54
..................................................................


WIND (MPH)
  HIGHEST WIND SPEED    21   HIGHEST WIND DIRECTION     E (70)
  HIGHEST GUST SPEED    24   HIGHEST GUST DIRECTION     E (80)
  AVERAGE WIND SPEED     8.9


SKY COVER
  AVERAGE SKY COVER 0.6



RELATIVE HUMIDITY (PERCENT)
 HIGHEST    93           300 AM
 LOWEST     63           200 PM
 AVERAGE    78

..........................................................


THE GLENS FALLS NY CLIMATE NORMALS FOR TOMORROW
                         NORMAL    RECORD    YEAR
 MAXIMUM TEMPERATURE (F)   78        95      2012
 MINIMUM TEMPERATURE (F)   53        39      2004


SUNRISE AND SUNSET
JUNE 19 2015..........SUNRISE   514 AM EDT   SUNSET   838 PM EDT
JUNE 20 2015..........SUNRISE   514 AM EDT   SUNSET   838 PM EDT


-  INDICATES NEGATIVE NUMBERS.
R  INDICATES RECORD WAS SET OR TIED.
MM INDICATES DATA IS MISSING.
T  INDICATES TRACE AMOUNT.




$$
