000
CDUS41 KALY 090623
CLIGFL


CLIMATE REPORT
NATIONAL WEATHER SERVICE ALBANY NY
222 AM EDT SAT MAY 9 2015


...................................

...THE GLENS FALLS NY CLIMATE SUMMARY FOR MAY 8 2015...

CLIMATE NORMAL PERIOD 1981 TO 2010
CLIMATE RECORD PERIOD 1949 TO 2015


WEATHER ITEM   OBSERVED TIME   RECORD YEAR NORMAL DEPARTURE LAST
                VALUE   (LST)  VALUE       VALUE  FROM      YEAR
                                                  NORMAL
..................................................................
TEMPERATURE (F)
 YESTERDAY
  MAXIMUM         88R   414 PM  85    1979  66     22       75
  MINIMUM         49    502 AM  27    1968  40      9       36
  AVERAGE         69                        53     16       56

PRECIPITATION (IN)
  YESTERDAY        0.00          1.33 2012   0.11  -0.11      T
  MONTH TO DATE    0.00                      0.91  -0.91     0.60
  SINCE MAR 1      2.65                      6.85  -4.20     6.14
  SINCE JAN 1      4.70                     11.79  -7.09    10.67

DEGREE DAYS
 HEATING
  YESTERDAY        0                        12    -12        9
  MONTH TO DATE   38                       107    -69      106
  SINCE MAR 1   1820                      1763     57     2010
  SINCE JUL 1   7501                      7383    118     7779

 COOLING
  YESTERDAY        4                         0      4        0
  MONTH TO DATE    4                         0      4        0
  SINCE MAR 1      4                         1      3        0
  SINCE JAN 1      4                         1      3        0
..................................................................


WIND (MPH)
  HIGHEST WIND SPEED    15   HIGHEST WIND DIRECTION     S (160)
  HIGHEST GUST SPEED    18   HIGHEST GUST DIRECTION    SE (150)
  AVERAGE WIND SPEED     4.4


SKY COVER
  AVERAGE SKY COVER 0.0



RELATIVE HUMIDITY (PERCENT)
 HIGHEST    86           500 AM
 LOWEST     26           400 PM
 AVERAGE    56

..........................................................


THE GLENS FALLS NY CLIMATE NORMALS FOR TODAY
                         NORMAL    RECORD    YEAR
 MAXIMUM TEMPERATURE (F)   66        93      1979
 MINIMUM TEMPERATURE (F)   40        24      1985


SUNRISE AND SUNSET
MAY  9 2015...........SUNRISE   537 AM EDT   SUNSET   805 PM EDT
MAY 10 2015...........SUNRISE   536 AM EDT   SUNSET   806 PM EDT


-  INDICATES NEGATIVE NUMBERS.
R  INDICATES RECORD WAS SET OR TIED.
MM INDICATES DATA IS MISSING.
T  INDICATES TRACE AMOUNT.




$$
