000
CDUS41 KALY 180625
CLIGFL


CLIMATE REPORT
NATIONAL WEATHER SERVICE ALBANY NY
124 AM EST WED FEB 18 2015


...................................

...THE GLENS FALLS NY CLIMATE SUMMARY FOR FEBRUARY 17 2015...

CLIMATE NORMAL PERIOD 1981 TO 2010
CLIMATE RECORD PERIOD 1949 TO 2015


WEATHER ITEM   OBSERVED TIME   RECORD YEAR NORMAL DEPARTURE LAST
                VALUE   (LST)  VALUE       VALUE  FROM      YEAR
                                                  NORMAL
..................................................................
TEMPERATURE (F)
 YESTERDAY
  MAXIMUM         17    501 PM  55    1981  33    -16       23
  MINIMUM        -19    431 AM -21    1973  10    -29       -8
  AVERAGE         -1                        22    -23        8

PRECIPITATION (IN)
  YESTERDAY        0.00          1.14 1954   0.07  -0.07     0.00
  MONTH TO DATE    0.47                      1.25  -0.78     1.50
  SINCE DEC 1      6.04                      7.16  -1.12     5.82
  SINCE JAN 1      1.96                      4.11  -2.15     3.43

DEGREE DAYS
 HEATING
  YESTERDAY       66                        43     23       57
  MONTH TO DATE  981                       767    214      826
  SINCE DEC 1   3591                      3465    126     3596
  SINCE JUL 1   5052                      5163   -111     5275

 COOLING
  YESTERDAY        0                         0      0        0
  MONTH TO DATE    0                         0      0        0
  SINCE DEC 1      0                         0      0        0
  SINCE JAN 1      0                         0      0        0
..................................................................


WIND (MPH)
  HIGHEST WIND SPEED     9   HIGHEST WIND DIRECTION     N (10)
  HIGHEST GUST SPEED    10   HIGHEST GUST DIRECTION     N (20)
  AVERAGE WIND SPEED     1.6


SKY COVER
  AVERAGE SKY COVER 0.6



RELATIVE HUMIDITY (PERCENT)
 HIGHEST    75           900 PM
 LOWEST     40           200 PM
 AVERAGE    58

..........................................................


THE GLENS FALLS NY CLIMATE NORMALS FOR TODAY
                         NORMAL    RECORD    YEAR
 MAXIMUM TEMPERATURE (F)   34        60      2011
 MINIMUM TEMPERATURE (F)   10       -29      1973


SUNRISE AND SUNSET
FEBRUARY 18 2015......SUNRISE   649 AM EST   SUNSET   529 PM EST
FEBRUARY 19 2015......SUNRISE   647 AM EST   SUNSET   530 PM EST


-  INDICATES NEGATIVE NUMBERS.
R  INDICATES RECORD WAS SET OR TIED.
MM INDICATES DATA IS MISSING.
T  INDICATES TRACE AMOUNT.




$$
