000
CDUS41 KALY 312052
CLIGFL


CLIMATE REPORT
NATIONAL WEATHER SERVICE ALBANY NY
451 PM EDT TUE OCT 31 2017


...................................

...THE GLENS FALLS NY CLIMATE SUMMARY FOR OCTOBER 31 2017...
VALID TODAY AS OF 0400 PM LOCAL TIME.

CLIMATE NORMAL PERIOD 1981 TO 2010
CLIMATE RECORD PERIOD 1949 TO 2017


WEATHER ITEM   OBSERVED TIME   RECORD YEAR NORMAL DEPARTURE LAST
                VALUE   (LST)  VALUE       VALUE  FROM      YEAR
                                                  NORMAL
..................................................................
TEMPERATURE (F)
 TODAY
  MAXIMUM         50    332 PM  70    1974  53     -3       49
  MINIMUM         43    713 AM  16    2002  31     12       26
  AVERAGE         47                        42      5       38

PRECIPITATION (IN)
  TODAY            0.00          0.74 1994   0.11  -0.11     0.00
  MONTH TO DATE    2.81                      3.51  -0.70     2.94
  SINCE SEP 1      5.13                      6.89  -1.76     4.15
  SINCE JAN 1     32.26                     32.70  -0.44    25.31

DEGREE DAYS
 HEATING
  TODAY           18                        23     -5       27
  MONTH TO DATE  342                       570   -228      459
  SINCE SEP 1    474                       789   -315      562
  SINCE JUL 1    541                       855   -314      568

 COOLING
  TODAY            0                         0      0        0
  MONTH TO DATE    7                         1      6        3
  SINCE SEP 1     74                        25     49       58
  SINCE JAN 1    388                       352     36      643
..................................................................


WIND (MPH)
  HIGHEST WIND SPEED    18   HIGHEST WIND DIRECTION     W (250)
  HIGHEST GUST SPEED    31   HIGHEST GUST DIRECTION    SW (240)
  AVERAGE WIND SPEED    10.1


SKY COVER
  AVERAGE SKY COVER 0.7



RELATIVE HUMIDITY (PERCENT)
 HIGHEST    70           700 AM
 LOWEST     46           300 PM
 AVERAGE    58

..........................................................


THE GLENS FALLS NY CLIMATE NORMALS FOR TOMORROW
                         NORMAL    RECORD    YEAR
 MAXIMUM TEMPERATURE (F)   52        78      1974
 MINIMUM TEMPERATURE (F)   31        19      1968


SUNRISE AND SUNSET
OCTOBER 31 2017.......SUNRISE   729 AM EDT   SUNSET   547 PM EDT
NOVEMBER  1 2017......SUNRISE   730 AM EDT   SUNSET   546 PM EDT


-  INDICATES NEGATIVE NUMBERS.
R  INDICATES RECORD WAS SET OR TIED.
MM INDICATES DATA IS MISSING.
T  INDICATES TRACE AMOUNT.




$$
