000
CDUS41 KALY 092044
CLIGFL


CLIMATE REPORT
NATIONAL WEATHER SERVICE ALBANY NY
444 PM EDT SAT APR 9 2016


...................................

...THE GLENS FALLS NY CLIMATE SUMMARY FOR APRIL 9 2016...
VALID TODAY AS OF 0400 PM LOCAL TIME.

CLIMATE NORMAL PERIOD 1981 TO 2010
CLIMATE RECORD PERIOD 1949 TO 2016


WEATHER ITEM   OBSERVED TIME   RECORD YEAR NORMAL DEPARTURE LAST
                VALUE   (LST)  VALUE       VALUE  FROM      YEAR
                                                  NORMAL
..................................................................
TEMPERATURE (F)
 TODAY
  MAXIMUM         45    202 PM  75    1991  54     -9       41
  MINIMUM         26    357 AM  17    1997  30     -4       32
  AVERAGE         36                        42     -6       37

PRECIPITATION (IN)
  TODAY            0.00          0.94 1974   0.11  -0.11     0.03
  MONTH TO DATE    0.56                      0.87  -0.31     0.56
  SINCE MAR 1      2.84                      3.81  -0.97     1.24
  SINCE JAN 1      7.63                      8.75  -1.12     3.29

DEGREE DAYS
 HEATING
  TODAY           29                        23      6       28
  MONTH TO DATE  263                       223     40      237
  SINCE MAR 1   1077                      1266   -189     1419
  SINCE JUL 1   5257                      6886  -1629     7100

 COOLING
  TODAY            0                         0      0        0
  MONTH TO DATE    0                         0      0        0
  SINCE MAR 1      0                         0      0        0
  SINCE JAN 1      0                         0      0        0
..................................................................


WIND (MPH)
  HIGHEST WIND SPEED    17   HIGHEST WIND DIRECTION    NE (50)
  HIGHEST GUST SPEED    23   HIGHEST GUST DIRECTION    NE (60)
  AVERAGE WIND SPEED     5.2


SKY COVER
  AVERAGE SKY COVER 0.3



RELATIVE HUMIDITY (PERCENT)
 HIGHEST    81           300 AM
 LOWEST     36           200 PM
 AVERAGE    59

..........................................................


THE GLENS FALLS NY CLIMATE NORMALS FOR TOMORROW
                         NORMAL    RECORD    YEAR
 MAXIMUM TEMPERATURE (F)   54        71      1955
 MINIMUM TEMPERATURE (F)   31        15      1985


SUNRISE AND SUNSET
APRIL  9 2016.........SUNRISE   622 AM EDT   SUNSET   731 PM EDT
APRIL 10 2016.........SUNRISE   620 AM EDT   SUNSET   732 PM EDT


-  INDICATES NEGATIVE NUMBERS.
R  INDICATES RECORD WAS SET OR TIED.
MM INDICATES DATA IS MISSING.
T  INDICATES TRACE AMOUNT.




$$
