000
CDUS41 KALY 140624
CLIGFL


CLIMATE REPORT
NATIONAL WEATHER SERVICE ALBANY NY
224 AM EDT SAT MAR 14 2015


...................................

...THE GLENS FALLS NY CLIMATE SUMMARY FOR MARCH 13 2015...

CLIMATE NORMAL PERIOD 1981 TO 2010
CLIMATE RECORD PERIOD 1949 TO 2015


WEATHER ITEM   OBSERVED TIME   RECORD YEAR NORMAL DEPARTURE LAST
                VALUE   (LST)  VALUE       VALUE  FROM      YEAR
                                                  NORMAL
..................................................................
TEMPERATURE (F)
 YESTERDAY
  MAXIMUM         35    626 PM  71    1990  41     -6       20
  MINIMUM         11    612 AM  -7    2014  19     -8       -7
  AVERAGE         23                        30     -7        7

PRECIPITATION (IN)
  YESTERDAY        0.00          2.50 1977   0.09  -0.09     0.01
  MONTH TO DATE    0.05                      1.19  -1.14     1.03
  SINCE MAR 1      0.05                      1.19  -1.14     1.03
  SINCE JAN 1      2.10                      6.13  -4.03     5.56

DEGREE DAYS
 HEATING
  YESTERDAY       42                        35      7       58
  MONTH TO DATE  544                       486     58      620
  SINCE MAR 1    544                       486     58      620
  SINCE JUL 1   6225                      6106    119     6389

 COOLING
  YESTERDAY        0                         0      0        0
  MONTH TO DATE    0                         0      0        0
  SINCE MAR 1      0                         0      0        0
  SINCE JAN 1      0                         0      0        0
..................................................................


WIND (MPH)
  HIGHEST WIND SPEED     9   HIGHEST WIND DIRECTION    SE (150)
  HIGHEST GUST SPEED    12   HIGHEST GUST DIRECTION    SE (150)
  AVERAGE WIND SPEED     1.9


SKY COVER
  AVERAGE SKY COVER 0.4



RELATIVE HUMIDITY (PERCENT)
 HIGHEST    76           600 AM
 LOWEST     27           300 PM
 AVERAGE    52

..........................................................


THE GLENS FALLS NY CLIMATE NORMALS FOR TODAY
                         NORMAL    RECORD    YEAR
 MAXIMUM TEMPERATURE (F)   41        69      1990
 MINIMUM TEMPERATURE (F)   19        -9      2014


SUNRISE AND SUNSET
MARCH 14 2015.........SUNRISE   709 AM EDT   SUNSET   659 PM EDT
MARCH 15 2015.........SUNRISE   707 AM EDT   SUNSET   700 PM EDT


-  INDICATES NEGATIVE NUMBERS.
R  INDICATES RECORD WAS SET OR TIED.
MM INDICATES DATA IS MISSING.
T  INDICATES TRACE AMOUNT.




$$
