000
CDUS41 KALY 220623
CLIGFL


CLIMATE REPORT
NATIONAL WEATHER SERVICE ALBANY NY
223 AM EDT THU JUN 22 2017


...................................

...THE GLENS FALLS NY CLIMATE SUMMARY FOR JUNE 21 2017...

CLIMATE NORMAL PERIOD 1981 TO 2010
CLIMATE RECORD PERIOD 1949 TO 2017


WEATHER ITEM   OBSERVED TIME   RECORD YEAR NORMAL DEPARTURE LAST
                VALUE   (LST)  VALUE       VALUE  FROM      YEAR
                                                  NORMAL
..................................................................
TEMPERATURE (F)
 YESTERDAY
  MAXIMUM         77    227 PM  96    2012  78     -1       79
  MINIMUM         54   1159 PM  43    2004  54      0       52
  AVERAGE         66                        66      0       66

PRECIPITATION (IN)
  YESTERDAY        T             1.36 1978   0.12  -0.12     0.13
  MONTH TO DATE    2.66                      2.48   0.18     2.29
  SINCE JUN 1      2.66                      2.48   0.18     2.29
  SINCE JAN 1     19.00                     16.97   2.03    13.91

DEGREE DAYS
 HEATING
  YESTERDAY        0                         2     -2        0
  MONTH TO DATE   73                        77     -4       39
  SINCE JUN 1     73                        77     -4       39
  SINCE JUL 1   6390                      7663  -1273     5922

 COOLING
  YESTERDAY        1                         3     -2        1
  MONTH TO DATE   49                        39     10       64
  SINCE JUN 1     49                        39     10       64
  SINCE JAN 1     70                        51     19      120
..................................................................


WIND (MPH)
  HIGHEST WIND SPEED    15   HIGHEST WIND DIRECTION     W (280)
  HIGHEST GUST SPEED    25   HIGHEST GUST DIRECTION     W (290)
  AVERAGE WIND SPEED     5.7


SKY COVER
  AVERAGE SKY COVER 0.4



RELATIVE HUMIDITY (PERCENT)
 HIGHEST    78           700 AM
 LOWEST     46           300 PM
 AVERAGE    62

..........................................................


THE GLENS FALLS NY CLIMATE NORMALS FOR TODAY
                         NORMAL    RECORD    YEAR
 MAXIMUM TEMPERATURE (F)   78        94      1983
 MINIMUM TEMPERATURE (F)   54        44      1982


SUNRISE AND SUNSET
JUNE 22 2017..........SUNRISE   514 AM EDT   SUNSET   839 PM EDT
JUNE 23 2017..........SUNRISE   515 AM EDT   SUNSET   839 PM EDT


-  INDICATES NEGATIVE NUMBERS.
R  INDICATES RECORD WAS SET OR TIED.
MM INDICATES DATA IS MISSING.
T  INDICATES TRACE AMOUNT.




$$
