000
CDUS41 KALY 292045
CLIGFL


CLIMATE REPORT
NATIONAL WEATHER SERVICE ALBANY NY
443 PM EDT SUN MAY 29 2016


...................................

...THE GLENS FALLS NY CLIMATE SUMMARY FOR MAY 29 2016...
VALID TODAY AS OF 0400 PM LOCAL TIME.

CLIMATE NORMAL PERIOD 1981 TO 2010
CLIMATE RECORD PERIOD 1949 TO 2016


WEATHER ITEM   OBSERVED TIME   RECORD YEAR NORMAL DEPARTURE LAST
                VALUE   (LST)  VALUE       VALUE  FROM      YEAR
                                                  NORMAL
..................................................................
TEMPERATURE (F)
 TODAY
  MAXIMUM         90R  1246 PM  88    2012  72     18       81
  MINIMUM         61    458 AM  30    1967  47     14       51
  AVERAGE         76                        59     17       66

PRECIPITATION (IN)
  TODAY            0.01          2.27 1984   0.11  -0.10     0.00
  MONTH TO DATE    2.04                      3.37  -1.33     1.47
  SINCE MAR 1      5.78                      9.31  -3.53     4.12
  SINCE JAN 1     10.57                     14.25  -3.68     6.17

DEGREE DAYS
 HEATING
  TODAY            0                         6     -6        0
  MONTH TO DATE  256                       298    -42      128
  SINCE MAR 1   1703                      1954   -251     1910
  SINCE JUL 1   5883                      7574  -1691     7591

 COOLING
  TODAY           11                         1     10        1
  MONTH TO DATE   38                         6     32       69
  SINCE MAR 1     38                         7     31       69
  SINCE JAN 1     38                         7     31       69
..................................................................


WIND (MPH)
  HIGHEST WIND SPEED    14   HIGHEST WIND DIRECTION     S (170)
  HIGHEST GUST SPEED    21   HIGHEST GUST DIRECTION     S (200)
  AVERAGE WIND SPEED     3.6


SKY COVER
  AVERAGE SKY COVER 0.2



RELATIVE HUMIDITY (PERCENT)
 HIGHEST   100           500 AM
 LOWEST     50           100 PM
 AVERAGE    75

..........................................................


THE GLENS FALLS NY CLIMATE NORMALS FOR TOMORROW
                         NORMAL    RECORD    YEAR
 MAXIMUM TEMPERATURE (F)   72        91      1987
 MINIMUM TEMPERATURE (F)   47        27      1967


SUNRISE AND SUNSET
MAY 29 2016...........SUNRISE   518 AM EDT   SUNSET   826 PM EDT
MAY 30 2016...........SUNRISE   518 AM EDT   SUNSET   827 PM EDT


-  INDICATES NEGATIVE NUMBERS.
R  INDICATES RECORD WAS SET OR TIED.
MM INDICATES DATA IS MISSING.
T  INDICATES TRACE AMOUNT.




$$
