000
CDUS41 KALY 140624
CLIGFL


CLIMATE REPORT
NATIONAL WEATHER SERVICE ALBANY NY
223 AM EDT FRI APR 14 2017


...................................

...THE GLENS FALLS NY CLIMATE SUMMARY FOR APRIL 13 2017...

CLIMATE NORMAL PERIOD 1981 TO 2010
CLIMATE RECORD PERIOD 1949 TO 2017


WEATHER ITEM   OBSERVED TIME   RECORD YEAR NORMAL DEPARTURE LAST
                VALUE   (LST)  VALUE       VALUE  FROM      YEAR
                                                  NORMAL
..................................................................
TEMPERATURE (F)
 YESTERDAY
  MAXIMUM         61    327 PM  83    1977  56      5       50
  MINIMUM         31   1150 PM  17    1967  32     -1       29
  AVERAGE         46                        44      2       40

PRECIPITATION (IN)
  YESTERDAY        T             1.33 2002   0.10  -0.10     0.00
  MONTH TO DATE    2.28                      1.27   1.01     1.10
  SINCE MAR 1      4.82                      4.21   0.61     3.38
  SINCE JAN 1      9.51                      9.15   0.36     8.17

DEGREE DAYS
 HEATING
  YESTERDAY       19                        21     -2       25
  MONTH TO DATE  235                       311    -76      363
  SINCE MAR 1   1303                      1354    -51     1177
  SINCE JUL 1   5825                      6974  -1149     5357

 COOLING
  YESTERDAY        0                         0      0        0
  MONTH TO DATE    0                         0      0        0
  SINCE MAR 1      0                         0      0        0
  SINCE JAN 1      0                         0      0        0
..................................................................


WIND (MPH)
  HIGHEST WIND SPEED    23   HIGHEST WIND DIRECTION    NW (330)
  HIGHEST GUST SPEED    30   HIGHEST GUST DIRECTION     N (340)
  AVERAGE WIND SPEED     8.7


SKY COVER
  AVERAGE SKY COVER 0.4



RELATIVE HUMIDITY (PERCENT)
 HIGHEST    70          1100 PM
 LOWEST     21           300 PM
 AVERAGE    46

..........................................................


THE GLENS FALLS NY CLIMATE NORMALS FOR TODAY
                         NORMAL    RECORD    YEAR
 MAXIMUM TEMPERATURE (F)   56        84      1968
 MINIMUM TEMPERATURE (F)   32        17      1992


SUNRISE AND SUNSET
APRIL 14 2017.........SUNRISE   613 AM EDT   SUNSET   737 PM EDT
APRIL 15 2017.........SUNRISE   612 AM EDT   SUNSET   738 PM EDT


-  INDICATES NEGATIVE NUMBERS.
R  INDICATES RECORD WAS SET OR TIED.
MM INDICATES DATA IS MISSING.
T  INDICATES TRACE AMOUNT.




$$
