000
CDUS41 KALY 022047
CLIGFL


CLIMATE REPORT
NATIONAL WEATHER SERVICE ALBANY NY
447 PM EDT TUE SEP 2 2014


...................................

...THE GLENS FALLS NY CLIMATE SUMMARY FOR SEPTEMBER 2 2014...
VALID TODAY AS OF 0400 PM LOCAL TIME.

CLIMATE NORMAL PERIOD 1981 TO 2010
CLIMATE RECORD PERIOD 1949 TO 2014


WEATHER ITEM   OBSERVED TIME   RECORD YEAR NORMAL DEPARTURE LAST
                VALUE   (LST)  VALUE       VALUE  FROM      YEAR
                                                  NORMAL
..................................................................
TEMPERATURE (F)
 TODAY
  MAXIMUM         85    336 PM  97    1953  76      9       80
  MINIMUM         63    442 AM  37    2007  52     11       64
  AVERAGE         74                        64     10       72

PRECIPITATION (IN)
  TODAY            T             1.00 2013   0.10  -0.10     1.00
  MONTH TO DATE    T                         0.20  -0.20     1.00
  SINCE SEP 1      T                         0.20  -0.20     1.00
  SINCE JAN 1     26.04                     26.01   0.03    26.27

DEGREE DAYS
 HEATING
  TODAY            0                         3     -3        0
  MONTH TO DATE    0                         6     -6        0
  SINCE SEP 1      0                         6     -6        0
  SINCE JUL 1     15                        72    -57       38

 COOLING
  TODAY            9                         2      7        7
  MONTH TO DATE   19                         4     15       17
  SINCE SEP 1     19                         4     15       17
  SINCE JAN 1    357                       331     26      511
..................................................................


WIND (MPH)
  HIGHEST WIND SPEED    16   HIGHEST WIND DIRECTION     S (190)
  HIGHEST GUST SPEED    22   HIGHEST GUST DIRECTION     S (180)
  AVERAGE WIND SPEED     4.2


SKY COVER
  AVERAGE SKY COVER 0.6



RELATIVE HUMIDITY (PERCENT)
 HIGHEST   100           200 AM
 LOWEST     65           200 PM
 AVERAGE    83

..........................................................


THE GLENS FALLS NY CLIMATE NORMALS FOR TOMORROW
                         NORMAL    RECORD    YEAR
 MAXIMUM TEMPERATURE (F)   75        95      1973
 MINIMUM TEMPERATURE (F)   51        37      1976


SUNRISE AND SUNSET
SEPTEMBER  2 2014.....SUNRISE   619 AM EDT   SUNSET   728 PM EDT
SEPTEMBER  3 2014.....SUNRISE   621 AM EDT   SUNSET   726 PM EDT


-  INDICATES NEGATIVE NUMBERS.
R  INDICATES RECORD WAS SET OR TIED.
MM INDICATES DATA IS MISSING.
T  INDICATES TRACE AMOUNT.




$$
