000
CDUS41 KALY 300630
CLIGFL


CLIMATE REPORT
NATIONAL WEATHER SERVICE ALBANY NY
229 AM EDT FRI JUN 30 2017


...................................

...THE GLENS FALLS NY CLIMATE SUMMARY FOR JUNE 29 2017...

CLIMATE NORMAL PERIOD 1981 TO 2010
CLIMATE RECORD PERIOD 1949 TO 2017


WEATHER ITEM   OBSERVED TIME   RECORD YEAR NORMAL DEPARTURE LAST
                VALUE   (LST)  VALUE       VALUE  FROM      YEAR
                                                  NORMAL
..................................................................
TEMPERATURE (F)
 YESTERDAY
  MAXIMUM         70    219 PM  93    1959  80    -10       82
  MINIMUM         52    341 AM  44    1970  55     -3       60
  AVERAGE         61                        68     -7       71

PRECIPITATION (IN)
  YESTERDAY        0.07          1.31 1994   0.12  -0.05     0.04
  MONTH TO DATE    3.39                      3.43  -0.04     3.11
  SINCE JUN 1      3.39                      3.43  -0.04     3.11
  SINCE JAN 1     19.73                     17.92   1.81    14.73

DEGREE DAYS
 HEATING
  YESTERDAY        4                         1      3        0
  MONTH TO DATE   93                        88      5       44
  SINCE JUN 1     93                        88      5       44
  SINCE JUL 1   6410                      7674  -1264     5927

 COOLING
  YESTERDAY        0                         4     -4        6
  MONTH TO DATE   83                        65     18       98
  SINCE JUN 1     83                        65     18       98
  SINCE JAN 1    104                        77     27      154
..................................................................


WIND (MPH)
  HIGHEST WIND SPEED    16   HIGHEST WIND DIRECTION    NE (50)
  HIGHEST GUST SPEED    17   HIGHEST GUST DIRECTION    NE (50)
  AVERAGE WIND SPEED     2.5


SKY COVER
  AVERAGE SKY COVER 0.5



RELATIVE HUMIDITY (PERCENT)
 HIGHEST   100           300 AM
 LOWEST     66          1200 PM
 AVERAGE    83

..........................................................


THE GLENS FALLS NY CLIMATE NORMALS FOR TODAY
                         NORMAL    RECORD    YEAR
 MAXIMUM TEMPERATURE (F)   80        97      1964
 MINIMUM TEMPERATURE (F)   55        44      2007


SUNRISE AND SUNSET
JUNE 30 2017..........SUNRISE   518 AM EDT   SUNSET   839 PM EDT
JULY  1 2017..........SUNRISE   518 AM EDT   SUNSET   838 PM EDT


-  INDICATES NEGATIVE NUMBERS.
R  INDICATES RECORD WAS SET OR TIED.
MM INDICATES DATA IS MISSING.
T  INDICATES TRACE AMOUNT.




$$
