000
CDUS41 KALY 232151
CLIGFL


CLIMATE REPORT
NATIONAL WEATHER SERVICE ALBANY NY
451 PM EST THU NOV 23 2017


...................................

...THE GLENS FALLS NY CLIMATE SUMMARY FOR NOVEMBER 23 2017...
VALID TODAY AS OF 0400 PM LOCAL TIME.

CLIMATE NORMAL PERIOD 1981 TO 2010
CLIMATE RECORD PERIOD 1949 TO 2017


WEATHER ITEM   OBSERVED TIME   RECORD YEAR NORMAL DEPARTURE LAST
                VALUE   (LST)  VALUE       VALUE  FROM      YEAR
                                                  NORMAL
..................................................................
TEMPERATURE (F)
 TODAY
  MAXIMUM         33    409 PM  66    1953  43    -10       39
  MINIMUM         22    656 AM   7    2008  25     -3       26
  AVERAGE         28                        34     -6       33

PRECIPITATION (IN)
  TODAY            0.00          1.02 2011   0.11  -0.11     0.00
  MONTH TO DATE    1.18                      2.54  -1.36     2.28
  SINCE SEP 1      6.31                      9.43  -3.12     6.43
  SINCE JAN 1     33.44                     35.24  -1.80    27.59

DEGREE DAYS
 HEATING
  TODAY           37                        31      6       32
  MONTH TO DATE  661                       617     44      550
  SINCE SEP 1   1136                      1406   -270     1112
  SINCE JUL 1   1203                      1472   -269     1118

 COOLING
  TODAY            0                         0      0        0
  MONTH TO DATE    0                         0      0        0
  SINCE SEP 1     74                        25     49       58
  SINCE JAN 1    388                       352     36      643
..................................................................


WIND (MPH)
  HIGHEST WIND SPEED     9   HIGHEST WIND DIRECTION     N (10)
  HIGHEST GUST SPEED    13   HIGHEST GUST DIRECTION     N (340)
  AVERAGE WIND SPEED     4.4


SKY COVER
  AVERAGE SKY COVER 0.2



RELATIVE HUMIDITY (PERCENT)
 HIGHEST    77           700 AM
 LOWEST     56           200 PM
 AVERAGE    67

..........................................................


THE GLENS FALLS NY CLIMATE NORMALS FOR TOMORROW
                         NORMAL    RECORD    YEAR
 MAXIMUM TEMPERATURE (F)   43        68      2014
 MINIMUM TEMPERATURE (F)   25         8      2000


SUNRISE AND SUNSET
NOVEMBER 23 2017......SUNRISE   658 AM EST   SUNSET   424 PM EST
NOVEMBER 24 2017......SUNRISE   659 AM EST   SUNSET   423 PM EST


-  INDICATES NEGATIVE NUMBERS.
R  INDICATES RECORD WAS SET OR TIED.
MM INDICATES DATA IS MISSING.
T  INDICATES TRACE AMOUNT.




$$
