000
CDUS41 KALY 150623
CLIGFL


CLIMATE REPORT
NATIONAL WEATHER SERVICE ALBANY NY
223 AM EDT WED JUL 15 2015


...................................

...THE GLENS FALLS NY CLIMATE SUMMARY FOR JULY 14 2015...

CLIMATE NORMAL PERIOD 1981 TO 2010
CLIMATE RECORD PERIOD 1949 TO 2015


WEATHER ITEM   OBSERVED TIME   RECORD YEAR NORMAL DEPARTURE LAST
                VALUE   (LST)  VALUE       VALUE  FROM      YEAR
                                                  NORMAL
..................................................................
TEMPERATURE (F)
 YESTERDAY
  MAXIMUM         83    133 PM  98    1995  81      2       85
  MINIMUM         61    449 AM  44    2007  57      4       66
  AVERAGE         72                        69      3       76

PRECIPITATION (IN)
  YESTERDAY        0.00          0.75 1973   0.13  -0.13     0.00
  MONTH TO DATE    0.56                      1.79  -1.23     3.54
  SINCE JUN 1      6.78                      5.34   1.44     7.94
  SINCE JAN 1     14.09                     19.83  -5.74    21.05

DEGREE DAYS
 HEATING
  YESTERDAY        0                         1     -1        0
  MONTH TO DATE    6                        14     -8        0
  SINCE JUN 1     85                       104    -19       32
  SINCE JUL 1      6                        14     -8        0

 COOLING
  YESTERDAY        7                         5      2       11
  MONTH TO DATE   66                        62      4       98
  SINCE JUN 1    132                       131      1      172
  SINCE JAN 1    208                       143     65      192
..................................................................


WIND (MPH)
  HIGHEST WIND SPEED    17   HIGHEST WIND DIRECTION     S (170)
  HIGHEST GUST SPEED    24   HIGHEST GUST DIRECTION     S (170)
  AVERAGE WIND SPEED     5.9


SKY COVER
  AVERAGE SKY COVER 0.2



RELATIVE HUMIDITY (PERCENT)
 HIGHEST    93           200 AM
 LOWEST     51           400 PM
 AVERAGE    72

..........................................................


THE GLENS FALLS NY CLIMATE NORMALS FOR TODAY
                         NORMAL    RECORD    YEAR
 MAXIMUM TEMPERATURE (F)   81        94      1983
 MINIMUM TEMPERATURE (F)   57        45      2009


SUNRISE AND SUNSET
JULY 15 2015..........SUNRISE   528 AM EDT   SUNSET   833 PM EDT
JULY 16 2015..........SUNRISE   528 AM EDT   SUNSET   832 PM EDT


-  INDICATES NEGATIVE NUMBERS.
R  INDICATES RECORD WAS SET OR TIED.
MM INDICATES DATA IS MISSING.
T  INDICATES TRACE AMOUNT.




$$
