000
CDUS41 KALY 130622
CLIGFL


CLIMATE REPORT
NATIONAL WEATHER SERVICE ALBANY NY
221 AM EDT MON MAR 13 2017


...................................

...THE GLENS FALLS NY CLIMATE SUMMARY FOR MARCH 12 2017...

CLIMATE NORMAL PERIOD 1981 TO 2010
CLIMATE RECORD PERIOD 1949 TO 2017


WEATHER ITEM   OBSERVED TIME   RECORD YEAR NORMAL DEPARTURE LAST
                VALUE   (LST)  VALUE       VALUE  FROM      YEAR
                                                  NORMAL
..................................................................
TEMPERATURE (F)
 YESTERDAY
  MAXIMUM         25    253 PM  66    2012  41    -16       62
  MINIMUM          2    634 AM  -4    1960  19    -17       23
  AVERAGE         14                        30    -16       43

PRECIPITATION (IN)
  YESTERDAY        0.00          1.82 2013   0.10  -0.10     0.00
  MONTH TO DATE    0.29                      1.10  -0.81     0.60
  SINCE MAR 1      0.29                      1.10  -0.81     0.60
  SINCE JAN 1      4.98                      6.04  -1.06     5.39

DEGREE DAYS
 HEATING
  YESTERDAY       51                        35     16       22
  MONTH TO DATE  386                       451    -65      361
  SINCE MAR 1    386                       451    -65      361
  SINCE JUL 1   4908                      6071  -1163     4541

 COOLING
  YESTERDAY        0                         0      0        0
  MONTH TO DATE    0                         0      0        0
  SINCE MAR 1      0                         0      0        0
  SINCE JAN 1      0                         0      0        0
..................................................................


WIND (MPH)
  HIGHEST WIND SPEED    18   HIGHEST WIND DIRECTION     W (290)
  HIGHEST GUST SPEED    24   HIGHEST GUST DIRECTION     W (290)
  AVERAGE WIND SPEED     7.2


SKY COVER
  AVERAGE SKY COVER 0.0



RELATIVE HUMIDITY (PERCENT)
 HIGHEST    69          1100 PM
 LOWEST     27           200 PM
 AVERAGE    48

..........................................................


THE GLENS FALLS NY CLIMATE NORMALS FOR TODAY
                         NORMAL    RECORD    YEAR
 MAXIMUM TEMPERATURE (F)   41        71      1990
 MINIMUM TEMPERATURE (F)   19        -7      2014


SUNRISE AND SUNSET
MARCH 13 2017.........SUNRISE   710 AM EDT   SUNSET   659 PM EDT
MARCH 14 2017.........SUNRISE   708 AM EDT   SUNSET   700 PM EDT


-  INDICATES NEGATIVE NUMBERS.
R  INDICATES RECORD WAS SET OR TIED.
MM INDICATES DATA IS MISSING.
T  INDICATES TRACE AMOUNT.




$$
