000
CDUS41 KALY 270623
CLIGFL


CLIMATE REPORT
NATIONAL WEATHER SERVICE ALBANY NY
222 AM EDT MON MAR 27 2017


...................................

...THE GLENS FALLS NY CLIMATE SUMMARY FOR MARCH 26 2017...

CLIMATE NORMAL PERIOD 1981 TO 2010
CLIMATE RECORD PERIOD 1949 TO 2017


WEATHER ITEM   OBSERVED TIME   RECORD YEAR NORMAL DEPARTURE LAST
                VALUE   (LST)  VALUE       VALUE  FROM      YEAR
                                                  NORMAL
..................................................................
TEMPERATURE (F)
 YESTERDAY
  MAXIMUM         37    359 PM  70    1986  47    -10       50
  MINIMUM         18    545 AM  -1    1960  25     -7       30
  AVERAGE         28                        36     -8       40

PRECIPITATION (IN)
  YESTERDAY        0.04          2.32 2002   0.09  -0.05     0.00
  MONTH TO DATE    0.97                      2.47  -1.50     1.83
  SINCE MAR 1      0.97                      2.47  -1.50     1.83
  SINCE JAN 1      5.66                      7.41  -1.75     6.62

DEGREE DAYS
 HEATING
  YESTERDAY       37                        29      8       25
  MONTH TO DATE  927                       903     24      712
  SINCE MAR 1    927                       903     24      712
  SINCE JUL 1   5449                      6523  -1074     4892

 COOLING
  YESTERDAY        0                         0      0        0
  MONTH TO DATE    0                         0      0        0
  SINCE MAR 1      0                         0      0        0
  SINCE JAN 1      0                         0      0        0
..................................................................


WIND (MPH)
  HIGHEST WIND SPEED     9   HIGHEST WIND DIRECTION     N (20)
  HIGHEST GUST SPEED    11   HIGHEST GUST DIRECTION     N (10)
  AVERAGE WIND SPEED     1.3


SKY COVER
  AVERAGE SKY COVER 0.6



RELATIVE HUMIDITY (PERCENT)
 HIGHEST    89           700 PM
 LOWEST     47          1200 PM
 AVERAGE    68

..........................................................


THE GLENS FALLS NY CLIMATE NORMALS FOR TODAY
                         NORMAL    RECORD    YEAR
 MAXIMUM TEMPERATURE (F)   47        74      1998
 MINIMUM TEMPERATURE (F)   25         2      2014


SUNRISE AND SUNSET
MARCH 27 2017.........SUNRISE   645 AM EDT   SUNSET   715 PM EDT
MARCH 28 2017.........SUNRISE   643 AM EDT   SUNSET   717 PM EDT


-  INDICATES NEGATIVE NUMBERS.
R  INDICATES RECORD WAS SET OR TIED.
MM INDICATES DATA IS MISSING.
T  INDICATES TRACE AMOUNT.




$$
