000
CDUS41 KALY 020621
CLIGFL


CLIMATE REPORT
NATIONAL WEATHER SERVICE ALBANY NY
221 AM EDT SUN AUG 2 2015


...................................

...THE GLENS FALLS NY CLIMATE SUMMARY FOR AUGUST 1 2015...

CLIMATE NORMAL PERIOD 1981 TO 2010
CLIMATE RECORD PERIOD 1949 TO 2015


WEATHER ITEM   OBSERVED TIME   RECORD YEAR NORMAL DEPARTURE LAST
                VALUE   (LST)  VALUE       VALUE  FROM      YEAR
                                                  NORMAL
..................................................................
TEMPERATURE (F)
 YESTERDAY
  MAXIMUM         82    233 PM  96    2006  81      1       83
  MINIMUM         58   1159 PM  42    1953  57      1       55
  AVERAGE         70                        69      1       69

PRECIPITATION (IN)
  YESTERDAY        T             1.78 1983   0.14  -0.14     0.00
  MONTH TO DATE    T                         0.14  -0.14     0.00
  SINCE JUN 1      8.44                      7.78   0.66    10.10
  SINCE JAN 1     15.75                     22.27  -6.52    23.21

DEGREE DAYS
 HEATING
  YESTERDAY        0                         1     -1        0
  MONTH TO DATE    0                         1     -1        0
  SINCE JUN 1     90                       112    -22       33
  SINCE JUL 1     11                        22    -11        1

 COOLING
  YESTERDAY        5                         4      1        4
  MONTH TO DATE    5                         4      1        4
  SINCE JUN 1    248                       212     36      237
  SINCE JAN 1    324                       224    100      257
..................................................................


WIND (MPH)
  HIGHEST WIND SPEED    17   HIGHEST WIND DIRECTION     W (250)
  HIGHEST GUST SPEED    24   HIGHEST GUST DIRECTION    SW (220)
  AVERAGE WIND SPEED     6.1


SKY COVER
  AVERAGE SKY COVER 0.2



RELATIVE HUMIDITY (PERCENT)
 HIGHEST    93           300 AM
 LOWEST     35           600 PM
 AVERAGE    64

..........................................................


THE GLENS FALLS NY CLIMATE NORMALS FOR TODAY
                         NORMAL    RECORD    YEAR
 MAXIMUM TEMPERATURE (F)   81        95      2006
 MINIMUM TEMPERATURE (F)   57        45      1976


SUNRISE AND SUNSET
AUGUST  2 2015........SUNRISE   545 AM EDT   SUNSET   816 PM EDT
AUGUST  3 2015........SUNRISE   546 AM EDT   SUNSET   814 PM EDT


-  INDICATES NEGATIVE NUMBERS.
R  INDICATES RECORD WAS SET OR TIED.
MM INDICATES DATA IS MISSING.
T  INDICATES TRACE AMOUNT.




$$
