000
CDUS41 KALY 292149
CLIGFL


CLIMATE REPORT
NATIONAL WEATHER SERVICE ALBANY NY
449 PM EST THU JAN 29 2015


...................................

...THE GLENS FALLS NY CLIMATE SUMMARY FOR JANUARY 29 2015...
VALID TODAY AS OF 0400 PM LOCAL TIME.

CLIMATE NORMAL PERIOD 1981 TO 2010
CLIMATE RECORD PERIOD 1949 TO 2015


WEATHER ITEM   OBSERVED TIME   RECORD YEAR NORMAL DEPARTURE LAST
                VALUE   (LST)  VALUE       VALUE  FROM      YEAR
                                                  NORMAL
..................................................................
TEMPERATURE (F)
 TODAY
  MAXIMUM         24    359 PM  47    1989  29     -5       18
  MINIMUM        -10    634 AM -22    1963   7    -17      -17
  AVERAGE          7                        18    -11        1

PRECIPITATION (IN)
  TODAY            0.00          1.09 1990   0.09  -0.09     0.00
  MONTH TO DATE    1.40                      2.69  -1.29     1.93
  SINCE DEC 1      5.48                      5.74  -0.26     4.32
  SINCE JAN 1      1.40                      2.69  -1.29     1.93

DEGREE DAYS
 HEATING
  TODAY           58                        47     11       64
  MONTH TO DATE 1435                      1366     69     1416
  SINCE DEC 1   2506                      2606   -100     2676
  SINCE JUL 1   3967                      4304   -337     4355

 COOLING
  TODAY            0                         0      0        0
  MONTH TO DATE    0                         0      0        0
  SINCE DEC 1      0                         0      0        0
  SINCE JAN 1      0                         0      0        0
..................................................................


WIND (MPH)
  HIGHEST WIND SPEED     7   HIGHEST WIND DIRECTION    SE (150)
  HIGHEST GUST SPEED     9   HIGHEST GUST DIRECTION    SE (150)
  AVERAGE WIND SPEED     2.3


SKY COVER
  AVERAGE SKY COVER 0.0



RELATIVE HUMIDITY (PERCENT)
 HIGHEST    83           200 AM
 LOWEST     42           400 PM
 AVERAGE    63

..........................................................


THE GLENS FALLS NY CLIMATE NORMALS FOR TOMORROW
                         NORMAL    RECORD    YEAR
 MAXIMUM TEMPERATURE (F)   29        53      2013
 MINIMUM TEMPERATURE (F)    7       -15      1973


SUNRISE AND SUNSET
JANUARY 29 2015.......SUNRISE   714 AM EST   SUNSET   502 PM EST
JANUARY 30 2015.......SUNRISE   713 AM EST   SUNSET   503 PM EST


-  INDICATES NEGATIVE NUMBERS.
R  INDICATES RECORD WAS SET OR TIED.
MM INDICATES DATA IS MISSING.
T  INDICATES TRACE AMOUNT.




$$
