000
CDUS41 KALY 170630
CLIGFL


CLIMATE REPORT
NATIONAL WEATHER SERVICE ALBANY NY
129 AM EST FRI NOV 17 2017


...................................

...THE GLENS FALLS NY CLIMATE SUMMARY FOR NOVEMBER 16 2017...

CLIMATE NORMAL PERIOD 1981 TO 2010
CLIMATE RECORD PERIOD 1949 TO 2017


WEATHER ITEM   OBSERVED TIME   RECORD YEAR NORMAL DEPARTURE LAST
                VALUE   (LST)  VALUE       VALUE  FROM      YEAR
                                                  NORMAL
..................................................................
TEMPERATURE (F)
 YESTERDAY
  MAXIMUM         50    207 PM  69    2006  46      4       51
  MINIMUM         38   1145 PM   8    1972  27     11       33
  AVERAGE         44                        37      7       42

PRECIPITATION (IN)
  YESTERDAY        0.19          0.96 1965   0.11   0.08     0.17
  MONTH TO DATE    0.93                      1.74  -0.81     1.67
  SINCE SEP 1      6.06                      8.63  -2.57     5.82
  SINCE JAN 1     33.19                     34.44  -1.25    26.98

DEGREE DAYS
 HEATING
  YESTERDAY       21                        28     -7       23
  MONTH TO DATE  435                       410     25      362
  SINCE SEP 1    910                      1199   -289      924
  SINCE JUL 1    977                      1265   -288      930

 COOLING
  YESTERDAY        0                         0      0        0
  MONTH TO DATE    0                         0      0        0
  SINCE SEP 1     74                        25     49       58
  SINCE JAN 1    388                       352     36      643
..................................................................


WIND (MPH)
  HIGHEST WIND SPEED     8   HIGHEST WIND DIRECTION    SW (230)
  HIGHEST GUST SPEED    MM   HIGHEST GUST DIRECTION    MM
  AVERAGE WIND SPEED     3.5


SKY COVER
  AVERAGE SKY COVER 0.9



RELATIVE HUMIDITY (PERCENT)
 HIGHEST   100           600 AM
 LOWEST     70           400 AM
 AVERAGE    85

..........................................................


THE GLENS FALLS NY CLIMATE NORMALS FOR TODAY
                         NORMAL    RECORD    YEAR
 MAXIMUM TEMPERATURE (F)   46        67      2006
 MINIMUM TEMPERATURE (F)   27         5      1997


SUNRISE AND SUNSET
NOVEMBER 17 2017......SUNRISE   650 AM EST   SUNSET   428 PM EST
NOVEMBER 18 2017......SUNRISE   652 AM EST   SUNSET   427 PM EST


-  INDICATES NEGATIVE NUMBERS.
R  INDICATES RECORD WAS SET OR TIED.
MM INDICATES DATA IS MISSING.
T  INDICATES TRACE AMOUNT.




$$
