000
CXUS51 KALY 011013
CLMGFL


CLIMATE REPORT
NATIONAL WEATHER SERVICE ALBANY NY
509 AM EST SAT FEB 1 2014

...................................

...THE GLENS FALLS NY CLIMATE SUMMARY FOR THE MONTH OF JANUARY 2014...

CLIMATE NORMAL PERIOD 1981 TO 2010
CLIMATE RECORD PERIOD 1949 TO 2014

WEATHER         OBSERVED          NORMAL  DEPART  LAST YEAR`S
                 VALUE   DATE(S)  VALUE   FROM    VALUE  DATE(S)
                                          NORMAL
................................................................
TEMPERATURE (F)
HIGHEST            52   01/11                         53  01/31
                                                          01/30
LOWEST            -25   01/04                        -18  01/03
                        01/03
AVG. MAXIMUM     26.3              28.5    -2.2     32.0
AVG. MINIMUM      5.6               7.4    -1.8     10.0
MEAN             16.0              18.0    -2.0     21.0
DAYS MAX >= 90      0               0.0     0.0        0
DAYS MAX <= 32     20              18.7     1.3       14
DAYS MIN <= 32     30              30.3    -0.3       30
DAYS MIN <= 0      12               9.4     2.6       10

PRECIPITATION (INCHES)
RECORD
 MAXIMUM         7.49   1999
 MINIMUM         0.35   1970
TOTALS           1.93              2.86   -0.93     1.28
DAILY AVG.       0.06              0.09   -0.03     0.04
DAYS >= .01        11              11.6    -0.6        7
DAYS >= .10         3               5.8    -2.8        5
DAYS >= .50         2               1.7     0.3        1
DAYS >= 1.00        0               0.6    -0.6        0
GREATEST
 24 HR. TOTAL    0.81   01/11 TO 01/11
                        01/10 TO 01/11
                        01/11 TO 01/11

DEGREE_DAYS
HEATING TOTAL    1510              1458      52     1354
 SINCE 7/1       4449              4396      53     3945
COOLING TOTAL       0                 0       0        0
 SINCE 1/1          0                 0       0        0

FREEZE DATES
RECORD
 EARLIEST     08/29/1982
 LATEST       06/01/2009
EARLIEST                        09/29
LATEST                          05/13
.................................................................

WIND (MPH)
AVERAGE WIND SPEED              5.5
HIGHEST WIND SPEED/DIRECTION    25/250    DATE  01/06
HIGHEST GUST SPEED/DIRECTION    44/280    DATE  01/06

SKY COVER
AVERAGE SKY COVER           0.50

AVERAGE RH (PERCENT)     70

WEATHER CONDITIONS. NUMBER OF DAYS WITH
THUNDERSTORM              0     MIXED PRECIP               0
HEAVY RAIN                1     RAIN                       2
LIGHT RAIN                4     FREEZING RAIN              2
LT FREEZING RAIN          3     HAIL                       0
HEAVY SNOW                1     SNOW                       3
LIGHT SNOW               11     SLEET                      0
FOG                      16     FOG W/VIS <= 1/4 MILE      6
HAZE                      8

-  INDICATES NEGATIVE NUMBERS.
R  INDICATES RECORD WAS SET OR TIED.
MM INDICATES DATA IS MISSING.
T  INDICATES TRACE AMOUNT.

$$
