000
CXUS51 KALY 010943
CLMGFL


CLIMATE REPORT
NATIONAL WEATHER SERVICE ALBANY NY
539 AM EDT MON JUL 1 2013

...................................

...THE GLENS FALLS NY CLIMATE SUMMARY FOR THE MONTH OF JUNE 2013...

CLIMATE NORMAL PERIOD 1981 TO 2010
CLIMATE RECORD PERIOD 1944 TO 2013

WEATHER         OBSERVED          NORMAL  DEPART  LAST YEAR`S
                 VALUE   DATE(S)  VALUE   FROM    VALUE
                                          NORMAL
.............................................................
TEMPERATURE (F)
HIGHEST            91   06/24                         96
LOWEST             41   06/04                         46
AVG. MAXIMUM     76.2              76.6    -0.4     77.1
AVG. MINIMUM     53.9              52.0     1.9     53.6
MEAN             65.1              64.3     0.8     65.4
DAYS MAX >= 90      2               1.2     0.8        2
DAYS MAX <= 32      0               0.0     0.0        0
DAYS MIN <= 32      0               0.0     0.0        0
DAYS MIN <= 0       0               0.0     0.0        0

PRECIPITATION (INCHES)
TOTALS           5.69              3.55    2.14     3.45
DAILY AVG.       0.19              0.12    0.07     0.12
DAYS >= .01        19              12.0     7.0       12
DAYS >= .10         9               7.4     1.6        9
DAYS >= .50         5               2.6     2.4        3
DAYS >= 1.00        1               0.6     0.4        0
GREATEST
 24 HR. TOTAL    1.24   06/10 TO 06/11

DEGREE_DAYS
HEATING TOTAL      89                90      -1       68
 SINCE 7/1       7025              7676    -651     6057
COOLING TOTAL     100                69      31       88
 SINCE 1/1        133                81      52      132
..............................................................

WIND (MPH)
AVERAGE WIND SPEED              4.6
HIGHEST WIND SPEED/DIRECTION    24/190    DATE  06/28
HIGHEST GUST SPEED/DIRECTION    39/320    DATE  06/12

SKY COVER
AVERAGE SKY COVER           0.40

AVERAGE RH (PERCENT)     75

WEATHER CONDITIONS. NUMBER OF DAYS WITH
THUNDERSTORM              5     MIXED PRECIP               0
HEAVY RAIN                3     RAIN                      12
LIGHT RAIN               19     FREEZING RAIN              0
LT FREEZING RAIN          0     HAIL                       0
HEAVY SNOW                0     SNOW                       0
LIGHT SNOW                0     SLEET                      0
FOG                      27     FOG W/VIS <= 1/4 MILE      9
HAZE                      9

-  INDICATES NEGATIVE NUMBERS.
R  INDICATES RECORD WAS SET OR TIED.
MM INDICATES DATA IS MISSING.
T  INDICATES TRACE AMOUNT.

$$
