000
CXUS51 KALY 010627
CLMGFL


CLIMATE REPORT
NATIONAL WEATHER SERVICE ALBANY NY
125 AM EST SAT MAR 1 2014

...................................

...THE GLENS FALLS NY CLIMATE SUMMARY FOR THE MONTH OF FEBRUARY 2014...

CLIMATE NORMAL PERIOD 1981 TO 2010
CLIMATE RECORD PERIOD 1949 TO 2014

WEATHER         OBSERVED          NORMAL  DEPART  LAST YEAR`S
                 VALUE   DATE(S)  VALUE   FROM    VALUE  DATE(S)
                                          NORMAL
................................................................
TEMPERATURE (F)
HIGHEST            50   02/22                         46  02/15
LOWEST            -20R  02/12                        -16  02/10
AVG. MAXIMUM     29.2              32.8    -3.6     32.4
AVG. MINIMUM      6.0               9.8    -3.8     14.5
MEAN             17.6              21.3    -3.7     23.4
DAYS MAX >= 90      0               0.0     0.0        0
DAYS MAX <= 32     19              12.7     6.3       12
DAYS MIN <= 32     28              26.9     1.1       28
DAYS MIN <= 0      13               6.8     6.2        2

PRECIPITATION (INCHES)
RECORD
 MAXIMUM         6.32   2008
 MINIMUM         0.25   1978
TOTALS           2.60              2.08    0.52     1.02
DAILY AVG.       0.09              0.07    0.02     0.04
DAYS >= .01         9               9.4    -0.4        8
DAYS >= .10         5               5.0     0.0        4
DAYS >= .50         2               1.4     0.6        0
DAYS >= 1.00        0               0.3    -0.3        0
GREATEST
 24 HR. TOTAL    1.00   02/13 TO 02/14

DEGREE_DAYS
HEATING TOTAL    1320              1224      96     1156
 SINCE 7/1       5769              5620     149     5101
COOLING TOTAL       0                 0       0        0
 SINCE 1/1          0                 0       0        0

FREEZE DATES
RECORD
 EARLIEST     08/29/1982
 LATEST       06/01/2009
EARLIEST                        09/29
LATEST                          05/13
.................................................................

WIND (MPH)
AVERAGE WIND SPEED              5.0
HIGHEST WIND SPEED/DIRECTION    26/300    DATE  02/24
HIGHEST GUST SPEED/DIRECTION    42/220    DATE  02/22

SKY COVER
AVERAGE SKY COVER           0.60

AVERAGE RH (PERCENT)     68

WEATHER CONDITIONS. NUMBER OF DAYS WITH
THUNDERSTORM              0     MIXED PRECIP               0
HEAVY RAIN                0     RAIN                       1
LIGHT RAIN                3     FREEZING RAIN              0
LT FREEZING RAIN          0     HAIL                       0
HEAVY SNOW                4     SNOW                       5
LIGHT SNOW               14     SLEET                      0
FOG                      15     FOG W/VIS <= 1/4 MILE      9
HAZE                     13

-  INDICATES NEGATIVE NUMBERS.
R  INDICATES RECORD WAS SET OR TIED.
MM INDICATES DATA IS MISSING.
T  INDICATES TRACE AMOUNT.

$$
