789
CXUS51 KALY 010933
CLMGFL


CLIMATE REPORT
NATIONAL WEATHER SERVICE ALBANY NY
530 AM EDT WED NOV 1 2017

...................................

...THE GLENS FALLS NY CLIMATE SUMMARY FOR THE MONTH OF OCTOBER 2017...

CLIMATE NORMAL PERIOD 1981 TO 2010
CLIMATE RECORD PERIOD 1949 TO 2017

WEATHER         OBSERVED          NORMAL  DEPART  LAST YEAR`S
                 VALUE   DATE(S)  VALUE   FROM    VALUE  DATE(S)
                                          NORMAL
................................................................
TEMPERATURE (F)
HIGHEST            80   10/08                         84  10/18
LOWEST             27   10/17                         25  10/27
                                                          10/15
AVG. MAXIMUM     66.7              58.2     8.5     60.7
AVG. MINIMUM     41.1              35.1     6.0     39.2
MEAN             53.9              46.7     7.2     50.0
DAYS MAX >= 90      0               0.0     0.0        0
DAYS MAX <= 32      0               0.0     0.0        0
DAYS MIN <= 32      5              12.2    -7.2        8
DAYS MIN <= 0       0               0.0     0.0        0

PRECIPITATION (INCHES)
RECORD
 MAXIMUM         8.49   2005
 MINIMUM            T   1963
TOTALS           2.81              3.51   -0.70     2.94
DAILY AVG.       0.09              0.11   -0.02     0.09
DAYS >= .01        11              10.8     0.2       12
DAYS >= .10         6               6.7    -0.7        6
DAYS >= .50         2               2.4    -0.4        2
DAYS >= 1.00        1               0.6     0.4        0
GREATEST
 24 HR. TOTAL    1.13   10/29 TO 10/29

DEGREE_DAYS
HEATING TOTAL     343               570    -227      459
 SINCE 7/1        542               855    -313      568
COOLING TOTAL       7                 1       6        3
 SINCE 1/1        388               352      36      643

FREEZE DATES
RECORD
 EARLIEST     08/29/1982
 LATEST       06/01/2009
EARLIEST      10/01             09/29
LATEST                          05/13
.................................................................

WIND (MPH)
AVERAGE WIND SPEED              5.1
HIGHEST WIND SPEED/DIRECTION    36/150    DATE  10/30
HIGHEST GUST SPEED/DIRECTION    44/160    DATE  10/30

SKY COVER
AVERAGE SKY COVER           0.40

AVERAGE RH (PERCENT)     74

WEATHER CONDITIONS. NUMBER OF DAYS WITH
THUNDERSTORM              1     MIXED PRECIP               0
HEAVY RAIN                1     RAIN                       3
LIGHT RAIN               12     FREEZING RAIN              0
LT FREEZING RAIN          0     HAIL                       0
HEAVY SNOW                0     SNOW                       0
LIGHT SNOW                0     SLEET                      0
FOG                      26     FOG W/VIS <= 1/4 MILE     11
HAZE                      1

-  INDICATES NEGATIVE NUMBERS.
R  INDICATES RECORD WAS SET OR TIED.
MM INDICATES DATA IS MISSING.
T  INDICATES TRACE AMOUNT.

$$
