067
CXUS51 KALY 010630
CLMGFL


CLIMATE REPORT
NATIONAL WEATHER SERVICE ALBANY NY
127 AM EST TUE DEC 1 2015

...................................

...THE GLENS FALLS NY CLIMATE SUMMARY FOR THE MONTH OF NOVEMBER 2015...

CLIMATE NORMAL PERIOD 1981 TO 2010
CLIMATE RECORD PERIOD 1949 TO 2015

WEATHER         OBSERVED          NORMAL  DEPART  LAST YEAR`S
                 VALUE   DATE(S)  VALUE   FROM    VALUE  DATE(S)
                                          NORMAL
................................................................
TEMPERATURE (F)
HIGHEST            70   11/06                         68  11/24
                        11/05
LOWEST             17   11/24                          9  11/29
AVG. MAXIMUM     54.2              46.5     7.7     45.3
AVG. MINIMUM     31.4              27.3     4.1     26.6
MEAN             42.8              36.9     5.9     36.0
DAYS MAX >= 90      0               0.0     0.0        0
DAYS MAX <= 32      0               1.6    -1.6        5
DAYS MIN <= 32     16              21.4    -5.4       22
DAYS MIN <= 0       0               0.0     0.0        0

PRECIPITATION (INCHES)
RECORD
 MAXIMUM         6.45   1972
 MINIMUM         0.46   2012
TOTALS           1.05              3.31   -2.26     1.89
DAILY AVG.       0.04              0.11   -0.07     0.06
DAYS >= .01         7              11.4    -4.4        8
DAYS >= .10         3               6.6    -3.6        4
DAYS >= .50         1               2.5    -1.5        2
DAYS >= 1.00        0               0.5    -0.5        0
GREATEST
 24 HR. TOTAL    0.65   11/19 TO 11/19

DEGREE_DAYS
HEATING TOTAL     658               843    -185      864
 SINCE 7/1       1291              1698    -407     1461
COOLING TOTAL       0                 0       0        0
 SINCE 1/1        596               352     244      392

FREEZE DATES
RECORD
 EARLIEST     08/29/1982
 LATEST       06/01/2009
EARLIEST                        09/29
LATEST                          05/13
.................................................................

WIND (MPH)
AVERAGE WIND SPEED              4.9
HIGHEST WIND SPEED/DIRECTION    23/260    DATE  11/13
HIGHEST GUST SPEED/DIRECTION    36/280    DATE  11/13

SKY COVER
AVERAGE SKY COVER           0.40

AVERAGE RH (PERCENT)     68

WEATHER CONDITIONS. NUMBER OF DAYS WITH
THUNDERSTORM              0     MIXED PRECIP               0
HEAVY RAIN                1     RAIN                       2
LIGHT RAIN               10     FREEZING RAIN              0
LT FREEZING RAIN          0     HAIL                       0
HEAVY SNOW                0     SNOW                       0
LIGHT SNOW                0     SLEET                      0
FOG                      13     FOG W/VIS <= 1/4 MILE      5
HAZE                      5

-  INDICATES NEGATIVE NUMBERS.
R  INDICATES RECORD WAS SET OR TIED.
MM INDICATES DATA IS MISSING.
T  INDICATES TRACE AMOUNT.

$$
