000
CXUS51 KALY 011404
CLMGFL


CLIMATE REPORT
NATIONAL WEATHER SERVICE ALBANY NY
1004 AM EDT SAT JUN 1 2013

...................................

...THE GLENS FALLS NY CLIMATE SUMMARY FOR THE MONTH OF MAY 2013...

CLIMATE NORMAL PERIOD 1981 TO 2010
CLIMATE RECORD PERIOD 1944 TO 2013

WEATHER         OBSERVED          NORMAL  DEPART  LAST YEAR`S
                 VALUE   DATE(S)  VALUE   FROM    VALUE
                                          NORMAL
.............................................................
TEMPERATURE (F)
HIGHEST            91   05/31                         88
LOWEST             29   05/15                         33
                        05/14
AVG. MAXIMUM     71.4              68.1     3.3     72.3
AVG. MINIMUM     44.7              42.6     2.1     49.0
MEAN             58.0              55.3     2.7     60.6
DAYS MAX >= 90      1               0.1     0.9        0
DAYS MAX <= 32      0               0.0     0.0        0
DAYS MIN <= 32      3               3.1    -0.1        0
DAYS MIN <= 0       0               0.0     0.0        0

PRECIPITATION (INCHES)
TOTALS           3.87              3.61    0.26     5.57
DAILY AVG.       0.12              0.12    0.00     0.18
DAYS >= .01        14              12.6     1.4       17
DAYS >= .10         8               8.0     0.0       12
DAYS >= .50         3               2.5     0.5        3
DAYS >= 1.00        0               0.8    -0.8        3
GREATEST
 24 HR. TOTAL    1.04   05/21 TO 05/22

DEGREE_DAYS
HEATING TOTAL     243               310     -67      169
 SINCE 7/1       6936              7586    -650     5989
COOLING TOTAL      33                11      22       40
 SINCE 1/1         33                12      21       44
..............................................................

WIND (MPH)
AVERAGE WIND SPEED              5.0
HIGHEST WIND SPEED/DIRECTION    28/290    DATE  05/16
HIGHEST GUST SPEED/DIRECTION    44/290    DATE  05/16

SKY COVER
AVERAGE SKY COVER           0.40

AVERAGE RH (PERCENT)     67

WEATHER CONDITIONS. NUMBER OF DAYS WITH
THUNDERSTORM              0     MIXED PRECIP               0
HEAVY RAIN                2     RAIN                       5
LIGHT RAIN               14     FREEZING RAIN              0
LT FREEZING RAIN          0     HAIL                       0
HEAVY SNOW                0     SNOW                       0
LIGHT SNOW                0     SLEET                      0
FOG                      22     FOG W/VIS <= 1/4 MILE     13
HAZE                     11

-  INDICATES NEGATIVE NUMBERS.
R  INDICATES RECORD WAS SET OR TIED.
MM INDICATES DATA IS MISSING.
T  INDICATES TRACE AMOUNT.

$$
