000
CXUS51 KALY 010637
CLMGFL


CLIMATE REPORT
NATIONAL WEATHER SERVICE ALBANY NY
235 AM EDT MON AUG 1 2016

...................................

...THE GLENS FALLS NY CLIMATE SUMMARY FOR THE MONTH OF JULY 2016...

CLIMATE NORMAL PERIOD 1981 TO 2010
CLIMATE RECORD PERIOD 1949 TO 2016

WEATHER         OBSERVED          NORMAL  DEPART  LAST YEAR`S
                 VALUE   DATE(S)  VALUE   FROM    VALUE  DATE(S)
                                          NORMAL
................................................................
TEMPERATURE (F)
HIGHEST            93   07/22                         91  07/29
LOWEST             49   07/03                         49  07/17
                                                          07/16
AVG. MAXIMUM     83.8              80.9     2.9     81.5
AVG. MINIMUM     59.6              56.7     2.9     59.1
MEAN             71.7              68.8     2.9     70.3
DAYS MAX >= 90      5               2.1     2.9        1
DAYS MAX <= 32      0               0.0     0.0        0
DAYS MIN <= 32      0               0.0     0.0        0
DAYS MIN <= 0       0               0.0     0.0        0

PRECIPITATION (INCHES)
RECORD
 MAXIMUM         8.31   1994
 MINIMUM         0.84   1993
TOTALS           3.73              4.09   -0.36     2.22
DAILY AVG.       0.12              0.13   -0.01     0.07
DAYS >= .01        10              11.0    -1.0       12
DAYS >= .10         7               6.8     0.2        7
DAYS >= .50         3               2.9     0.1        1
DAYS >= 1.00        1               1.2    -0.2        0
GREATEST
 24 HR. TOTAL    1.72   07/08 TO 07/09

DEGREE_DAYS
HEATING TOTAL       0                21     -21       11
 SINCE 7/1          0                21     -21       11
COOLING TOTAL     215               139      76      177
 SINCE 1/1        374               220     154      319

FREEZE DATES
RECORD
 EARLIEST     08/29/1982
 LATEST       06/01/2009
EARLIEST                        09/29
LATEST                          05/13
.................................................................

WIND (MPH)
AVERAGE WIND SPEED              4.6
HIGHEST WIND SPEED/DIRECTION    28/050    DATE  07/23
HIGHEST GUST SPEED/DIRECTION    36/050    DATE  07/23

SKY COVER
AVERAGE SKY COVER           0.30

AVERAGE RH (PERCENT)     69

WEATHER CONDITIONS. NUMBER OF DAYS WITH
THUNDERSTORM              9     MIXED PRECIP               0
HEAVY RAIN                6     RAIN                       7
LIGHT RAIN               10     FREEZING RAIN              0
LT FREEZING RAIN          0     HAIL                       0
HEAVY SNOW                0     SNOW                       0
LIGHT SNOW                0     SLEET                      0
FOG                      23     FOG W/VIS <= 1/4 MILE      5
HAZE                      1

-  INDICATES NEGATIVE NUMBERS.
R  INDICATES RECORD WAS SET OR TIED.
MM INDICATES DATA IS MISSING.
T  INDICATES TRACE AMOUNT.

$$
