000
CXUS51 KALY 011240
CLMGFL


CLIMATE REPORT
NATIONAL WEATHER SERVICE ALBANY NY
740 AM EST SUN MAR 1 2015

...................................

...THE GLENS FALLS NY CLIMATE SUMMARY FOR THE MONTH OF FEBRUARY 2015...

CLIMATE NORMAL PERIOD 1981 TO 2010
CLIMATE RECORD PERIOD 1949 TO 2015

WEATHER         OBSERVED          NORMAL  DEPART  LAST YEAR`S
                 VALUE   DATE(S)  VALUE   FROM    VALUE  DATE(S)
                                          NORMAL
................................................................
TEMPERATURE (F)
HIGHEST            33   02/22                         50  02/22
LOWEST            -27R  02/03                        -20  02/12
AVG. MAXIMUM     21.2              32.8   -11.6     29.2
AVG. MINIMUM     -6.7               9.8   -16.5      6.0
MEAN              7.3              21.3   -14.0     17.6
DAYS MAX >= 90      0               0.0     0.0        0
DAYS MAX <= 32     27              12.7    14.3       19
DAYS MIN <= 32     28              26.9     1.1       28
DAYS MIN <= 0      20               6.8    13.2       13

PRECIPITATION (INCHES)
RECORD
 MAXIMUM         6.32   2008
 MINIMUM         0.25   1978
TOTALS           0.56              2.08   -1.52     2.60
DAILY AVG.       0.02              0.07   -0.05     0.09
DAYS >= .01         7               9.4    -2.4        9
DAYS >= .10         3               5.0    -2.0        5
DAYS >= .50         0               1.4    -1.4        2
DAYS >= 1.00        0               0.3    -0.3        0
GREATEST
 24 HR. TOTAL    0.19   02/01 TO 02/02
                        02/02 TO 02/02
                        02/02 TO 02/03

DEGREE_DAYS
HEATING TOTAL    1610              1224     386     1320
 SINCE 7/1       5681              5620      61     5769
COOLING TOTAL       0                 0       0        0
 SINCE 1/1          0                 0       0        0

FREEZE DATES
RECORD
 EARLIEST     08/29/1982
 LATEST       06/01/2009
EARLIEST      02/01             09/29
LATEST        02/28             05/13
.................................................................

WIND (MPH)
AVERAGE WIND SPEED              6.2
HIGHEST WIND SPEED/DIRECTION    29/310    DATE  02/15
HIGHEST GUST SPEED/DIRECTION    36/330    DATE  02/15

SKY COVER
AVERAGE SKY COVER           0.50

AVERAGE RH (PERCENT)     65

WEATHER CONDITIONS. NUMBER OF DAYS WITH
THUNDERSTORM              0     MIXED PRECIP               0
HEAVY RAIN                0     RAIN                       0
LIGHT RAIN                0     FREEZING RAIN              0
LT FREEZING RAIN          0     HAIL                       0
HEAVY SNOW                2     SNOW                       5
LIGHT SNOW               14     SLEET                      0
FOG                      13     FOG W/VIS <= 1/4 MILE      1
HAZE                     17

-  INDICATES NEGATIVE NUMBERS.
R  INDICATES RECORD WAS SET OR TIED.
MM INDICATES DATA IS MISSING.
T  INDICATES TRACE AMOUNT.

$$
