000
CXUS51 KALY 010636
CLMGFL


CLIMATE REPORT
NATIONAL WEATHER SERVICE ALBANY NY
136 AM EST SUN DEC 1 2013

...................................

...THE GLENS FALLS NY CLIMATE SUMMARY FOR THE MONTH OF NOVEMBER 2013...

CLIMATE NORMAL PERIOD 1981 TO 2010
CLIMATE RECORD PERIOD 1949 TO 2013

WEATHER         OBSERVED          NORMAL  DEPART  LAST YEAR`S
                 VALUE   DATE(S)  VALUE   FROM    VALUE  DATE(S)
                                          NORMAL
................................................................
TEMPERATURE (F)
HIGHEST            69   11/01                         68  11/12
LOWEST              6R  11/25                         17  11/30
                                                          11/19
                                                          11/18
AVG. MAXIMUM     44.4              46.5    -2.1     45.4
AVG. MINIMUM     24.3              27.3    -3.0     25.7
MEAN             34.3              36.9    -2.6     35.6
DAYS MAX >= 90      0               0.0     0.0        0
DAYS MAX <= 32      4               1.6     2.4        1
DAYS MIN <= 32     24              21.4     2.6       24
DAYS MIN <= 0       0               0.0     0.0        0

PRECIPITATION (INCHES)
RECORD
 MAXIMUM         6.45   1972
 MINIMUM         0.46   2012
TOTALS           2.93              3.31   -0.38     0.46
DAILY AVG.       0.10              0.11   -0.01     0.02
DAYS >= .01         8              11.4    -3.4        4
DAYS >= .10         7               6.6     0.4        1
DAYS >= .50         2               2.5    -0.5        0
DAYS >= 1.00        1               0.5     0.5        0
GREATEST
 24 HR. TOTAL    1.35   11/26 TO 11/27

DEGREE_DAYS
HEATING TOTAL     910               843      67      873
 SINCE 7/1       1679              1698     -19     1523
COOLING TOTAL       0                 0       0        0
 SINCE 1/1        537               352     185      533

FREEZE DATES
RECORD
 EARLIEST     08/29/1982
 LATEST       06/01/2009
EARLIEST                        09/29
LATEST                          05/13
.................................................................

WIND (MPH)
AVERAGE WIND SPEED              5.8
HIGHEST WIND SPEED/DIRECTION    29/330    DATE  11/24
HIGHEST GUST SPEED/DIRECTION    40/270    DATE  11/18

SKY COVER
AVERAGE SKY COVER           0.50

AVERAGE RH (PERCENT)     68

WEATHER CONDITIONS. NUMBER OF DAYS WITH
THUNDERSTORM              0     MIXED PRECIP               0
HEAVY RAIN                1     RAIN                       4
LIGHT RAIN               10     FREEZING RAIN              0
LT FREEZING RAIN          1     HAIL                       0
HEAVY SNOW                0     SNOW                       0
LIGHT SNOW                4     SLEET                      0
FOG                      10     FOG W/VIS <= 1/4 MILE      0
HAZE                      3

-  INDICATES NEGATIVE NUMBERS.
R  INDICATES RECORD WAS SET OR TIED.
MM INDICATES DATA IS MISSING.
T  INDICATES TRACE AMOUNT.

$$
