000
CXUS51 KALY 010837
CLMGFL


CLIMATE REPORT
NATIONAL WEATHER SERVICE ALBANY NY
433 AM EDT SAT JUL 1 2017

...................................

...THE GLENS FALLS NY CLIMATE SUMMARY FOR THE MONTH OF JUNE 2017...

CLIMATE NORMAL PERIOD 1981 TO 2010
CLIMATE RECORD PERIOD 1949 TO 2017

WEATHER         OBSERVED          NORMAL  DEPART  LAST YEAR`S
                 VALUE   DATE(S)  VALUE   FROM    VALUE  DATE(S)
                                          NORMAL
................................................................
TEMPERATURE (F)
HIGHEST            92   06/12                         90  06/20
LOWEST             38   06/03                         43  06/14
AVG. MAXIMUM     76.4              76.6    -0.2     79.3
AVG. MINIMUM     52.7              52.0     0.7     54.1
MEAN             64.6              64.3     0.3     66.7
DAYS MAX >= 90      2               1.2     0.8        1
DAYS MAX <= 32      0               0.0     0.0        0
DAYS MIN <= 32      0               0.0     0.0        0
DAYS MIN <= 0       0               0.0     0.0        0

PRECIPITATION (INCHES)
RECORD
 MAXIMUM         8.20   1998
 MINIMUM         0.37   1949
TOTALS           3.74              3.55    0.19     3.11
DAILY AVG.       0.12              0.12    0.00     0.10
DAYS >= .01        14              12.0     2.0       11
DAYS >= .10         7               7.4    -0.4        5
DAYS >= .50         3               2.6     0.4        2
DAYS >= 1.00        0               0.6    -0.6        1
GREATEST
 24 HR. TOTAL    0.96   06/19 TO 06/19

DEGREE_DAYS
HEATING TOTAL      93                90       3       44
 SINCE 7/1       6410              7676   -1266     5927
COOLING TOTAL      88                69      19      103
 SINCE 1/1        109                81      28      159

FREEZE DATES
RECORD
 EARLIEST     08/29/1982
 LATEST       06/01/2009
EARLIEST                        09/29
LATEST                          05/13
.................................................................

WIND (MPH)
AVERAGE WIND SPEED              5.3
HIGHEST WIND SPEED/DIRECTION    25/240    DATE  06/27
HIGHEST GUST SPEED/DIRECTION    36/230    DATE  06/27

SKY COVER
AVERAGE SKY COVER           0.40

AVERAGE RH (PERCENT)     73

WEATHER CONDITIONS. NUMBER OF DAYS WITH
THUNDERSTORM              2     MIXED PRECIP               0
HEAVY RAIN                2     RAIN                       5
LIGHT RAIN               17     FREEZING RAIN              0
LT FREEZING RAIN          0     HAIL                       0
HEAVY SNOW                0     SNOW                       0
LIGHT SNOW                0     SLEET                      0
FOG                      23     FOG W/VIS <= 1/4 MILE      5
HAZE                      1

-  INDICATES NEGATIVE NUMBERS.
R  INDICATES RECORD WAS SET OR TIED.
MM INDICATES DATA IS MISSING.
T  INDICATES TRACE AMOUNT.

$$
