000
CXUS51 KALY 010806
CLMGFL


CLIMATE REPORT
NATIONAL WEATHER SERVICE ALBANY NY
404 AM EDT WED MAY 1 2013

...................................

...THE GLENS FALLS NY CLIMATE SUMMARY FOR THE MONTH OF APRIL 2013...

CLIMATE NORMAL PERIOD 1981 TO 2010
CLIMATE RECORD PERIOD 1944 TO 2013

WEATHER         OBSERVED          NORMAL  DEPART  LAST YEAR`S
                 VALUE   DATE(S)  VALUE   FROM    VALUE
                                          NORMAL
.............................................................
TEMPERATURE (F)
HIGHEST            73   04/30                         87
LOWEST             20   04/04                         20
AVG. MAXIMUM     55.7              56.7    -1.0     58.3
AVG. MINIMUM     33.2              32.5     0.7     32.2
MEAN             44.5              44.6    -0.1     45.2
DAYS MAX >= 90      0               0.1    -0.1        0
DAYS MAX <= 32      0               0.2    -0.2        0
DAYS MIN <= 32     16              14.8     1.2       17
DAYS MIN <= 0       0               0.0     0.0        0

PRECIPITATION (INCHES)
TOTALS           2.65              3.00   -0.35     2.69
DAILY AVG.       0.09              0.10   -0.01     0.09
DAYS >= .01        11              11.3    -0.3        9
DAYS >= .10         5               6.9    -1.9        5
DAYS >= .50         2               2.0     0.0        3
DAYS >= 1.00        0               0.6    -0.6        0
GREATEST
 24 HR. TOTAL    1.01   04/19 TO 04/20

DEGREE_DAYS
HEATING TOTAL     606               613      -7      588
 SINCE 7/1       6693              7276    -583     5820
COOLING TOTAL       0                 1      -1        4
 SINCE 1/1          0                 1      -1        4
..............................................................

WIND (MPH)
AVERAGE WIND SPEED              6.7
HIGHEST WIND SPEED/DIRECTION    30/290    DATE  04/19
HIGHEST GUST SPEED/DIRECTION    46/300    DATE  04/01

SKY COVER
AVERAGE SKY COVER           0.50

AVERAGE RH (PERCENT)     58

WEATHER CONDITIONS. NUMBER OF DAYS WITH
THUNDERSTORM              0     MIXED PRECIP               0
HEAVY RAIN                1     RAIN                       5
LIGHT RAIN               12     FREEZING RAIN              0
LT FREEZING RAIN          0     HAIL                       0
HEAVY SNOW                0     SNOW                       0
LIGHT SNOW                2     SLEET                      0
FOG                       9     FOG W/VIS <= 1/4 MILE      1
HAZE                      1

-  INDICATES NEGATIVE NUMBERS.
R  INDICATES RECORD WAS SET OR TIED.
MM INDICATES DATA IS MISSING.
T  INDICATES TRACE AMOUNT.

$$
