000
CXUS51 KALY 010955
CLMGFL

CLIMATE REPORT
NATIONAL WEATHER SERVICE ALBANY NY
555 AM EDT THU SEP 1 2016

...................................

...THE GLENS FALLS NY CLIMATE SUMMARY FOR THE MONTH OF AUGUST 2016...

CLIMATE NORMAL PERIOD 1981 TO 2010
CLIMATE RECORD PERIOD 1949 TO 2016

WEATHER         OBSERVED          NORMAL  DEPART  LAST YEAR`S
                 VALUE   DATE(S)  VALUE   FROM    VALUE  DATE(S)
                                          NORMAL
................................................................
TEMPERATURE (F)
HIGHEST            92   08/12                         89  08/20
                                                          08/18
                                                          08/17
LOWEST             47   08/23                         49  08/29
AVG. MAXIMUM     82.7              78.9     3.8     81.9
AVG. MINIMUM     60.0              55.1     4.9     59.0
MEAN             71.3              67.0     4.3     70.5
DAYS MAX >= 90      2               1.0     1.0        0
DAYS MAX <= 32      0               0.0     0.0        0
DAYS MIN <= 32      0               0.0     0.0        0
DAYS MIN <= 0       0               0.0     0.0        0

PRECIPITATION (INCHES)
RECORD
 MAXIMUM         9.03   2011
 MINIMUM         0.75   1957
TOTALS           2.14              3.68   -1.54     1.77
DAILY AVG.       0.07              0.12   -0.05     0.06
DAYS >= .01         9              10.9    -1.9        7
DAYS >= .10         6               6.9    -0.9        4
DAYS >= .50         1               2.4    -1.4        1
DAYS >= 1.00        0               0.9    -0.9        0
GREATEST
 24 HR. TOTAL    1.05   08/01 TO 08/02

DEGREE_DAYS
HEATING TOTAL       6                45     -39        2
 SINCE 7/1          6                66     -60       13
COOLING TOTAL     211               107     104      180
 SINCE 1/1        585               327     258      499

FREEZE DATES
RECORD
 EARLIEST     08/29/1982
 LATEST       06/01/2009
EARLIEST                        09/29
LATEST                          05/13
.................................................................

WIND (MPH)
AVERAGE WIND SPEED              4.5
HIGHEST WIND SPEED/DIRECTION    23/220    DATE  08/12
HIGHEST GUST SPEED/DIRECTION    31/220    DATE  08/12

SKY COVER
AVERAGE SKY COVER           0.30

AVERAGE RH (PERCENT)     73

WEATHER CONDITIONS. NUMBER OF DAYS WITH
THUNDERSTORM              5     MIXED PRECIP               0
HEAVY RAIN                5     RAIN                       8
LIGHT RAIN               12     FREEZING RAIN              0
LT FREEZING RAIN          0     HAIL                       0
HEAVY SNOW                0     SNOW                       0
LIGHT SNOW                0     SLEET                      0
FOG                      29     FOG W/VIS <= 1/4 MILE     10
HAZE                      6

-  INDICATES NEGATIVE NUMBERS.
R  INDICATES RECORD WAS SET OR TIED.
MM INDICATES DATA IS MISSING.
T  INDICATES TRACE AMOUNT.

$$
