000
CXUS51 KALY 010915
CLMGFL


CLIMATE REPORT
NATIONAL WEATHER SERVICE ALBANY NY
513 AM EDT WED OCT 1 2014

...................................

...THE GLENS FALLS NY CLIMATE SUMMARY FOR THE MONTH OF SEPTEMBER 2014...

CLIMATE NORMAL PERIOD 1981 TO 2010
CLIMATE RECORD PERIOD 1949 TO 2014

WEATHER         OBSERVED          NORMAL  DEPART  LAST YEAR`S
                 VALUE   DATE(S)  VALUE   FROM    VALUE  DATE(S)
                                          NORMAL
................................................................
TEMPERATURE (F)
HIGHEST            86   09/05                         91  09/11
LOWEST             32   09/19                         32  09/24
AVG. MAXIMUM     72.7              70.6     2.1     71.0
AVG. MINIMUM     48.0              46.4     1.6     44.9
MEAN             60.3              58.5     1.8     58.0
DAYS MAX >= 90      0               0.1    -0.1        1
DAYS MAX <= 32      0               0.0     0.0        0
DAYS MIN <= 32      1               1.3    -0.3        1
DAYS MIN <= 0       0               0.0     0.0        0

PRECIPITATION (INCHES)
RECORD
 MAXIMUM         7.75   1987
 MINIMUM         0.10   1964
TOTALS           1.13              3.38   -2.25     2.43
DAILY AVG.       0.04              0.11   -0.07     0.08
DAYS >= .01         6               9.3    -3.3        9
DAYS >= .10         3               6.2    -3.2        5
DAYS >= .50         1               2.2    -1.2        1
DAYS >= 1.00        0               0.8    -0.8        1
GREATEST
 24 HR. TOTAL    0.63   08/31 TO 09/01

DEGREE_DAYS
HEATING TOTAL     177               219     -42      247
 SINCE 7/1        192               285     -93      285
COOLING TOTAL      47                24      23       43
 SINCE 1/1        385               351      34      537

FREEZE DATES
RECORD
 EARLIEST     08/29/1982
 LATEST       06/01/2009
EARLIEST                        09/29
LATEST                          05/13
.................................................................

WIND (MPH)
AVERAGE WIND SPEED              3.9
HIGHEST WIND SPEED/DIRECTION    22/290    DATE  09/22
HIGHEST GUST SPEED/DIRECTION    29/180    DATE  09/11

SKY COVER
AVERAGE SKY COVER           0.40

AVERAGE RH (PERCENT)     74

WEATHER CONDITIONS. NUMBER OF DAYS WITH
THUNDERSTORM              0     MIXED PRECIP               0
HEAVY RAIN                1     RAIN                       2
LIGHT RAIN                7     FREEZING RAIN              0
LT FREEZING RAIN          0     HAIL                       0
HEAVY SNOW                0     SNOW                       0
LIGHT SNOW                0     SLEET                      0
FOG                      28     FOG W/VIS <= 1/4 MILE      9
HAZE                      2

-  INDICATES NEGATIVE NUMBERS.
R  INDICATES RECORD WAS SET OR TIED.
MM INDICATES DATA IS MISSING.
T  INDICATES TRACE AMOUNT.

$$
