678
CXUS51 KALY 010740
CLMGFL


CLIMATE REPORT
NATIONAL WEATHER SERVICE ALBANY NY
234 AM EST FRI JAN 1 2016

...................................

...THE GLENS FALLS NY CLIMATE SUMMARY FOR THE MONTH OF DECEMBER 2015...

CLIMATE NORMAL PERIOD 1981 TO 2010
CLIMATE RECORD PERIOD 1949 TO 2015

WEATHER         OBSERVED          NORMAL  DEPART  LAST YEAR`S
                 VALUE   DATE(S)  VALUE   FROM    VALUE  DATE(S)
                                          NORMAL
................................................................
TEMPERATURE (F)
HIGHEST            68   12/24                         50  12/25
LOWEST             20   12/29                         10  12/08
                        12/28
                        12/01
AVG. MAXIMUM     45.8              34.0    11.8     36.1
AVG. MINIMUM     30.6              16.0    14.6     24.5
MEAN             38.2              25.0    13.2     30.3
DAYS MAX >= 90      0               0.0     0.0        0
DAYS MAX <= 32      0              12.7   -12.7        9
DAYS MIN <= 32     18              28.8   -10.8       28
DAYS MIN <= 0       0               3.4    -3.4        0

PRECIPITATION (INCHES)
RECORD
 MAXIMUM         7.61   1973
 MINIMUM         0.75   1958
TOTALS           4.05              3.05    1.00     4.08
DAILY AVG.       0.13              0.10    0.03     0.13
DAYS >= .01        17              11.3     5.7       13
DAYS >= .10         9               6.3     2.7        7
DAYS >= .50         2               2.1    -0.1        3
DAYS >= 1.00        0               0.6    -0.6        0
GREATEST
 24 HR. TOTAL    0.98   12/28 TO 12/29

DEGREE_DAYS
HEATING TOTAL     823              1240    -417     1071
 SINCE 7/1       2114              2938    -824     2532
COOLING TOTAL       0                 0       0        0
 SINCE 1/1        596               352     244      392

FREEZE DATES
RECORD
 EARLIEST     08/29/1982
 LATEST       06/01/2009
EARLIEST                        09/29
LATEST                          05/13
.................................................................

WIND (MPH)
AVERAGE WIND SPEED              4.0
HIGHEST WIND SPEED/DIRECTION    23/030    DATE  12/28
HIGHEST GUST SPEED/DIRECTION    32/230    DATE  12/15

SKY COVER
AVERAGE SKY COVER           0.70

AVERAGE RH (PERCENT)     77

WEATHER CONDITIONS. NUMBER OF DAYS WITH
THUNDERSTORM              0     MIXED PRECIP               0
HEAVY RAIN                1     RAIN                       6
LIGHT RAIN               16     FREEZING RAIN              1
LT FREEZING RAIN          1     HAIL                       0
HEAVY SNOW                0     SNOW                       2
LIGHT SNOW                4     SLEET                      0
FOG                      24     FOG W/VIS <= 1/4 MILE     10
HAZE                      5

-  INDICATES NEGATIVE NUMBERS.
R  INDICATES RECORD WAS SET OR TIED.
MM INDICATES DATA IS MISSING.
T  INDICATES TRACE AMOUNT.

$$
