000
CXUS51 KALY 010635
CLMGFL


CLIMATE REPORT
NATIONAL WEATHER SERVICE ALBANY NY
230 AM EDT FRI APR 1 2016

...................................

...THE GLENS FALLS NY CLIMATE SUMMARY FOR THE MONTH OF MARCH 2016...

CLIMATE NORMAL PERIOD 1981 TO 2010
CLIMATE RECORD PERIOD 1949 TO 2016

WEATHER         OBSERVED          NORMAL  DEPART  LAST YEAR`S
                 VALUE   DATE(S)  VALUE   FROM    VALUE  DATE(S)
                                          NORMAL
................................................................
TEMPERATURE (F)
HIGHEST            77   03/09                         54  03/11
LOWEST             14   03/03                        -15  03/06
AVG. MAXIMUM     49.1              42.4     6.7     37.8
AVG. MINIMUM     28.0              20.3     7.7     15.6
MEAN             38.5              31.3     7.2     26.7
DAYS MAX >= 90      0               0.0     0.0        0
DAYS MAX <= 32      2               4.4    -2.4        9
DAYS MIN <= 32     23              26.9    -3.9       29
DAYS MIN <= 0       0               1.8    -1.8        5

PRECIPITATION (INCHES)
RECORD
 MAXIMUM         6.59   1994
 MINIMUM         0.40   1981
TOTALS           2.28              2.94   -0.66     0.68
DAILY AVG.       0.07              0.09   -0.02     0.02
DAYS >= .01        10              10.7    -0.7        8
DAYS >= .10         6               6.4    -0.4        1
DAYS >= .50         0               1.9    -1.9        1
DAYS >= 1.00        0               0.5    -0.5        0
GREATEST
 24 HR. TOTAL    0.45   03/28 TO 03/28
                        03/27 TO 03/28
                        03/28 TO 03/28

DEGREE_DAYS
HEATING TOTAL     814              1043    -229     1182
 SINCE 7/1       4994              6663   -1669     6863
COOLING TOTAL       0                 0       0        0
 SINCE 1/1          0                 0       0        0

FREEZE DATES
RECORD
 EARLIEST     08/29/1982
 LATEST       06/01/2009
EARLIEST                        09/29
LATEST                          05/13
.................................................................

WIND (MPH)
AVERAGE WIND SPEED              6.6
HIGHEST WIND SPEED/DIRECTION    31/300    DATE  03/29
HIGHEST GUST SPEED/DIRECTION    43/300    DATE  03/29

SKY COVER
AVERAGE SKY COVER           0.50

AVERAGE RH (PERCENT)     58

WEATHER CONDITIONS. NUMBER OF DAYS WITH
THUNDERSTORM              2     MIXED PRECIP               0
HEAVY RAIN                2     RAIN                       5
LIGHT RAIN                8     FREEZING RAIN              1
LT FREEZING RAIN          1     HAIL                       0
HEAVY SNOW                0     SNOW                       0
LIGHT SNOW                3     SLEET                      0
FOG                      10     FOG W/VIS <= 1/4 MILE      3
HAZE                      0

-  INDICATES NEGATIVE NUMBERS.
R  INDICATES RECORD WAS SET OR TIED.
MM INDICATES DATA IS MISSING.
T  INDICATES TRACE AMOUNT.

$$
