000
CXUS51 KALY 010908
CLMGFL
CLIMATE REPORT
NATIONAL WEATHER SERVICE ALBANY NY
508 AM EDT SAT JUL 01 2023
...................................
...THE GLENS FALLS NY CLIMATE SUMMARY FOR THE MONTH OF JUNE 2023...
CLIMATE NORMAL PERIOD: 1991 TO 2020
CLIMATE RECORD PERIOD: 1893 TO 2023
WEATHER OBSERVED NORMAL DEPART LAST YEAR`S
VALUE DATE(S) VALUE FROM VALUE DATE(S)
NORMAL
................................................................
TEMPERATURE (F)
RECORD
HIGH 98 06/28/1918
LOW 32 06/01/2009
06/03/1929
HIGHEST 91 06/01 91 06/26
LOWEST 39 06/05 35 06/05
AVG. MAXIMUM 74.3 77.1 -2.8 76.7
AVG. MINIMUM 52.0 52.9 -0.9 50.7
MEAN 63.2 65.0 -1.8 63.7
DAYS MAX >= 90 1 1.0 0.0 1
DAYS MAX <= 32 0 0.0 0.0 0
DAYS MIN <= 32 0 0.0 0.0 0
DAYS MIN <= 0 0 0.0 0.0 0
PRECIPITATION (INCHES)
RECORD
MAXIMUM 8.97 1903
MINIMUM 0.36 1912
TOTALS 3.52 3.72 -0.20 2.31
DAILY AVG. 0.12 0.08
DAYS >= .01 14 12.0 2.0 9
DAYS >= .10 7 7.5 -0.5 3
DAYS >= .50 3 2.8 0.2 2
DAYS >= 1.00 1 0.7 0.3 0
GREATEST
24 HR. TOTAL 1.02 06/26 TO 06/27
DEGREE DAYS
HEATING TOTAL 111 77 34 68
SINCE 7/1 6648 7409 -761 MM
COOLING TOTAL 59 77 -18 39
SINCE 1/1 64 96 -32 MM
................................................................
WIND (MPH)
AVERAGE WIND SPEED 3.7
HIGHEST WIND SPEED/DIRECTION 23/020 DATE 06/04
HIGHEST GUST SPEED/DIRECTION 32/130 DATE 06/26
SKY COVER
AVERAGE SKY COVER 0.57
AVERAGE RH (PERCENT) 77
WEATHER CONDITIONS. NUMBER OF DAYS WITH
THUNDERSTORM 8 MIXED PRECIP 0
HEAVY RAIN 3 RAIN 5
LIGHT RAIN 15 FREEZING RAIN 0
LT FREEZING RAIN 0 HAIL 0
HEAVY SNOW 0 SNOW 0
LIGHT SNOW 0 SLEET 0
FOG 27 FOG W/VIS <= 1/4 MILE 15
HAZE 4
- INDICATES NEGATIVE NUMBERS.
R INDICATES RECORD WAS SET OR TIED.
MM INDICATES DATA IS MISSING.
T INDICATES TRACE AMOUNT.
$$