000
CXUS51 KALY 010705
CLMGFL


CLIMATE REPORT
NATIONAL WEATHER SERVICE ALBANY NY
302 AM EDT SUN SEP 1 2013

...................................

...THE GLENS FALLS NY CLIMATE SUMMARY FOR THE MONTH OF AUGUST 2013...

CLIMATE NORMAL PERIOD 1981 TO 2010
CLIMATE RECORD PERIOD 1944 TO 2013

WEATHER         OBSERVED          NORMAL  DEPART  LAST YEAR`S
                 VALUE   DATE(S)  VALUE   FROM    VALUE
                                          NORMAL
.............................................................
TEMPERATURE (F)
HIGHEST            86   08/28                         92
LOWEST             44   08/15                         43
AVG. MAXIMUM     78.9              78.9     0.0     82.4
AVG. MINIMUM     54.8              55.1    -0.3     56.1
MEAN             66.9              67.0    -0.1     69.3
DAYS MAX >= 90      0               1.0    -1.0        2
DAYS MAX <= 32      0               0.0     0.0        0
DAYS MIN <= 32      0               0.0     0.0        0
DAYS MIN <= 0       0               0.0     0.0        0

PRECIPITATION (INCHES)
TOTALS           2.92              3.68   -0.76     1.75
DAILY AVG.       0.09              0.12   -0.03     0.06
DAYS >= .01        11              10.9     0.1        9
DAYS >= .10         7               6.9     0.1        5
DAYS >= .50         2               2.4    -0.4        1
DAYS >= 1.00        1               0.9     0.1        1
GREATEST
 24 HR. TOTAL    1.02   08/13

DEGREE_DAYS
HEATING TOTAL      33                45     -12       15
 SINCE 7/1         38                66     -28       15
COOLING TOTAL      98               107      -9      155
 SINCE 1/1        494               327     167      508
..............................................................

WIND (MPH)
AVERAGE WIND SPEED              3.9
HIGHEST WIND SPEED/DIRECTION    25/210    DATE  08/08
HIGHEST GUST SPEED/DIRECTION    33/220    DATE  08/08

SKY COVER
AVERAGE SKY COVER           0.40

AVERAGE RH (PERCENT)     75

WEATHER CONDITIONS. NUMBER OF DAYS WITH
THUNDERSTORM              5     MIXED PRECIP               0
HEAVY RAIN                4     RAIN                       6
LIGHT RAIN               11     FREEZING RAIN              0
LT FREEZING RAIN          0     HAIL                       0
HEAVY SNOW                0     SNOW                       0
LIGHT SNOW                0     SLEET                      0
FOG                      31     FOG W/VIS <= 1/4 MILE     16
HAZE                      6

-  INDICATES NEGATIVE NUMBERS.
R  INDICATES RECORD WAS SET OR TIED.
MM INDICATES DATA IS MISSING.
T  INDICATES TRACE AMOUNT.

$$
