000
CXUS51 KALY 010842
CLMGFL


CLIMATE REPORT
NATIONAL WEATHER SERVICE ALBANY NY
441 AM EDT WED APR 1 2015

...................................

...THE GLENS FALLS NY CLIMATE SUMMARY FOR THE MONTH OF MARCH 2015...

CLIMATE NORMAL PERIOD 1981 TO 2010
CLIMATE RECORD PERIOD 1949 TO 2015

WEATHER         OBSERVED          NORMAL  DEPART  LAST YEAR`S
                 VALUE   DATE(S)  VALUE   FROM    VALUE  DATE(S)
                                          NORMAL
................................................................
TEMPERATURE (F)
HIGHEST            54   03/11                         54  03/11
LOWEST            -15   03/06                        -15  03/04
AVG. MAXIMUM     37.8              42.4    -4.6     35.1
AVG. MINIMUM     15.6              20.3    -4.7      9.9
MEAN             26.7              31.3    -4.6     22.5
DAYS MAX >= 90      0               0.0     0.0        0
DAYS MAX <= 32      9               4.4     4.6       11
DAYS MIN <= 32     29              26.9     2.1       29
DAYS MIN <= 0       5               1.8     3.2        8

PRECIPITATION (INCHES)
RECORD
 MAXIMUM         6.59   1994
 MINIMUM         0.40   1981
TOTALS           0.68              2.94   -2.26     2.72
DAILY AVG.       0.02              0.09   -0.07     0.09
DAYS >= .01         8              10.7    -2.7        7
DAYS >= .10         1               6.4    -5.4        5
DAYS >= .50         1               1.9    -0.9        2
DAYS >= 1.00        0               0.5    -0.5        1
GREATEST
 24 HR. TOTAL    0.50   03/26 TO 03/26

DEGREE_DAYS
HEATING TOTAL    1182              1043     139     1310
 SINCE 7/1       6863              6663     200     7079
COOLING TOTAL       0                 0       0        0
 SINCE 1/1          0                 0       0        0

FREEZE DATES
RECORD
 EARLIEST     08/29/1982
 LATEST       06/01/2009
EARLIEST                        09/29
LATEST                          05/13
.................................................................

WIND (MPH)
AVERAGE WIND SPEED              6.8
HIGHEST WIND SPEED/DIRECTION    33/330    DATE  03/17
HIGHEST GUST SPEED/DIRECTION    46/330    DATE  03/17

SKY COVER
AVERAGE SKY COVER           0.50

AVERAGE RH (PERCENT)     60

WEATHER CONDITIONS. NUMBER OF DAYS WITH
THUNDERSTORM              0     MIXED PRECIP               0
HEAVY RAIN                0     RAIN                       2
LIGHT RAIN                7     FREEZING RAIN              0
LT FREEZING RAIN          0     HAIL                       0
HEAVY SNOW                0     SNOW                       1
LIGHT SNOW               10     SLEET                      0
FOG                      15     FOG W/VIS <= 1/4 MILE      4
HAZE                     10

-  INDICATES NEGATIVE NUMBERS.
R  INDICATES RECORD WAS SET OR TIED.
MM INDICATES DATA IS MISSING.
T  INDICATES TRACE AMOUNT.

$$
