000
CXUS51 KALY 010820
CLMGFL


CLIMATE REPORT
NATIONAL WEATHER SERVICE ALBANY NY
315 AM EST SUN NOV 1 2015

...................................

...THE GLENS FALLS NY CLIMATE SUMMARY FOR THE MONTH OF OCTOBER 2015...

CLIMATE NORMAL PERIOD 1981 TO 2010
CLIMATE RECORD PERIOD 1949 TO 2015

WEATHER         OBSERVED          NORMAL  DEPART  LAST YEAR`S
                 VALUE   DATE(S)  VALUE   FROM    VALUE  DATE(S)
                                          NORMAL
................................................................
TEMPERATURE (F)
HIGHEST            73   10/12                         78  10/15
                                                          10/14
LOWEST             20   10/19                         27  10/31
AVG. MAXIMUM     58.2              58.2     0.0     60.9
AVG. MINIMUM     36.3              35.1     1.2     42.1
MEAN             47.3              46.7     0.6     51.5
DAYS MAX >= 90      0               0.0     0.0        0
DAYS MAX <= 32      0               0.0     0.0        0
DAYS MIN <= 32     11              12.2    -1.2        5
DAYS MIN <= 0       0               0.0     0.0        0

PRECIPITATION (INCHES)
RECORD
 MAXIMUM         8.49   2005
 MINIMUM            T   1963
TOTALS           3.94              3.51    0.43     3.29
DAILY AVG.       0.13              0.11    0.02     0.11
DAYS >= .01         9              10.8    -1.8       13
DAYS >= .10         5               6.7    -1.7        7
DAYS >= .50         2               2.4    -0.4        3
DAYS >= 1.00        1               0.6     0.4        0
GREATEST
 24 HR. TOTAL    2.40   10/28 TO 10/29

DEGREE_DAYS
HEATING TOTAL     541               570     -29      405
 SINCE 7/1        633               855    -222      597
COOLING TOTAL       0                 1      -1        7
 SINCE 1/1        596               352     244      392

FREEZE DATES
RECORD
 EARLIEST     08/29/1982
 LATEST       06/01/2009
EARLIEST                        09/29
LATEST                          05/13
.................................................................

WIND (MPH)
AVERAGE WIND SPEED              5.8
HIGHEST WIND SPEED/DIRECTION    28/310    DATE  10/09
HIGHEST GUST SPEED/DIRECTION    36/290    DATE  10/09

SKY COVER
AVERAGE SKY COVER           0.40

AVERAGE RH (PERCENT)     68

WEATHER CONDITIONS. NUMBER OF DAYS WITH
THUNDERSTORM              0     MIXED PRECIP               0
HEAVY RAIN                4     RAIN                       3
LIGHT RAIN               11     FREEZING RAIN              0
LT FREEZING RAIN          0     HAIL                       0
HEAVY SNOW                0     SNOW                       0
LIGHT SNOW                0     SLEET                      0
FOG                      14     FOG W/VIS <= 1/4 MILE      3
HAZE                      1

-  INDICATES NEGATIVE NUMBERS.
R  INDICATES RECORD WAS SET OR TIED.
MM INDICATES DATA IS MISSING.
T  INDICATES TRACE AMOUNT.

$$
