000
CXUS51 KALY 010822
CLMGFL


CLIMATE REPORT
NATIONAL WEATHER SERVICE ALBANY NY
418 AM EDT THU AUG 1 2013

...................................

...THE GLENS FALLS NY CLIMATE SUMMARY FOR THE MONTH OF JULY 2013...

CLIMATE NORMAL PERIOD 1981 TO 2010
CLIMATE RECORD PERIOD 1944 TO 2013

WEATHER         OBSERVED          NORMAL  DEPART  LAST YEAR`S
                 VALUE   DATE(S)  VALUE   FROM    VALUE
                                          NORMAL
.............................................................
TEMPERATURE (F)
HIGHEST            94   07/19                         96
                        07/18
LOWEST             48   07/25                         48
AVG. MAXIMUM     83.5              80.9     2.6     84.1
AVG. MINIMUM     62.5              56.7     5.8     59.5
MEAN             73.0              68.8     4.2     71.8
DAYS MAX >= 90      6               2.1     3.9        4
DAYS MAX <= 32      0               0.0     0.0        0
DAYS MIN <= 32      0               0.0     0.0        0
DAYS MIN <= 0       0               0.0     0.0        0

PRECIPITATION (INCHES)
TOTALS           4.73              4.09    0.64     3.25
DAILY AVG.       0.15              0.13    0.02     0.10
DAYS >= .01        14              11.0     3.0       14
DAYS >= .10         8               6.8     1.2        9
DAYS >= .50         3               2.9     0.1        1
DAYS >= 1.00        1               1.2    -0.2        0
GREATEST
 24 HR. TOTAL    2.21   07/22 TO 07/23

DEGREE_DAYS
HEATING TOTAL       5                21     -16        0
 SINCE 7/1          5                21     -16        0
COOLING TOTAL     263               139     124      221
 SINCE 1/1        396               220     176      353
..............................................................

WIND (MPH)
AVERAGE WIND SPEED              4.1
HIGHEST WIND SPEED/DIRECTION    25/220    DATE  07/19
HIGHEST GUST SPEED/DIRECTION    35/230    DATE  07/19

SKY COVER
AVERAGE SKY COVER           0.40

AVERAGE RH (PERCENT)     77

WEATHER CONDITIONS. NUMBER OF DAYS WITH
THUNDERSTORM              6     MIXED PRECIP               0
HEAVY RAIN                7     RAIN                       6
LIGHT RAIN               15     FREEZING RAIN              0
LT FREEZING RAIN          0     HAIL                       0
HEAVY SNOW                0     SNOW                       0
LIGHT SNOW                0     SLEET                      0
FOG                      28     FOG W/VIS <= 1/4 MILE      9
HAZE                      7

-  INDICATES NEGATIVE NUMBERS.
R  INDICATES RECORD WAS SET OR TIED.
MM INDICATES DATA IS MISSING.
T  INDICATES TRACE AMOUNT.

$$
