000
CXUS51 KALY 011308
CLMGFL


CLIMATE REPORT
NATIONAL WEATHER SERVICE ALBANY NY
905 AM EDT SAT APR 1 2017

...................................

...THE GLENS FALLS NY CLIMATE SUMMARY FOR THE MONTH OF MARCH 2017...

CLIMATE NORMAL PERIOD 1981 TO 2010
CLIMATE RECORD PERIOD 1949 TO 2017

WEATHER         OBSERVED          NORMAL  DEPART  LAST YEAR`S
                 VALUE   DATE(S)  VALUE   FROM    VALUE  DATE(S)
                                          NORMAL
................................................................
TEMPERATURE (F)
HIGHEST            67   03/01                         77  03/09
LOWEST              2   03/12                         14  03/03
AVG. MAXIMUM     39.3              42.4    -3.1     49.1
AVG. MINIMUM     19.2              20.3    -1.1     28.0
MEAN             29.2              31.3    -2.1     38.5
DAYS MAX >= 90      0               0.0     0.0        0
DAYS MAX <= 32      6               4.4     1.6        2
DAYS MIN <= 32     26              26.9    -0.9       23
DAYS MIN <= 0       0               1.8    -1.8        0

PRECIPITATION (INCHES)
RECORD
 MAXIMUM         6.59   1994
 MINIMUM         0.40   1981
TOTALS           2.54              2.94   -0.40     2.28
DAILY AVG.       0.08              0.09   -0.01     0.07
DAYS >= .01        11              10.7     0.3       10
DAYS >= .10         5               6.4    -1.4        6
DAYS >= .50         2               1.9     0.1        0
DAYS >= 1.00        0               0.5    -0.5        0
GREATEST
 24 HR. TOTAL    0.94   03/31 TO 03/31

DEGREE_DAYS
HEATING TOTAL    1068              1043      25      814
 SINCE 7/1       5590              6663   -1073     4994
COOLING TOTAL       0                 0       0        0
 SINCE 1/1          0                 0       0        0

FREEZE DATES
RECORD
 EARLIEST     08/29/1982
 LATEST       06/01/2009
EARLIEST                        09/29
LATEST                          05/13
.................................................................

WIND (MPH)
AVERAGE WIND SPEED              6.7
HIGHEST WIND SPEED/DIRECTION    30/250    DATE  03/02
HIGHEST GUST SPEED/DIRECTION    51/010    DATE  03/14

SKY COVER
AVERAGE SKY COVER           0.50

AVERAGE RH (PERCENT)     58

WEATHER CONDITIONS. NUMBER OF DAYS WITH
THUNDERSTORM              0     MIXED PRECIP               0
HEAVY RAIN                0     RAIN                       2
LIGHT RAIN               12     FREEZING RAIN              1
LT FREEZING RAIN          1     HAIL                       0
HEAVY SNOW                3     SNOW                       2
LIGHT SNOW                9     SLEET                      0
FOG                      11     FOG W/VIS <= 1/4 MILE      4
HAZE                     12

-  INDICATES NEGATIVE NUMBERS.
R  INDICATES RECORD WAS SET OR TIED.
MM INDICATES DATA IS MISSING.
T  INDICATES TRACE AMOUNT.

$$
