874
CXUS51 KALY 010917
CLMGFL


CLIMATE REPORT
NATIONAL WEATHER SERVICE ALBANY NY
415 AM EST THU FEB 1 2018

...................................

...THE GLENS FALLS NY CLIMATE SUMMARY FOR THE MONTH OF JANUARY 2018...

CLIMATE NORMAL PERIOD 1981 TO 2010
CLIMATE RECORD PERIOD 1949 TO 2018

WEATHER         OBSERVED          NORMAL  DEPART  LAST YEAR`S
                 VALUE   DATE(S)  VALUE   FROM    VALUE  DATE(S)
                                          NORMAL
................................................................
TEMPERATURE (F)
HIGHEST            57   01/12                         53  01/12
LOWEST            -25   01/02                         -3  01/09
AVG. MAXIMUM     28.5              28.5     0.0     37.1
AVG. MINIMUM      7.8               7.4     0.4     21.0
MEAN             18.1              18.0     0.1     29.0
DAYS MAX >= 90      0               0.0     0.0        0
DAYS MAX <= 32     20              18.7     1.3        8
DAYS MIN <= 32     29              30.3    -1.3       25
DAYS MIN <= 0       9               9.4    -0.4        1

PRECIPITATION (INCHES)
RECORD
 MAXIMUM         7.49   1999
 MINIMUM         0.35   1970
TOTALS           2.27              2.86   -0.59     2.18
DAILY AVG.       0.07              0.09   -0.02     0.07
DAYS >= .01         8              11.6    -3.6       13
DAYS >= .10         5               5.8    -0.8        6
DAYS >= .50         2               1.7     0.3        1
DAYS >= 1.00        0               0.6    -0.6        0
GREATEST
 24 HR. TOTAL    0.79   01/12 TO 01/12

DEGREE_DAYS
HEATING TOTAL    1444              1458     -14     1108
 SINCE 7/1       4229              4396    -167     3569
COOLING TOTAL       0                 0       0        0
 SINCE 1/1          0                 0       0        0

FREEZE DATES
RECORD
 EARLIEST     08/29/1982
 LATEST       06/01/2009
EARLIEST                        09/29
LATEST                          05/13
.................................................................

WIND (MPH)
AVERAGE WIND SPEED              5.9
HIGHEST WIND SPEED/DIRECTION    32/010    DATE  01/13
HIGHEST GUST SPEED/DIRECTION    39/020    DATE  01/13

SKY COVER
AVERAGE SKY COVER           0.50

AVERAGE RH (PERCENT)     75

WEATHER CONDITIONS. NUMBER OF DAYS WITH
THUNDERSTORM              0     MIXED PRECIP               0
HEAVY RAIN                1     RAIN                       2
LIGHT RAIN                5     FREEZING RAIN              0
LT FREEZING RAIN          2     HAIL                       0
HEAVY SNOW                0     SNOW                       1
LIGHT SNOW                8     SLEET                      1
FOG                      18     FOG W/VIS <= 1/4 MILE      5
HAZE                      9

-  INDICATES NEGATIVE NUMBERS.
R  INDICATES RECORD WAS SET OR TIED.
MM INDICATES DATA IS MISSING.
T  INDICATES TRACE AMOUNT.

$$
