000
CXUS51 KALY 010627
CLMGFL


CLIMATE REPORT
NATIONAL WEATHER SERVICE ALBANY NY
226 AM EDT WED JUN 1 2016

...................................

...THE GLENS FALLS NY CLIMATE SUMMARY FOR THE MONTH OF MAY 2016...

CLIMATE NORMAL PERIOD 1981 TO 2010
CLIMATE RECORD PERIOD 1949 TO 2016

WEATHER         OBSERVED          NORMAL  DEPART  LAST YEAR`S
                 VALUE   DATE(S)  VALUE   FROM    VALUE  DATE(S)
                                          NORMAL
................................................................
TEMPERATURE (F)
HIGHEST            90   05/29                         88  05/08
                        05/28
LOWEST             30   05/10                         31  05/23
AVG. MAXIMUM     70.0              68.1     1.9     76.6
AVG. MINIMUM     46.5              42.6     3.9     49.2
MEAN             58.3              55.3     3.0     62.9
DAYS MAX >= 90      2               0.1     1.9        0
DAYS MAX <= 32      0               0.0     0.0        0
DAYS MIN <= 32      1               3.1    -2.1        1
DAYS MIN <= 0       0               0.0     0.0        0

PRECIPITATION (INCHES)
RECORD
 MAXIMUM         7.80   1984
 MINIMUM         0.76   1965
TOTALS           3.09              3.61   -0.52     2.61
DAILY AVG.       0.10              0.12   -0.02     0.08
DAYS >= .01        10              12.6    -2.6        7
DAYS >= .10         7               8.0    -1.0        6
DAYS >= .50         3               2.5     0.5        2
DAYS >= 1.00        1               0.8     0.2        0
GREATEST
 24 HR. TOTAL    1.06   05/29 TO 05/30

DEGREE_DAYS
HEATING TOTAL     256               310     -54      134
 SINCE 7/1       5883              7586   -1703     7597
COOLING TOTAL      56                11      45       76
 SINCE 1/1         56                12      44       76

FREEZE DATES
RECORD
 EARLIEST     08/29/1982
 LATEST       06/01/2009
EARLIEST                        09/29
LATEST                          05/13
.................................................................

WIND (MPH)
AVERAGE WIND SPEED              5.4
HIGHEST WIND SPEED/DIRECTION    29/300    DATE  05/25
HIGHEST GUST SPEED/DIRECTION    40/300    DATE  05/25

SKY COVER
AVERAGE SKY COVER           0.50

AVERAGE RH (PERCENT)     64

WEATHER CONDITIONS. NUMBER OF DAYS WITH
THUNDERSTORM              0     MIXED PRECIP               0
HEAVY RAIN                3     RAIN                       5
LIGHT RAIN               14     FREEZING RAIN              0
LT FREEZING RAIN          0     HAIL                       0
HEAVY SNOW                0     SNOW                       0
LIGHT SNOW                0     SLEET                      0
FOG                      17     FOG W/VIS <= 1/4 MILE      5
HAZE                      5

-  INDICATES NEGATIVE NUMBERS.
R  INDICATES RECORD WAS SET OR TIED.
MM INDICATES DATA IS MISSING.
T  INDICATES TRACE AMOUNT.

$$
