000
CXUS51 KALY 010624
CLMGFL


CLIMATE REPORT
NATIONAL WEATHER SERVICE ALBANY NY
224 AM EDT TUE OCT 1 2013

...................................

...THE GLENS FALLS NY CLIMATE SUMMARY FOR THE MONTH OF SEPTEMBER 2013...

CLIMATE NORMAL PERIOD 1981 TO 2010
CLIMATE RECORD PERIOD 1949 TO 2013

WEATHER         OBSERVED          NORMAL  DEPART  LAST YEAR`S
                 VALUE   DATE(S)  VALUE   FROM    VALUE
                                          NORMAL
.............................................................
TEMPERATURE (F)
HIGHEST            91   09/11                         83
LOWEST             32   09/24                         33
AVG. MAXIMUM     71.0              70.6     0.4     71.0
AVG. MINIMUM     44.9              46.4    -1.5     45.8
MEAN             58.0              58.5    -0.5     58.4
DAYS MAX >= 90      1               0.1     0.9        0
DAYS MAX <= 32      0               0.0     0.0        0
DAYS MIN <= 32      1               1.3    -0.3        0
DAYS MIN <= 0       0               0.0     0.0        0

PRECIPITATION (INCHES)
TOTALS           2.43              3.38   -0.95     5.15
DAILY AVG.       0.08              0.11   -0.03     0.17
DAYS >= .01         9               9.3    -0.3       12
DAYS >= .10         5               6.2    -1.2        8
DAYS >= .50         1               2.2    -1.2        3
DAYS >= 1.00        1               0.8     0.2        1
GREATEST
 24 HR. TOTAL    1.00   09/02 TO 09/02
                        09/01 TO 09/02
                        09/02 TO 09/02

DEGREE_DAYS
HEATING TOTAL     247               219      28      214
 SINCE 7/1        285               285       0      229
COOLING TOTAL      43                24      19       25
 SINCE 1/1        537               351     186      533
..............................................................

WIND (MPH)
AVERAGE WIND SPEED              4.2
HIGHEST WIND SPEED/DIRECTION    29/190    DATE  09/21
HIGHEST GUST SPEED/DIRECTION    40/290    DATE  09/11

SKY COVER
AVERAGE SKY COVER           0.40

AVERAGE RH (PERCENT)     76

WEATHER CONDITIONS. NUMBER OF DAYS WITH
THUNDERSTORM              0     MIXED PRECIP               0
HEAVY RAIN                5     RAIN                       4
LIGHT RAIN               11     FREEZING RAIN              0
LT FREEZING RAIN          0     HAIL                       0
HEAVY SNOW                0     SNOW                       0
LIGHT SNOW                0     SLEET                      0
FOG                      28     FOG W/VIS <= 1/4 MILE     15
HAZE                      5

-  INDICATES NEGATIVE NUMBERS.
R  INDICATES RECORD WAS SET OR TIED.
MM INDICATES DATA IS MISSING.
T  INDICATES TRACE AMOUNT.

$$
