000
CXUS51 KALY 010818
CLMGFL


CLIMATE REPORT
NATIONAL WEATHER SERVICE ALBANY NY
415 AM EDT MON JUN 1 2015

...................................

...THE GLENS FALLS NY CLIMATE SUMMARY FOR THE MONTH OF MAY 2015...

CLIMATE NORMAL PERIOD 1981 TO 2010
CLIMATE RECORD PERIOD 1949 TO 2015

WEATHER         OBSERVED          NORMAL  DEPART  LAST YEAR`S
                 VALUE   DATE(S)  VALUE   FROM    VALUE  DATE(S)
                                          NORMAL
................................................................
TEMPERATURE (F)
HIGHEST            88   05/08                         87  05/12
LOWEST             31   05/23                         33  05/06
AVG. MAXIMUM     76.6              68.1     8.5     70.2
AVG. MINIMUM     49.2              42.6     6.6     46.1
MEAN             62.9              55.3     7.6     58.1
DAYS MAX >= 90      0               0.1    -0.1        0
DAYS MAX <= 32      0               0.0     0.0        0
DAYS MIN <= 32      1               3.1    -2.1        0
DAYS MIN <= 0       0               0.0     0.0        0

PRECIPITATION (INCHES)
RECORD
 MAXIMUM         7.80   1984
 MINIMUM         0.76   1965
TOTALS           2.61              3.61   -1.00     3.04
DAILY AVG.       0.08              0.12   -0.04     0.10
DAYS >= .01         7              12.6    -5.6       17
DAYS >= .10         6               8.0    -2.0        9
DAYS >= .50         2               2.5    -0.5        1
DAYS >= 1.00        0               0.8    -0.8        0
GREATEST
 24 HR. TOTAL    0.97   05/30 TO 05/31

DEGREE_DAYS
HEATING TOTAL     134               310    -176      224
 SINCE 7/1       7597              7586      11     7897
COOLING TOTAL      76                11      65       20
 SINCE 1/1         76                12      64       20

FREEZE DATES
RECORD
 EARLIEST     08/29/1982
 LATEST       06/01/2009
EARLIEST                        09/29
LATEST                          05/13
.................................................................

WIND (MPH)
AVERAGE WIND SPEED              6.4
HIGHEST WIND SPEED/DIRECTION    32/280    DATE  05/12
HIGHEST GUST SPEED/DIRECTION    45/280    DATE  05/12

SKY COVER
AVERAGE SKY COVER           0.30

AVERAGE RH (PERCENT)     61

WEATHER CONDITIONS. NUMBER OF DAYS WITH
THUNDERSTORM              4     MIXED PRECIP               0
HEAVY RAIN                4     RAIN                       5
LIGHT RAIN                8     FREEZING RAIN              0
LT FREEZING RAIN          0     HAIL                       0
HEAVY SNOW                0     SNOW                       0
LIGHT SNOW                0     SLEET                      0
FOG                      13     FOG W/VIS <= 1/4 MILE      1
HAZE                      0

-  INDICATES NEGATIVE NUMBERS.
R  INDICATES RECORD WAS SET OR TIED.
MM INDICATES DATA IS MISSING.
T  INDICATES TRACE AMOUNT.

$$
