000
CXUS51 KALY 010653 CCA
CLMGFL

CLIMATE REPORT...CORRECTED
NATIONAL WEATHER SERVICE ALBANY NY
153 AM EST TUE MAR 1 2016

...................................

...THE GLENS FALLS NY CLIMATE SUMMARY FOR THE MONTH OF FEBRUARY 2016...

CLIMATE NORMAL PERIOD 1981 TO 2010
CLIMATE RECORD PERIOD 1949 TO 2016

WEATHER         OBSERVED          NORMAL  DEPART  LAST YEAR`S
                 VALUE   DATE(S)  VALUE   FROM    VALUE  DATE(S)
                                          NORMAL
................................................................
TEMPERATURE (F)
HIGHEST            56   02/20                         33  02/22
LOWEST            -14   02/14                        -27  02/03
AVG. MAXIMUM     36.5              32.8     3.7     21.2
AVG. MINIMUM     16.1               9.8     6.3     -6.7
MEAN             26.3              21.3     5.0      7.3
DAYS MAX >= 90      0               0.0     0.0        0
DAYS MAX <= 32      8              12.7    -4.7       27
DAYS MIN <= 32     24              26.9    -2.9       28
DAYS MIN <= 0       4               6.8    -2.8       20

PRECIPITATION (INCHES)
RECORD
 MAXIMUM         6.32   2008
 MINIMUM         0.25   1978
TOTALS           3.73              2.08    1.65     0.56
DAILY AVG.       0.13                MM      MM     0.02
DAYS >= .01         8               9.4    -1.4        7
DAYS >= .10         4               5.0    -1.0        3
DAYS >= .50         3               1.4     1.6        0
DAYS >= 1.00        2               0.3     1.7        0
GREATEST
 24 HR. TOTAL      MM

DEGREE_DAYS
HEATING TOTAL    1001              1224    -223     1610
 SINCE 7/1       4180              5660   -1480     5681
COOLING TOTAL       0                 0       0        0
 SINCE 1/1          0                 0       0        0

FREEZE DATES
RECORD
 EARLIEST     08/29/1982
 LATEST       06/01/2009
EARLIEST      02/01             09/29
LATEST                          05/13
.................................................................

WIND (MPH)
AVERAGE WIND SPEED              6.3
HIGHEST WIND SPEED/DIRECTION    28/280    DATE  02/29
HIGHEST GUST SPEED/DIRECTION    43/250    DATE  02/29

SKY COVER
AVERAGE SKY COVER           0.50

AVERAGE RH (PERCENT)     64

WEATHER CONDITIONS. NUMBER OF DAYS WITH
THUNDERSTORM              2     MIXED PRECIP               0
HEAVY RAIN                2     RAIN                       4
LIGHT RAIN                7     FREEZING RAIN              1
LT FREEZING RAIN          2     HAIL                       0
HEAVY SNOW                0     SNOW                       1
LIGHT SNOW               11     SLEET                      0
FOG                      10     FOG W/VIS <= 1/4 MILE      2
HAZE                      5

-  INDICATES NEGATIVE NUMBERS.
R  INDICATES RECORD WAS SET OR TIED.
MM INDICATES DATA IS MISSING.
T  INDICATES TRACE AMOUNT.

$$

NOTE: TEMPERATURE DATA MISSING FOR THE 1ST, 2ND AND 3RD AND PRECIPITATION
DATA MISSING FOR THE 25TH DUE TO EQUIPMENT ISSUES.
