000
CXUS51 KALY 011459
CLMGFL


CLIMATE REPORT
NATIONAL WEATHER SERVICE ALBANY NY
957 AM EST FRI DEC 1 2017

...................................

...THE GLENS FALLS NY CLIMATE SUMMARY FOR THE MONTH OF NOVEMBER 2017...

CLIMATE NORMAL PERIOD 1981 TO 2010
CLIMATE RECORD PERIOD 1949 TO 2017

WEATHER         OBSERVED          NORMAL  DEPART  LAST YEAR`S
                 VALUE   DATE(S)  VALUE   FROM    VALUE  DATE(S)
                                          NORMAL
................................................................
TEMPERATURE (F)
HIGHEST            63   11/03                         60  11/19
                                                          11/02
LOWEST             13   11/28                         20  11/28
AVG. MAXIMUM     45.7              46.5    -0.8     49.7
AVG. MINIMUM     26.0              27.3    -1.3     30.0
MEAN             35.8              36.9    -1.1     39.8
DAYS MAX >= 90      0               0.0     0.0        0
DAYS MAX <= 32      1               1.6    -0.6        0
DAYS MIN <= 32     25              21.4     3.6       21
DAYS MIN <= 0       0               0.0     0.0        0

PRECIPITATION (INCHES)
RECORD
 MAXIMUM         6.45   1972
 MINIMUM         0.46   2012
TOTALS           1.19              3.31   -2.12     2.99
DAILY AVG.       0.04              0.11   -0.07     0.10
DAYS >= .01        12              11.4     0.6       14
DAYS >= .10         6               6.6    -0.6        6
DAYS >= .50         0               2.5    -2.5        4
DAYS >= 1.00        0               0.5    -0.5        0
GREATEST
 24 HR. TOTAL    0.32   11/05 TO 11/05

DEGREE_DAYS
HEATING TOTAL     869               843      26      748
 SINCE 7/1       1411              1698    -287     1316
COOLING TOTAL       0                 0       0        0
 SINCE 1/1        388               352      36      643

FREEZE DATES
RECORD
 EARLIEST     08/29/1982
 LATEST       06/01/2009
EARLIEST                        09/29
LATEST                          05/13
.................................................................

WIND (MPH)
AVERAGE WIND SPEED              5.4
HIGHEST WIND SPEED/DIRECTION    28/300    DATE  11/10
HIGHEST GUST SPEED/DIRECTION    37/300    DATE  11/10

SKY COVER
AVERAGE SKY COVER           0.50

AVERAGE RH (PERCENT)     72

WEATHER CONDITIONS. NUMBER OF DAYS WITH
THUNDERSTORM              0     MIXED PRECIP               0
HEAVY RAIN                0     RAIN                       3
LIGHT RAIN               11     FREEZING RAIN              0
LT FREEZING RAIN          0     HAIL                       0
HEAVY SNOW                0     SNOW                       0
LIGHT SNOW                1     SLEET                      0
FOG                      18     FOG W/VIS <= 1/4 MILE      1
HAZE                      6

-  INDICATES NEGATIVE NUMBERS.
R  INDICATES RECORD WAS SET OR TIED.
MM INDICATES DATA IS MISSING.
T  INDICATES TRACE AMOUNT.

$$
