000
CXUS51 KALY 010825
CLMGFL


CLIMATE REPORT
NATIONAL WEATHER SERVICE ALBANY NY
423 AM EDT TUE APR 1 2014

...................................

...THE GLENS FALLS NY CLIMATE SUMMARY FOR THE MONTH OF MARCH 2014...

CLIMATE NORMAL PERIOD 1981 TO 2010
CLIMATE RECORD PERIOD 1949 TO 2014

WEATHER         OBSERVED          NORMAL  DEPART  LAST YEAR`S
                 VALUE   DATE(S)  VALUE   FROM    VALUE  DATE(S)
                                          NORMAL
................................................................
TEMPERATURE (F)
HIGHEST            54   03/11                         56  03/31
LOWEST            -15   03/04                          9  03/21
AVG. MAXIMUM     35.1              42.4    -7.3     40.8
AVG. MINIMUM      9.9              20.3   -10.4     23.2
MEAN             22.5              31.3    -8.8     32.0
DAYS MAX >= 90      0               0.0     0.0        0
DAYS MAX <= 32     11               4.4     6.6        2
DAYS MIN <= 32     29              26.9     2.1       28
DAYS MIN <= 0       8               1.8     6.2        0

PRECIPITATION (INCHES)
RECORD
 MAXIMUM         6.59   1994
 MINIMUM         0.40   1981
TOTALS           2.72              2.94   -0.22     3.11
DAILY AVG.       0.09              0.09    0.00     0.10
DAYS >= .01         7              10.7    -3.7        8
DAYS >= .10         5               6.4    -1.4        4
DAYS >= .50         2               1.9     0.1        2
DAYS >= 1.00        1               0.5     0.5        1
GREATEST
 24 HR. TOTAL    1.02   03/12 TO 03/12

DEGREE_DAYS
HEATING TOTAL    1310              1043     267      986
 SINCE 7/1       7079              6663     416     6087
COOLING TOTAL       0                 0       0        0
 SINCE 1/1          0                 0       0        0

FREEZE DATES
RECORD
 EARLIEST     08/29/1982
 LATEST       06/01/2009
EARLIEST      03/01             09/29
LATEST                          05/13
.................................................................

WIND (MPH)
AVERAGE WIND SPEED              6.9
HIGHEST WIND SPEED/DIRECTION    30/020    DATE  03/31
HIGHEST GUST SPEED/DIRECTION    38/300    DATE  03/26

SKY COVER
AVERAGE SKY COVER           0.50

AVERAGE RH (PERCENT)     63

WEATHER CONDITIONS. NUMBER OF DAYS WITH
THUNDERSTORM              0     MIXED PRECIP               0
HEAVY RAIN                0     RAIN                       3
LIGHT RAIN                7     FREEZING RAIN              2
LT FREEZING RAIN          3     HAIL                       0
HEAVY SNOW                1     SNOW                       2
LIGHT SNOW               10     SLEET                      0
FOG                      10     FOG W/VIS <= 1/4 MILE      1
HAZE                      9

-  INDICATES NEGATIVE NUMBERS.
R  INDICATES RECORD WAS SET OR TIED.
MM INDICATES DATA IS MISSING.
T  INDICATES TRACE AMOUNT.

$$
