000
CXUS51 KALY 010652
CLMGFL


CLIMATE REPORT
NATIONAL WEATHER SERVICE ALBANY NY
149 AM EST WED FEB 1 2017

...................................

...THE GLENS FALLS NY CLIMATE SUMMARY FOR THE MONTH OF JANUARY 2017...

CLIMATE NORMAL PERIOD 1981 TO 2010
CLIMATE RECORD PERIOD 1949 TO 2017

WEATHER         OBSERVED          NORMAL  DEPART  LAST YEAR`S
                 VALUE   DATE(S)  VALUE   FROM    VALUE  DATE(S)
                                          NORMAL
................................................................
TEMPERATURE (F)
HIGHEST            53   01/12                         49  01/10
LOWEST             -3   01/09                          0  01/13
AVG. MAXIMUM     37.1              28.5     8.6     32.3
AVG. MINIMUM     21.0               7.4    13.6     15.2
MEAN             29.0              18.0    11.0     23.7
DAYS MAX >= 90      0               0.0     0.0        0
DAYS MAX <= 32      8              18.7   -10.7       13
DAYS MIN <= 32     25              30.3    -5.3       25
DAYS MIN <= 0       1               9.4    -8.4        1

PRECIPITATION (INCHES)
RECORD
 MAXIMUM         7.49   1999
 MINIMUM         0.35   1970
TOTALS           2.18              2.86   -0.68     1.06
DAILY AVG.       0.07              0.09   -0.02     0.03
DAYS >= .01        13              11.6     1.4        6
DAYS >= .10         6               5.8     0.2        2
DAYS >= .50         1               1.7    -0.7        1
DAYS >= 1.00        0               0.6    -0.6        0
GREATEST
 24 HR. TOTAL    0.87   01/24 TO 01/24

DEGREE_DAYS
HEATING TOTAL    1108              1458    -350     1065
 SINCE 7/1       3569              4396    -827     3179
COOLING TOTAL       0                 0       0        0
 SINCE 1/1          0                 0       0        0

FREEZE DATES
RECORD
 EARLIEST     08/29/1982
 LATEST       06/01/2009
EARLIEST                        09/29
LATEST                          05/13
.................................................................

WIND (MPH)
AVERAGE WIND SPEED              5.5
HIGHEST WIND SPEED/DIRECTION    25/190    DATE  01/11
HIGHEST GUST SPEED/DIRECTION    37/200    DATE  01/11

SKY COVER
AVERAGE SKY COVER           0.60

AVERAGE RH (PERCENT)     68

WEATHER CONDITIONS. NUMBER OF DAYS WITH
THUNDERSTORM              0     MIXED PRECIP               0
HEAVY RAIN                0     RAIN                       0
LIGHT RAIN               11     FREEZING RAIN              1
LT FREEZING RAIN          4     HAIL                       0
HEAVY SNOW                1     SNOW                       1
LIGHT SNOW               12     SLEET                      0
FOG                      14     FOG W/VIS <= 1/4 MILE      2
HAZE                     11

-  INDICATES NEGATIVE NUMBERS.
R  INDICATES RECORD WAS SET OR TIED.
MM INDICATES DATA IS MISSING.
T  INDICATES TRACE AMOUNT.

$$
