000
CXUS51 KALY 010917
CLMGFL


CLIMATE REPORT
NATIONAL WEATHER SERVICE ALBANY NY
413 AM EST THU DEC 1 2016

...................................

...THE GLENS FALLS NY CLIMATE SUMMARY FOR THE MONTH OF NOVEMBER 2016...

CLIMATE NORMAL PERIOD 1981 TO 2010
CLIMATE RECORD PERIOD 1949 TO 2016

WEATHER         OBSERVED          NORMAL  DEPART  LAST YEAR`S
                 VALUE   DATE(S)  VALUE   FROM    VALUE  DATE(S)
                                          NORMAL
................................................................
TEMPERATURE (F)
HIGHEST            60   11/19                         70  11/06
                        11/02                             11/05
LOWEST             20   11/28                         17  11/24
AVG. MAXIMUM     49.7              46.5     3.2     54.2
AVG. MINIMUM     30.0              27.3     2.7     31.4
MEAN             39.8              36.9     2.9     42.8
DAYS MAX >= 90      0               0.0     0.0        0
DAYS MAX <= 32      0               1.6    -1.6        0
DAYS MIN <= 32     21              21.4    -0.4       16
DAYS MIN <= 0       0               0.0     0.0        0

PRECIPITATION (INCHES)
RECORD
 MAXIMUM         6.45   1972
 MINIMUM         0.46   2012
TOTALS           2.99              3.31   -0.32     1.05
DAILY AVG.       0.10              0.11   -0.01     0.04
DAYS >= .01        14              11.4     2.6        7
DAYS >= .10         6               6.6    -0.6        3
DAYS >= .50         4               2.5     1.5        1
DAYS >= 1.00        0               0.5    -0.5        0
GREATEST
 24 HR. TOTAL    0.82   11/15 TO 11/16

DEGREE_DAYS
HEATING TOTAL     748               843     -95      658
 SINCE 7/1       1316              1698    -382     1291
COOLING TOTAL       0                 0       0        0
 SINCE 1/1        643               352     291      596

FREEZE DATES
RECORD
 EARLIEST     08/29/1982
 LATEST       06/01/2009
EARLIEST                        09/29
LATEST                          05/13
.................................................................

WIND (MPH)
AVERAGE WIND SPEED              4.1
HIGHEST WIND SPEED/DIRECTION    28/320    DATE  11/11
HIGHEST GUST SPEED/DIRECTION    39/310    DATE  11/11

SKY COVER
AVERAGE SKY COVER           0.50

AVERAGE RH (PERCENT)     72

WEATHER CONDITIONS. NUMBER OF DAYS WITH
THUNDERSTORM              0     MIXED PRECIP               0
HEAVY RAIN                1     RAIN                       6
LIGHT RAIN               13     FREEZING RAIN              0
LT FREEZING RAIN          0     HAIL                       0
HEAVY SNOW                0     SNOW                       0
LIGHT SNOW                3     SLEET                      0
FOG                      20     FOG W/VIS <= 1/4 MILE      7
HAZE                      7

-  INDICATES NEGATIVE NUMBERS.
R  INDICATES RECORD WAS SET OR TIED.
MM INDICATES DATA IS MISSING.
T  INDICATES TRACE AMOUNT.

$$
