000
CXUS51 KALY 010853
CLMGFL


CLIMATE REPORT
NATIONAL WEATHER SERVICE ALBANY NY
353 AM EST MON DEC 1 2014

...................................

...THE GLENS FALLS NY CLIMATE SUMMARY FOR THE MONTH OF NOVEMBER 2014...

CLIMATE NORMAL PERIOD 1981 TO 2010
CLIMATE RECORD PERIOD 1949 TO 2014

WEATHER         OBSERVED          NORMAL  DEPART  LAST YEAR`S
                 VALUE   DATE(S)  VALUE   FROM    VALUE  DATE(S)
                                          NORMAL
................................................................
TEMPERATURE (F)
HIGHEST            68   11/24                         69  11/01
LOWEST              9   11/29                          6  11/25
AVG. MAXIMUM     45.3              46.5    -1.2     44.4
AVG. MINIMUM     26.6              27.3    -0.7     24.3
MEAN             36.0              36.9    -0.9     34.3
DAYS MAX >= 90      0               0.0     0.0        0
DAYS MAX <= 32      5               1.6     3.4        4
DAYS MIN <= 32     22              21.4     0.6       24
DAYS MIN <= 0       0               0.0     0.0        0

PRECIPITATION (INCHES)
RECORD
 MAXIMUM         6.45   1972
 MINIMUM         0.46   2012
TOTALS           1.89              3.31   -1.42     2.93
DAILY AVG.       0.06              0.11   -0.05     0.10
DAYS >= .01         8              11.4    -3.4        8
DAYS >= .10         4               6.6    -2.6        7
DAYS >= .50         2               2.5    -0.5        2
DAYS >= 1.00        0               0.5    -0.5        1
GREATEST
 24 HR. TOTAL    0.72   11/17 TO 11/17

DEGREE_DAYS
HEATING TOTAL     864               843      21      910
 SINCE 7/1       1461              1698    -237     1679
COOLING TOTAL       0                 0       0        0
 SINCE 1/1        392               352      40      537

FREEZE DATES
RECORD
 EARLIEST     08/29/1982
 LATEST       06/01/2009
EARLIEST                        09/29
LATEST                          05/13
.................................................................

WIND (MPH)
AVERAGE WIND SPEED              6.0
HIGHEST WIND SPEED/DIRECTION    32/010    DATE  11/02
HIGHEST GUST SPEED/DIRECTION    42/010    DATE  11/02

SKY COVER
AVERAGE SKY COVER           0.60

AVERAGE RH (PERCENT)     67

WEATHER CONDITIONS. NUMBER OF DAYS WITH
THUNDERSTORM              0     MIXED PRECIP               0
HEAVY RAIN                0     RAIN                       2
LIGHT RAIN                7     FREEZING RAIN              0
LT FREEZING RAIN          0     HAIL                       0
HEAVY SNOW                1     SNOW                       1
LIGHT SNOW                8     SLEET                      0
FOG                      12     FOG W/VIS <= 1/4 MILE      4
HAZE                      6

-  INDICATES NEGATIVE NUMBERS.
R  INDICATES RECORD WAS SET OR TIED.
MM INDICATES DATA IS MISSING.
T  INDICATES TRACE AMOUNT.

$$
