995
CXUS51 KALY 011523
CLMGFL


CLIMATE REPORT
NATIONAL WEATHER SERVICE ALBANY NY
1007 AM EST SUN JAN 1 2017

...................................

...THE GLENS FALLS NY CLIMATE SUMMARY FOR THE MONTH OF DECEMBER 2016...

CLIMATE NORMAL PERIOD 1981 TO 2010
CLIMATE RECORD PERIOD 1949 TO 2016

WEATHER         OBSERVED          NORMAL  DEPART  LAST YEAR`S
                 VALUE   DATE(S)  VALUE   FROM    VALUE  DATE(S)
                                          NORMAL
................................................................
TEMPERATURE (F)
HIGHEST            50   12/01                         68  12/24
LOWEST             -6   12/16                         20  12/29
                                                          12/28
                                                          12/01
AVG. MAXIMUM     36.3              34.0     2.3       45.8
AVG. MINIMUM     19.5              16.0     3.5       30.6
MEAN             27.9              25.0     2.9       38.2
DAYS MAX >= 90      0               0.0     0.0        0
DAYS MAX <= 32      7              12.7    -5.7        0
DAYS MIN <= 32     28              28.8    -0.8       18
DAYS MIN <= 0       2               3.4    -1.4        0

PRECIPITATION (INCHES)
RECORD
 MAXIMUM         7.61   1973
 MINIMUM         0.75   1958
TOTALS           2.87              3.05   -0.18       4.05
DAILY AVG.       0.10              0.10    0.00       0.13
DAYS >= .01        12              11.3     0.7       17
DAYS >= .10         7               6.3     0.7        9
DAYS >= .50         1               2.1    -1.1        2
DAYS >= 1.00        0               0.6    -0.6        0
GREATEST
 24 HR. TOTAL    0.91   12/17 TO 12/18

DEGREE_DAYS
HEATING TOTAL    1145              1240     -95      823
 SINCE 7/1       2461              2938    -477     2114
COOLING TOTAL       0                 0       0        0
 SINCE 1/1        643               352     291      596

FREEZE DATES
RECORD
 EARLIEST     08/29/1982
 LATEST       06/01/2009
EARLIEST                        09/29
LATEST                          05/13
.................................................................

WIND (MPH)
AVERAGE WIND SPEED              5.4
HIGHEST WIND SPEED/DIRECTION    32/300    DATE  12/15
HIGHEST GUST SPEED/DIRECTION    45/310    DATE  12/15

SKY COVER
AVERAGE SKY COVER           0.70

AVERAGE RH (PERCENT)     67

WEATHER CONDITIONS. NUMBER OF DAYS WITH
THUNDERSTORM              0     MIXED PRECIP               0
HEAVY RAIN                1     RAIN                       3
LIGHT RAIN                5     FREEZING RAIN              1
LT FREEZING RAIN          2     HAIL                       0
HEAVY SNOW                2     SNOW                       6
LIGHT SNOW               14     SLEET                      0
FOG                      18     FOG W/VIS <= 1/4 MILE      6
HAZE                     20

-  INDICATES NEGATIVE NUMBERS.
R  INDICATES RECORD WAS SET OR TIED.
MM INDICATES DATA IS MISSING.
T  INDICATES TRACE AMOUNT.

$$
