000
CXUS51 KALY 010638
CLMGFL


CLIMATE REPORT
NATIONAL WEATHER SERVICE ALBANY NY
137 AM EST THU JAN 1 2015

...................................

...THE GLENS FALLS NY CLIMATE SUMMARY FOR THE MONTH OF DECEMBER 2014...

CLIMATE NORMAL PERIOD 1981 TO 2010
CLIMATE RECORD PERIOD 1949 TO 2014

WEATHER         OBSERVED          NORMAL  DEPART  LAST YEAR`S
                 VALUE   DATE(S)  VALUE   FROM    VALUE  DATE(S)
                                          NORMAL
................................................................
TEMPERATURE (F)
HIGHEST            50   12/25                         53  12/05
LOWEST             10   12/08                        -18  12/17
AVG. MAXIMUM     36.1              34.0     2.1     32.5
AVG. MINIMUM     24.5              16.0     8.5     15.8
MEAN             30.3              25.0     5.3     24.2
DAYS MAX >= 90      0               0.0     0.0        0
DAYS MAX <= 32      9              12.7    -3.7       14
DAYS MIN <= 32     28              28.8    -0.8       31
DAYS MIN <= 0       0               3.4    -3.4        3

PRECIPITATION (INCHES)
RECORD
 MAXIMUM         7.61   1973
 MINIMUM         0.75   1958
TOTALS           4.08              3.05    1.03     2.39
DAILY AVG.       0.13              0.10    0.03     0.08
DAYS >= .01        13              11.3     1.7       11
DAYS >= .10         7               6.3     0.7        6
DAYS >= .50         3               2.1     0.9        0
DAYS >= 1.00        0               0.6    -0.6        0
GREATEST
 24 HR. TOTAL    0.93   12/24 TO 12/24

DEGREE_DAYS
HEATING TOTAL    1071              1240    -169     1260
 SINCE 7/1       2532              2938    -406     2939
COOLING TOTAL       0                 0       0        0
 SINCE 1/1        392               352      40      537

FREEZE DATES
RECORD
 EARLIEST     08/29/1982
 LATEST       06/01/2009
EARLIEST                        09/29
LATEST                          05/13
.................................................................

WIND (MPH)
AVERAGE WIND SPEED              4.8
HIGHEST WIND SPEED/DIRECTION    21/240    DATE  12/25
HIGHEST GUST SPEED/DIRECTION    33/280    DATE  12/03

SKY COVER
AVERAGE SKY COVER           0.80

AVERAGE RH (PERCENT)     76

WEATHER CONDITIONS. NUMBER OF DAYS WITH
THUNDERSTORM              0     MIXED PRECIP               0
HEAVY RAIN                0     RAIN                       3
LIGHT RAIN               11     FREEZING RAIN              2
LT FREEZING RAIN          4     HAIL                       0
HEAVY SNOW                1     SNOW                       2
LIGHT SNOW               11     SLEET                      0
FOG                      21     FOG W/VIS <= 1/4 MILE      4
HAZE                      6

-  INDICATES NEGATIVE NUMBERS.
R  INDICATES RECORD WAS SET OR TIED.
MM INDICATES DATA IS MISSING.
T  INDICATES TRACE AMOUNT.

$$
