000
CXUS51 KALY 010942
CLMGFL


CLIMATE REPORT
NATIONAL WEATHER SERVICE ALBANY NY
435 AM EST WED JAN 1 2014

...................................

...THE GLENS FALLS NY CLIMATE SUMMARY FOR THE MONTH OF DECEMBER 2013...

CLIMATE NORMAL PERIOD 1981 TO 2010
CLIMATE RECORD PERIOD 1949 TO 2013

WEATHER         OBSERVED          NORMAL  DEPART  LAST YEAR`S
                 VALUE   DATE(S)  VALUE   FROM    VALUE  DATE(S)
                                          NORMAL
................................................................
TEMPERATURE (F)
HIGHEST            53   12/05                         55  12/04
LOWEST            -18   12/17                          9  12/29
AVG. MAXIMUM     32.5              34.0    -1.5     37.9
AVG. MINIMUM     15.8              16.0    -0.2     22.6
MEAN             24.2              25.0    -0.8     30.2
DAYS MAX >= 90      0               0.0     0.0        0
DAYS MAX <= 32     14              12.7     1.3        8
DAYS MIN <= 32     31              28.8     2.2       30
DAYS MIN <= 0       3               3.4    -0.4        0

PRECIPITATION (INCHES)
RECORD
 MAXIMUM         7.61   1973
 MINIMUM         0.75   1958
TOTALS           2.39              3.05   -0.66     3.39
DAILY AVG.       0.08              0.10   -0.02     0.11
DAYS >= .01        11              11.3    -0.3       17
DAYS >= .10         6               6.3    -0.3        9
DAYS >= .50         0               2.1    -2.1        2
DAYS >= 1.00        0               0.6    -0.6        0
GREATEST
 24 HR. TOTAL    0.69   12/14 TO 12/15

DEGREE_DAYS
HEATING TOTAL    1260              1240      20     1068
 SINCE 7/1       2939              2938       1     2591
COOLING TOTAL       0                 0       0        0
 SINCE 1/1        537               352     185      533

FREEZE DATES
RECORD
 EARLIEST     08/29/1982
 LATEST       06/01/2009
EARLIEST                        09/29
LATEST                          05/13
.................................................................

WIND (MPH)
AVERAGE WIND SPEED              3.9
HIGHEST WIND SPEED/DIRECTION    22/310    DATE  12/30
HIGHEST GUST SPEED/DIRECTION    32/210    DATE  12/11

SKY COVER
AVERAGE SKY COVER           0.70

AVERAGE RH (PERCENT)     76

WEATHER CONDITIONS. NUMBER OF DAYS WITH
THUNDERSTORM              0     MIXED PRECIP               0
HEAVY RAIN                0     RAIN                       2
LIGHT RAIN                6     FREEZING RAIN              0
LT FREEZING RAIN          3     HAIL                       0
HEAVY SNOW                2     SNOW                       4
LIGHT SNOW               16     SLEET                      0
FOG                      25     FOG W/VIS <= 1/4 MILE      9
HAZE                     15

-  INDICATES NEGATIVE NUMBERS.
R  INDICATES RECORD WAS SET OR TIED.
MM INDICATES DATA IS MISSING.
T  INDICATES TRACE AMOUNT.

$$
